-- MySQL dump 10.13  Distrib 5.7.25, for Linux (x86_64)
--
-- Host: localhost    Database: inmobiliaria
-- ------------------------------------------------------
-- Server version	5.7.25-0ubuntu0.18.04.2

/*!40101 SET @OLD_CHARACTER_SET_CLIENT=@@CHARACTER_SET_CLIENT */;
/*!40101 SET @OLD_CHARACTER_SET_RESULTS=@@CHARACTER_SET_RESULTS */;
/*!40101 SET @OLD_COLLATION_CONNECTION=@@COLLATION_CONNECTION */;
/*!40101 SET NAMES utf8 */;
/*!40103 SET @OLD_TIME_ZONE=@@TIME_ZONE */;
/*!40103 SET TIME_ZONE='+00:00' */;
/*!40014 SET @OLD_UNIQUE_CHECKS=@@UNIQUE_CHECKS, UNIQUE_CHECKS=0 */;
/*!40014 SET @OLD_FOREIGN_KEY_CHECKS=@@FOREIGN_KEY_CHECKS, FOREIGN_KEY_CHECKS=0 */;
/*!40101 SET @OLD_SQL_MODE=@@SQL_MODE, SQL_MODE='NO_AUTO_VALUE_ON_ZERO' */;
/*!40111 SET @OLD_SQL_NOTES=@@SQL_NOTES, SQL_NOTES=0 */;

--
-- Table structure for table `operaciones`
--

DROP TABLE IF EXISTS `operaciones`;
/*!40101 SET @saved_cs_client     = @@character_set_client */;
/*!40101 SET character_set_client = utf8 */;
CREATE TABLE `operaciones` (
  `id` int(10) unsigned NOT NULL AUTO_INCREMENT,
  `alta` date NOT NULL,
  `superficie` int(10) unsigned NOT NULL,
  `precio_venta` int(10) unsigned NOT NULL,
  `fecha_venta` date DEFAULT NULL,
  `id_tipo_propiedad` int(10) unsigned DEFAULT NULL,
  `id_tipo_operacion` int(10) unsigned DEFAULT NULL,
  `id_provincia` int(10) unsigned DEFAULT NULL,
  `id_vendedor` int(10) unsigned DEFAULT NULL,
  PRIMARY KEY (`id`),
  KEY `fk_operaciones_tipo_propiedad_idx` (`id_tipo_propiedad`),
  KEY `fk_operaciones_tipo_operacion1_idx` (`id_tipo_operacion`),
  KEY `fk_operaciones_provincias1_idx` (`id_provincia`),
  KEY `fk_operaciones_vendedores1_idx` (`id_vendedor`),
  CONSTRAINT `fk_operaciones_provincias1` FOREIGN KEY (`id_provincia`) REFERENCES `provincias` (`id_provincia`) ON UPDATE CASCADE,
  CONSTRAINT `fk_operaciones_tipo_operacion1` FOREIGN KEY (`id_tipo_operacion`) REFERENCES `tipo_operacion` (`id_tipo_operacion`) ON UPDATE CASCADE,
  CONSTRAINT `fk_operaciones_tipo_propiedad` FOREIGN KEY (`id_tipo_propiedad`) REFERENCES `tipo_propiedad` (`id_tipo_propiedad`) ON UPDATE CASCADE,
  CONSTRAINT `fk_operaciones_vendedores1` FOREIGN KEY (`id_vendedor`) REFERENCES `vendedores` (`id_vendedor`) ON UPDATE CASCADE
) ENGINE=InnoDB AUTO_INCREMENT=2466 DEFAULT CHARSET=latin1;
/*!40101 SET character_set_client = @saved_cs_client */;

--
-- Dumping data for table `operaciones`
--

LOCK TABLES `operaciones` WRITE;
/*!40000 ALTER TABLE `operaciones` DISABLE KEYS */;
INSERT INTO `operaciones` VALUES (1,'2004-01-01',291,2133903,'2004-06-19',1,1,1,18),(2,'2004-01-01',199,1945424,'2004-04-19',2,2,2,22),(3,'2004-01-01',82,712416,'2004-11-08',3,1,2,16),(4,'2004-01-02',285,1815450,'2004-04-27',1,1,2,20),(5,'2004-01-02',152,1138024,'2004-07-10',4,2,3,16),(6,'2004-01-03',131,953156,'2004-09-05',5,1,2,18),(7,'2004-01-03',69,406686,'2004-06-07',1,1,3,17),(8,'2004-01-03',235,2158475,'2004-10-31',3,2,2,16),(9,'2004-01-04',108,1024380,'2004-12-28',6,1,1,18),(10,'2004-01-04',299,2042768,'2004-10-06',1,2,1,20),(11,'2004-01-04',124,627068,'2004-10-28',3,1,2,15),(12,'2004-01-04',187,999328,'2004-04-05',5,2,2,20),(13,'2004-01-04',300,2937300,'2004-11-04',1,2,4,16),(14,'2004-01-04',68,664700,'2004-10-01',2,2,3,17),(15,'2004-01-04',176,820336,'2004-11-29',5,1,2,16),(16,'2004-01-05',179,937960,'2004-11-21',7,1,2,20),(17,'2004-01-05',58,358846,'2004-10-08',7,1,3,15),(18,'2004-01-06',283,1679605,'2004-06-06',4,2,4,19),(19,'2004-01-07',55,472615,'2004-04-09',6,1,2,17),(20,'2004-01-08',148,1169496,'2004-08-19',3,1,4,22),(21,'2004-01-09',228,2020992,'2004-06-12',5,2,4,20),(22,'2004-01-09',116,727552,'2004-04-14',3,1,1,17),(23,'2004-01-10',183,1438929,'2004-04-21',7,1,2,20),(24,'2004-01-10',79,427390,'2004-12-01',3,1,3,16),(25,'2004-01-10',124,1170684,'2004-05-23',3,1,4,19),(26,'2004-01-10',70,549780,'2004-06-22',2,1,3,15),(27,'2004-01-11',70,659330,'2004-12-23',2,1,3,19),(28,'2004-01-12',187,1660560,'2004-06-16',7,1,4,15),(29,'2004-01-12',91,753571,'2004-07-07',7,1,3,18),(30,'2004-01-12',201,939072,'2004-08-04',2,1,3,20),(31,'2004-01-13',142,1405374,'2004-09-24',5,1,4,18),(32,'2004-01-13',92,627348,'2004-04-12',7,1,2,17),(33,'2004-01-15',181,1504110,'2004-07-03',2,1,4,20),(34,'2004-01-15',281,2483197,'2004-11-01',7,2,4,18),(35,'2004-01-15',257,1799771,'2004-12-31',5,1,3,15),(36,'2004-01-16',140,1054340,'2004-12-02',5,1,3,19),(37,'2004-01-16',229,1160572,'2004-07-09',2,2,2,18),(38,'2004-01-17',300,1492800,'2004-12-08',4,1,3,16),(39,'2004-01-18',215,1154980,'2005-01-14',1,1,3,20),(40,'2004-01-18',182,1057784,'2004-07-22',3,2,2,17),(41,'2004-01-18',230,1421860,'2004-09-23',6,2,4,20),(42,'2004-01-19',168,1426992,'2004-11-20',3,2,3,19),(43,'2004-01-19',74,579716,'2004-09-22',3,1,2,20),(44,'2004-01-19',278,1537062,'2004-12-16',7,2,2,17),(45,'2004-01-20',287,2851058,'2005-01-02',3,1,4,16),(46,'2004-01-20',224,1294048,'2004-10-29',3,1,1,15),(47,'2004-01-20',53,249418,'2004-08-11',6,1,4,18),(48,'2004-01-20',284,1457488,'2004-07-06',5,2,4,19),(49,'2004-01-20',40,321680,'2005-01-11',2,2,2,17),(50,'2004-01-20',235,957625,'2004-11-13',2,1,3,17),(51,'2004-01-20',90,568620,'2004-12-14',5,2,1,20),(52,'2004-01-22',206,1605564,'2004-09-26',2,1,1,17),(53,'2004-01-22',158,1438748,'2004-10-17',4,1,3,19),(54,'2004-01-22',71,686996,'2004-05-30',4,1,4,16),(55,'2004-01-22',127,983234,'2004-07-09',2,2,2,22),(56,'2004-01-23',54,239220,'2004-05-01',6,2,1,20),(57,'2004-01-23',54,512730,'2004-07-04',3,1,1,20),(58,'2004-01-24',274,2287626,'2004-12-21',2,1,2,16),(59,'2004-01-24',166,1373816,'2004-11-19',5,2,3,15),(60,'2004-01-24',270,1920240,'2004-06-28',3,1,1,17),(61,'2004-01-24',120,1140840,'2004-09-12',7,2,3,20),(62,'2004-01-24',178,1142938,'2005-01-23',5,2,3,19),(63,'2004-01-25',144,738144,'2004-09-06',6,2,4,22),(64,'2004-01-26',57,509010,'2004-10-13',5,2,1,15),(65,'2004-01-26',144,1436832,'2004-05-26',3,2,3,20),(66,'2004-01-27',272,2119424,'2004-12-24',4,2,1,22),(67,'2004-01-27',219,948927,'2004-10-15',5,1,4,22),(68,'2004-01-27',68,376992,'2004-06-28',2,1,4,15),(69,'2004-01-27',248,2212408,'2004-10-09',2,2,2,22),(70,'2004-01-28',179,1647695,'2004-07-12',7,1,3,15),(71,'2004-01-28',235,1939925,'2004-11-01',7,2,2,16),(72,'2004-01-28',216,1478952,'2004-10-15',4,2,3,20),(73,'2004-01-28',62,320044,'2004-09-04',1,1,4,19),(74,'2004-01-29',229,1098055,'2004-10-22',5,2,2,15),(75,'2004-01-29',41,187862,'2004-08-14',4,2,3,18),(76,'2004-01-29',234,1757106,'2004-12-28',4,1,3,19),(77,'2004-01-30',112,1104992,'2004-06-25',5,1,3,16),(78,'2004-01-31',87,448485,'2004-10-04',6,2,1,20),(79,'2004-01-31',298,2520484,'2004-11-27',1,2,4,20),(80,'2004-01-31',217,1339107,'2004-10-05',1,1,4,19),(81,'2004-02-01',236,1812244,'2004-11-17',5,1,4,16),(82,'2004-02-02',117,1069731,'2004-09-14',1,2,2,22),(83,'2004-02-02',56,471072,'2004-05-29',4,2,1,16),(84,'2004-02-02',94,470940,'2004-07-28',6,2,4,17),(85,'2004-02-02',127,925322,'2004-06-03',2,1,4,16),(86,'2004-02-03',275,2141700,'2005-01-08',6,2,2,17),(87,'2004-02-03',93,778875,'2004-05-12',5,1,4,15),(88,'2004-02-03',58,421196,'2004-10-10',1,1,3,15),(89,'2004-02-04',49,219716,'2004-09-27',2,1,4,18),(90,'2004-02-04',292,2685816,'2004-07-24',4,2,2,20),(91,'2004-02-04',123,723609,'2004-12-16',5,1,4,17),(92,'2004-02-05',48,388032,'2004-05-06',6,1,4,20),(93,'2004-02-05',132,922020,'2004-10-23',5,1,3,16),(94,'2004-02-06',177,965358,'2004-06-08',5,1,4,16),(95,'2004-02-06',68,663816,'2004-05-23',2,2,4,17),(96,'2004-02-07',103,728931,'2005-02-05',5,1,3,15),(97,'2004-02-07',96,625536,'2004-11-07',4,2,3,20),(98,'2004-02-07',227,1467782,'2005-02-01',7,2,1,15),(99,'2004-02-07',251,2067236,'2004-12-22',5,1,2,16),(100,'2004-02-08',125,531375,'2004-06-23',2,1,3,16),(101,'2004-02-08',162,710694,'2004-09-27',4,1,2,15),(102,'2004-02-08',45,438435,'2004-05-23',2,2,4,18),(103,'2004-02-08',258,1188090,'2004-07-19',7,1,2,18),(104,'2004-02-09',104,699400,'2004-07-14',3,2,3,17),(105,'2004-02-10',238,1854496,'2005-02-02',6,1,2,22),(106,'2004-02-10',300,2105700,'2005-01-26',6,1,1,22),(107,'2004-02-10',222,1791318,'2004-12-13',4,1,2,16),(108,'2004-02-12',187,1782297,'2004-12-20',4,1,3,15),(109,'2004-02-12',300,1528200,'2004-08-09',4,1,4,16),(110,'2004-02-12',206,1587642,'2004-12-20',1,2,4,22),(111,'2004-02-13',162,954666,'2004-11-25',4,1,3,16),(112,'2004-02-13',160,1064800,'2004-09-22',2,1,1,16),(113,'2004-02-13',89,887241,'2005-01-02',4,1,4,20),(114,'2004-02-14',103,806799,'2005-01-11',4,2,2,19),(115,'2004-02-14',54,438750,'2004-08-15',5,2,3,20),(116,'2004-02-15',103,973659,'2005-01-04',1,2,2,18),(117,'2004-02-15',274,1724008,'2004-09-26',3,2,2,22),(118,'2004-02-15',253,2047276,'2004-09-10',3,2,2,17),(119,'2004-02-16',51,307989,'2004-07-06',1,2,1,16),(120,'2004-02-16',174,973878,'2004-12-13',6,2,3,15),(121,'2004-02-17',152,688864,'2004-12-06',1,2,4,20),(122,'2004-02-17',270,1385910,'2005-02-05',7,1,4,19),(123,'2004-02-17',179,1461356,'2004-07-30',2,1,2,17),(124,'2004-02-18',212,926228,'2004-09-05',4,1,3,18),(125,'2004-02-19',118,1067192,'2004-08-25',5,2,2,19),(126,'2004-02-19',194,1373132,'2004-08-31',5,2,3,22),(127,'2004-02-20',139,1087119,'2004-05-29',5,2,4,20),(128,'2004-02-20',130,1230190,'2005-01-04',7,2,3,17),(129,'2004-02-21',206,1363926,'2005-01-08',1,1,1,17),(130,'2004-02-21',216,1389096,'2004-11-23',3,2,3,19),(131,'2004-02-21',55,477345,'2004-09-04',2,2,1,16),(132,'2004-02-21',190,1268630,'2004-12-04',3,2,3,22),(133,'2004-02-22',62,391964,'2004-11-14',4,1,3,15),(134,'2004-02-22',275,1765225,'2005-02-20',3,1,3,22),(135,'2004-02-22',45,229455,'2004-10-05',2,2,1,15),(136,'2004-02-23',105,624435,'2004-06-24',3,1,1,22),(137,'2004-02-23',119,686154,'2005-01-19',7,2,4,15),(138,'2004-02-24',88,678480,'2004-12-28',5,2,2,17),(139,'2004-02-26',63,533925,'2004-09-22',2,1,3,16),(140,'2004-02-26',222,1076034,'2004-06-02',6,2,4,16),(141,'2004-02-27',47,455477,'2004-12-31',4,2,4,17),(142,'2004-02-27',123,1128156,'2004-09-23',3,2,3,16),(143,'2004-02-27',134,1310520,'2004-12-28',3,1,3,16),(144,'2004-02-28',121,782870,'2004-11-19',1,1,4,17),(145,'2004-02-28',50,315550,'2004-10-14',6,2,2,15),(146,'2004-02-28',274,2028970,'2004-08-20',1,2,2,15),(147,'2004-02-28',76,734388,'2004-05-28',1,1,4,15),(148,'2004-02-28',109,779241,'2004-05-30',2,2,4,19),(149,'2004-02-29',249,1492506,'2005-02-12',6,2,1,20),(150,'2004-03-01',212,1800516,'2004-12-19',7,1,1,16),(151,'2004-03-01',128,1259904,'2004-10-02',3,1,1,22),(152,'2004-03-02',172,1063648,'2005-02-13',3,2,3,19),(153,'2004-03-02',68,434656,'2004-07-13',6,2,1,22),(154,'2004-03-02',52,508924,'2004-09-03',5,1,1,19),(155,'2004-03-03',185,1403595,'2004-10-02',4,1,2,22),(156,'2004-03-03',284,1561432,'2004-07-01',7,2,2,20),(157,'2004-03-03',202,1891932,'2004-10-02',3,2,3,22),(158,'2004-03-03',100,731700,'2004-10-10',7,1,1,16),(159,'2004-03-04',106,563178,'2004-08-01',2,2,1,19),(160,'2004-03-04',211,875228,'2004-07-23',7,2,3,19),(161,'2004-03-04',165,1305480,'2004-07-29',4,2,3,17),(162,'2004-03-05',251,1361675,'2004-08-16',6,1,1,16),(163,'2004-03-05',266,1161090,'2004-11-23',2,2,3,22),(164,'2004-03-05',287,1395681,'2004-09-13',3,1,2,16),(165,'2004-03-05',104,1001104,'2004-10-11',5,2,3,15),(166,'2004-03-06',250,2275500,'2004-07-29',3,2,3,22),(167,'2004-03-06',169,1370759,'2005-01-14',1,2,2,20),(168,'2004-03-06',221,1842035,'2004-10-15',4,2,1,19),(169,'2004-03-07',286,2080078,'2004-07-14',5,1,4,19),(170,'2004-03-08',73,597286,'2005-02-20',4,1,1,22),(171,'2004-03-08',144,1358640,'2004-11-13',4,2,2,15),(172,'2004-03-08',108,558252,'2004-10-19',6,1,3,15),(173,'2004-03-09',268,2400476,'2005-03-08',3,2,2,16),(174,'2004-03-09',143,1131416,'2004-08-25',6,1,1,15),(175,'2004-03-10',52,416936,'2004-08-25',2,2,4,22),(176,'2004-03-10',193,1658835,'2004-08-30',5,1,1,18),(177,'2004-03-11',148,1431012,'2004-09-01',4,2,3,15),(178,'2004-03-11',118,513300,'2004-10-26',2,2,3,22),(179,'2004-03-12',156,848328,'2005-02-27',5,2,4,17),(180,'2004-03-12',201,1874928,'2004-06-21',4,1,3,17),(181,'2004-03-12',42,367584,'2004-08-11',3,2,3,22),(182,'2004-03-13',162,1323054,'2004-08-25',2,1,3,17),(183,'2004-03-14',231,1446522,'2004-09-02',2,1,2,20),(184,'2004-03-14',273,1447992,'2004-10-24',4,2,3,20),(185,'2004-03-15',265,2109930,'2004-08-27',5,2,4,20),(186,'2004-03-16',87,779868,'2004-10-23',7,1,2,16),(187,'2004-03-16',95,919030,'2004-12-10',2,1,4,15),(188,'2004-03-16',63,537264,'2005-02-08',7,2,1,22),(189,'2004-03-17',160,1261600,'2004-10-25',1,2,2,19),(190,'2004-03-17',95,448210,'2004-10-25',1,1,1,20),(191,'2004-03-18',71,431325,'2004-07-23',4,1,3,18),(192,'2004-03-18',56,553616,'2005-03-09',2,2,2,20),(193,'2004-03-18',59,453651,'2004-10-07',4,2,3,16),(194,'2004-03-19',117,986895,'2004-09-14',2,1,2,18),(195,'2004-03-19',62,250852,'2004-07-21',6,2,2,18),(196,'2004-03-20',281,1336717,'2004-11-10',6,1,4,22),(197,'2004-03-20',87,519738,'2005-01-13',6,2,3,19),(198,'2004-03-21',174,720882,'2004-08-14',3,1,2,20),(199,'2004-03-21',177,842343,'2005-03-10',3,2,1,18),(200,'2004-03-22',281,2108343,'2004-09-26',1,2,3,20),(201,'2004-03-22',247,1050985,'2004-11-09',1,2,2,19),(202,'2004-03-22',52,298272,'2004-08-13',6,1,2,16),(203,'2004-03-22',169,902798,'2004-07-16',2,1,2,22),(204,'2004-03-23',106,692180,'2004-11-09',2,1,4,17),(205,'2004-03-23',274,2002392,'2004-12-04',2,2,2,22),(206,'2004-03-23',250,2253500,'2005-02-21',6,1,1,15),(207,'2004-03-23',134,1338124,'2004-08-19',6,1,1,15),(208,'2004-03-23',156,1369680,'2004-09-27',7,2,1,17),(209,'2004-03-24',167,1643948,'2004-09-21',1,2,1,22),(210,'2004-03-24',206,1297594,'2005-03-03',3,1,1,15),(211,'2004-03-25',269,2134246,'2004-08-11',1,1,4,16),(212,'2004-03-25',63,492156,'2004-10-25',7,1,4,19),(213,'2004-03-26',223,1932518,'2005-01-19',4,1,1,22),(214,'2004-03-26',163,1385011,'2004-08-26',5,2,2,19),(215,'2004-03-27',214,1219158,'2004-07-13',1,1,2,18),(216,'2004-03-27',263,1494892,'2005-02-02',5,2,3,19),(217,'2004-03-28',216,1398600,'2004-11-03',5,1,1,22),(218,'2004-03-29',65,461435,'2004-12-31',4,1,3,16),(219,'2004-03-29',46,351256,'2005-03-28',5,1,2,20),(220,'2004-03-30',209,1042283,'2004-09-17',5,1,1,19),(221,'2004-03-30',56,474600,'2004-08-27',7,1,4,17),(222,'2004-03-30',82,420660,'2004-10-02',2,1,2,15),(223,'2004-03-31',62,489924,'2004-09-09',4,1,2,16),(224,'2004-03-31',192,1032000,'2004-08-21',3,2,3,20),(225,'2004-04-01',152,1069320,'2004-12-15',1,1,4,18),(226,'2004-04-01',182,1133132,'2004-08-29',2,1,3,18),(227,'2004-04-01',179,1670965,'2004-09-09',7,2,1,22),(228,'2004-04-01',211,2010619,'2004-11-12',2,2,2,20),(229,'2004-04-01',117,739206,'2005-01-25',3,2,3,20),(230,'2004-04-02',186,1382166,'2005-03-01',3,1,3,15),(231,'2004-04-03',143,665951,'2005-02-18',2,1,4,22),(232,'2004-04-03',212,1479548,'2004-11-03',3,2,3,15),(233,'2004-04-03',246,1362348,'2004-10-05',2,1,2,15),(234,'2004-04-03',230,1722700,'2005-03-26',4,2,2,15),(235,'2004-04-03',126,848358,'2004-11-02',4,2,1,22),(236,'2004-04-03',226,2104286,'2004-08-26',5,2,2,20),(237,'2004-04-05',262,1748850,'2004-10-07',6,2,3,15),(238,'2004-04-05',170,995520,'2005-02-01',7,1,4,17),(239,'2004-04-05',268,2338032,'2005-01-02',6,1,1,17),(240,'2004-04-06',164,1298716,'2004-12-03',1,2,4,22),(241,'2004-04-06',260,2038660,'2004-07-26',2,2,1,16),(242,'2004-04-07',69,656535,'2004-08-16',4,2,4,15),(243,'2004-04-07',298,1870546,'2005-03-31',2,2,1,19),(244,'2004-04-07',284,1431076,'2004-12-22',2,1,3,18),(245,'2004-04-08',239,1176597,'2004-07-07',7,2,4,15),(246,'2004-04-09',287,1936102,'2005-04-08',2,2,2,19),(247,'2004-04-09',159,1582527,'2004-12-09',5,1,4,20),(248,'2004-04-09',136,873120,'2004-12-26',4,1,2,16),(249,'2004-04-09',223,2026401,'2004-12-13',5,2,3,18),(250,'2004-04-09',175,747075,'2005-02-01',6,1,1,22),(251,'2004-04-09',124,1130632,'2005-01-22',4,2,1,22),(252,'2004-04-09',168,1622040,'2004-10-15',1,1,1,22),(253,'2004-04-10',106,567206,'2004-08-08',1,2,3,18),(254,'2004-04-10',67,379689,'2004-10-29',6,2,2,22),(255,'2004-04-10',49,424536,'2005-03-04',2,1,4,19),(256,'2004-04-10',238,1620304,'2004-10-05',5,2,2,17),(257,'2004-04-11',261,1220697,'2005-02-09',4,1,1,16),(258,'2004-04-11',242,1099648,'2005-02-13',4,1,4,15),(259,'2004-04-11',138,1183212,'2005-02-26',1,2,3,15),(260,'2004-04-12',258,1750014,'2004-12-09',6,1,3,16),(261,'2004-04-12',201,1107108,'2005-04-07',7,1,1,18),(262,'2004-04-12',181,1449629,'2004-09-14',7,1,4,22),(263,'2004-04-13',244,1006988,'2004-08-06',3,1,4,15),(264,'2004-04-14',258,1770912,'2005-03-02',1,1,3,17),(265,'2004-04-14',105,927255,'2004-11-21',1,2,4,20),(266,'2004-04-14',216,1125792,'2004-09-16',1,1,3,20),(267,'2004-04-14',204,1291116,'2004-09-27',7,2,2,16),(268,'2004-04-15',150,968250,'2005-02-15',5,1,2,20),(269,'2004-04-15',52,446888,'2004-09-01',1,2,1,22),(270,'2004-04-15',223,1342906,'2004-10-31',1,1,3,19),(271,'2004-04-15',237,1093281,'2005-01-02',2,1,1,15),(272,'2004-04-15',270,2409210,'2004-09-03',4,2,1,22),(273,'2004-04-15',120,722880,'2005-02-14',6,1,1,20),(274,'2004-04-15',113,1102880,'2005-03-17',6,1,1,18),(275,'2004-04-16',193,1079449,'2004-11-20',2,1,2,22),(276,'2004-04-17',110,1039500,'2004-11-17',3,1,2,16),(277,'2004-04-17',209,2038586,'2005-01-06',1,2,4,17),(278,'2004-04-17',125,853750,'2004-08-25',4,1,2,18),(279,'2004-04-18',244,1414956,'2005-02-26',4,2,2,20),(280,'2004-04-18',154,881804,'2004-08-25',3,2,4,20),(281,'2004-04-18',258,1081278,'2005-04-13',3,2,2,17),(282,'2004-04-18',285,2534505,'2004-12-28',7,2,2,19),(283,'2004-04-18',137,1336298,'2004-11-27',3,1,3,18),(284,'2004-04-19',262,2404898,'2004-10-20',4,1,2,19),(285,'2004-04-19',143,712712,'2005-01-10',5,1,3,20),(286,'2004-04-19',65,523770,'2005-01-24',5,2,4,22),(287,'2004-04-19',225,1360800,'2004-07-22',5,1,4,16),(288,'2004-04-19',177,924294,'2005-01-19',7,1,1,15),(289,'2004-04-20',163,895359,'2005-02-17',4,2,1,15),(290,'2004-04-20',227,1437818,'2005-03-27',3,1,2,16),(291,'2004-04-21',295,1877675,'2004-09-11',7,1,3,17),(292,'2004-04-21',54,258444,'2005-03-08',1,2,4,16),(293,'2004-04-22',82,430418,'2005-02-09',1,2,2,16),(294,'2004-04-22',86,589960,'2005-03-18',3,2,2,16),(295,'2004-04-22',133,786695,'2004-11-21',3,2,2,15),(296,'2004-04-22',235,1773780,'2005-03-28',1,1,4,15),(297,'2004-04-23',288,2699136,'2004-07-28',4,1,2,17),(298,'2004-04-23',106,600596,'2004-11-23',5,2,4,16),(299,'2004-04-23',45,307170,'2005-04-16',5,2,2,20),(300,'2004-04-23',85,683230,'2005-02-06',4,1,3,22),(301,'2004-04-24',178,1458176,'2005-02-12',7,1,3,15),(302,'2004-04-24',211,1171894,'2005-03-22',5,1,2,17),(303,'2004-04-25',209,1728221,'2004-08-30',3,2,2,15),(304,'2004-04-26',298,2612566,'2005-02-16',7,1,4,17),(305,'2004-04-27',249,1150380,'2004-11-18',3,2,2,16),(306,'2004-04-27',142,1055912,'2004-09-28',6,2,1,18),(307,'2004-04-27',196,1645616,'2005-04-14',5,2,1,18),(308,'2004-04-28',228,1521216,'2005-03-16',4,1,4,19),(309,'2004-04-28',237,1763517,'2004-09-06',6,1,1,18),(310,'2004-04-28',121,792792,'2004-09-23',5,2,1,22),(311,'2004-04-28',61,605425,'2004-12-29',4,2,1,22),(312,'2004-04-29',189,1579284,'2005-01-07',5,2,2,18),(313,'2004-04-30',91,391391,'2005-02-13',2,1,4,16),(314,'2004-04-30',230,1386900,'2005-03-21',4,1,3,15),(315,'2004-05-01',251,2439971,'2005-02-14',7,1,4,20),(316,'2004-05-02',261,2571111,'2005-02-07',5,1,4,15),(317,'2004-05-02',251,1754992,'2004-08-26',1,1,4,22),(318,'2004-05-02',46,440772,'2004-11-17',4,1,1,17),(319,'2004-05-02',123,961368,'2004-09-04',6,2,3,19),(320,'2004-05-02',277,2456159,'2004-08-04',5,1,2,20),(321,'2004-05-03',190,977740,'2004-08-12',5,1,2,16),(322,'2004-05-03',42,255906,'2004-11-09',4,2,4,22),(323,'2004-05-03',237,1592166,'2004-10-15',1,2,4,19),(324,'2004-05-04',155,876060,'2004-12-31',4,1,4,19),(325,'2004-05-04',60,332400,'2004-08-30',6,2,2,22),(326,'2004-05-04',179,1227224,'2004-10-08',5,1,4,15),(327,'2004-05-04',180,1022040,'2005-03-28',4,2,3,16),(328,'2004-05-04',273,1369368,'2005-04-17',4,2,4,19),(329,'2004-05-04',285,1922325,'2004-11-11',5,2,1,22),(330,'2004-05-05',125,1189250,'2004-10-26',1,1,2,17),(331,'2004-05-05',205,990355,'2004-12-08',1,1,4,16),(332,'2004-05-06',138,877680,'2005-03-31',2,1,2,20),(333,'2004-05-06',110,803000,'2004-08-25',6,2,4,19),(334,'2004-05-07',242,2110966,'2005-01-22',5,1,3,20),(335,'2004-05-07',148,634920,'2005-04-27',6,2,1,22),(336,'2004-05-07',227,1394461,'2005-01-28',2,1,3,22),(337,'2004-05-08',102,413610,'2004-09-15',3,2,2,17),(338,'2004-05-08',41,361661,'2005-01-28',3,1,4,18),(339,'2004-05-09',75,683175,'2004-09-04',4,1,2,22),(340,'2004-05-10',99,783783,'2004-12-01',4,2,1,16),(341,'2004-05-10',229,1990697,'2004-11-02',7,2,3,17),(342,'2004-05-10',259,1992228,'2004-12-21',2,1,1,18),(343,'2004-05-10',175,1178100,'2004-11-12',1,2,4,18),(344,'2004-05-10',146,1083466,'2004-09-19',7,2,4,17),(345,'2004-05-11',131,1263495,'2005-01-01',5,1,3,18),(346,'2004-05-11',202,1320676,'2004-12-23',2,2,3,19),(347,'2004-05-11',173,851852,'2004-09-18',5,2,4,16),(348,'2004-05-11',187,1560889,'2005-03-26',3,1,2,22),(349,'2004-05-12',234,1398852,'2004-11-01',1,2,3,18),(350,'2004-05-13',103,680830,'2004-09-21',3,2,2,17),(351,'2004-05-13',75,418725,'2005-04-24',6,1,2,19),(352,'2004-05-14',241,2060550,'2004-10-10',7,2,3,18),(353,'2004-05-14',257,1980185,'2004-08-14',6,1,3,19),(354,'2004-05-14',122,885476,'2005-03-30',6,2,2,20),(355,'2004-05-14',209,1181686,'2004-10-15',3,1,3,18),(356,'2004-05-14',154,830830,'2005-02-03',1,1,1,17),(357,'2004-05-15',196,1707944,'2004-08-19',4,2,2,15),(358,'2004-05-15',131,1180048,'2004-11-04',6,2,4,20),(359,'2004-05-15',130,1176630,'2005-03-18',1,2,1,22),(360,'2004-05-16',156,896220,'2005-03-19',2,2,4,22),(361,'2004-05-17',291,1505925,'2005-03-10',2,2,1,19),(362,'2004-05-18',141,732495,'2004-12-02',7,2,1,18),(363,'2004-05-18',68,378624,'2005-03-30',4,1,2,16),(364,'2004-05-18',267,1257036,'2004-12-26',2,2,1,19),(365,'2004-05-18',137,673355,'2004-10-16',2,1,3,20),(366,'2004-05-18',137,961192,'2005-05-10',3,2,1,15),(367,'2004-05-18',76,501220,'2005-03-24',5,1,1,19),(368,'2004-05-18',80,354320,'2004-10-18',7,2,2,20),(369,'2004-05-19',149,1238339,'2004-12-27',7,1,4,20),(370,'2004-05-19',285,1377975,'2004-09-14',4,1,3,15),(371,'2004-05-20',230,1109980,'2004-12-08',3,2,4,20),(372,'2004-05-20',163,1317529,'2005-05-03',1,1,1,16),(373,'2004-05-21',131,822811,'2005-05-21',4,1,4,18),(374,'2004-05-21',167,895287,'2004-11-13',6,1,3,22),(375,'2004-05-22',230,1398630,'2005-04-10',2,2,3,22),(376,'2004-05-23',247,1210053,'2004-09-04',5,1,1,20),(377,'2004-05-24',105,525210,'2005-04-16',3,1,4,17),(378,'2004-05-24',280,1680000,'2004-09-17',4,1,2,15),(379,'2004-05-24',108,812808,'2004-10-13',6,2,2,15),(380,'2004-05-25',269,2586704,'2005-03-27',2,2,1,16),(381,'2004-05-25',123,775884,'2004-10-21',7,2,2,17),(382,'2004-05-26',264,2582184,'2005-04-24',4,1,1,17),(383,'2004-05-26',298,1331166,'2004-12-28',5,1,1,17),(384,'2004-05-26',200,1823400,'2004-10-20',1,2,4,20),(385,'2004-05-26',197,1746405,'2005-03-20',1,2,4,16),(386,'2004-05-26',184,830760,'2004-09-13',1,1,2,19),(387,'2004-05-27',119,486472,'2004-09-04',3,2,4,20),(388,'2004-05-28',137,835152,'2005-02-13',1,1,2,20),(389,'2004-05-29',196,882784,'2005-02-02',3,1,3,16),(390,'2004-05-30',65,389350,'2004-12-10',1,1,3,20),(391,'2004-05-30',300,1483500,'2005-03-29',4,2,2,22),(392,'2004-05-30',202,1560450,'2005-02-06',6,1,4,17),(393,'2004-05-31',225,1164375,'2005-03-04',6,2,2,18),(394,'2004-05-31',203,946792,'2005-04-17',2,1,4,20),(395,'2004-05-31',192,1159296,'2005-05-23',7,1,2,17),(396,'2004-05-31',296,1602544,'2004-09-07',1,1,1,16),(397,'2004-06-01',177,933321,'2005-05-10',1,2,4,20),(398,'2004-06-01',72,427824,'2004-11-08',5,2,2,18),(399,'2004-06-01',65,483860,'2005-01-24',5,2,3,19),(400,'2004-06-01',208,1225120,'2005-01-22',1,2,3,19),(401,'2004-06-02',271,2682900,'2005-06-02',6,1,4,18),(402,'2004-06-02',278,2188138,'2005-01-21',5,1,1,15),(403,'2004-06-02',90,770040,'2005-04-26',6,2,2,16),(404,'2004-06-03',72,702576,'2005-03-22',7,1,1,16),(405,'2004-06-03',224,1804992,'2005-01-20',2,2,3,20),(406,'2004-06-03',207,1883700,'2005-02-23',3,2,4,15),(407,'2004-06-03',162,1383480,'2004-12-16',5,2,4,19),(408,'2004-06-04',74,729788,'2005-01-22',5,1,4,22),(409,'2004-06-04',293,1750089,'2005-04-05',1,2,2,18),(410,'2004-06-04',46,435252,'2004-10-30',6,1,1,16),(411,'2004-06-05',90,742770,'2004-11-27',2,2,2,19),(412,'2004-06-05',148,1268952,'2004-10-14',2,2,2,20),(413,'2004-06-05',189,1527498,'2005-05-14',6,1,3,20),(414,'2004-06-06',56,425432,'2004-09-23',4,2,1,18),(415,'2004-06-06',46,386584,'2004-12-17',1,2,4,17),(416,'2004-06-07',201,1287807,'2004-09-11',3,1,1,20),(417,'2004-06-07',254,1381506,'2005-04-14',4,2,4,19),(418,'2004-06-07',287,2452989,'2005-01-26',5,1,2,16),(419,'2004-06-07',174,952302,'2004-12-06',1,2,2,19),(420,'2004-06-08',114,1019160,'2005-05-29',6,1,1,20),(421,'2004-06-09',135,1209735,'2005-05-05',4,2,4,15),(422,'2004-06-09',126,637308,'2004-11-09',6,1,4,18),(423,'2004-06-09',260,1090180,'2004-12-16',2,1,4,22),(424,'2004-06-09',261,1945755,'2004-11-06',1,2,4,18),(425,'2004-06-09',173,1117753,'2004-12-11',7,2,2,20),(426,'2004-06-09',207,1042659,'2004-10-12',3,1,1,15),(427,'2004-06-10',81,583362,'2005-05-04',6,2,4,15),(428,'2004-06-10',52,338364,'2005-01-04',6,1,1,19),(429,'2004-06-11',271,2190493,'2004-11-02',1,1,3,17),(430,'2004-06-11',249,1388175,'2004-10-29',3,2,3,19),(431,'2004-06-11',153,1116441,'2004-12-19',4,1,3,15),(432,'2004-06-12',205,1980300,'2005-01-01',3,1,1,15),(433,'2004-06-13',144,852480,'2005-06-04',4,2,3,15),(434,'2004-06-13',246,1898628,'2004-12-15',2,1,3,15),(435,'2004-06-13',233,1541528,'2005-02-03',5,1,2,15),(436,'2004-06-13',105,783195,'2004-11-20',4,2,3,16),(437,'2004-06-14',107,909821,'2005-05-03',1,2,2,16),(438,'2004-06-14',158,1543344,'2004-12-26',3,2,4,17),(439,'2004-06-15',298,2524358,'2004-10-23',3,1,2,20),(440,'2004-06-15',115,1077665,'2004-09-19',1,2,4,18),(441,'2004-06-16',102,790602,'2004-11-09',1,2,4,17),(442,'2004-06-16',211,872063,'2005-02-26',1,2,3,16),(443,'2004-06-17',245,1001070,'2004-10-14',6,1,2,15),(444,'2004-06-17',102,1005312,'2005-06-09',1,2,4,16),(445,'2004-06-17',44,189156,'2004-11-25',2,1,2,20),(446,'2004-06-17',57,419178,'2005-03-18',7,1,3,18),(447,'2004-06-17',263,1779458,'2005-01-24',1,1,1,15),(448,'2004-06-17',234,1159470,'2004-10-02',2,1,2,17),(449,'2004-06-17',118,788948,'2005-04-08',2,2,2,20),(450,'2004-06-18',248,1674744,'2005-05-01',5,1,1,16),(451,'2004-06-18',54,406998,'2005-04-25',3,2,4,17),(452,'2004-06-19',215,2097970,'2004-11-13',4,2,1,17),(453,'2004-06-19',185,1616900,'2005-04-08',4,2,2,18),(454,'2004-06-19',72,458568,'2004-10-06',3,1,4,16),(455,'2004-06-20',244,2439512,'2005-01-02',1,1,4,17),(456,'2004-06-20',195,1797120,'2004-12-31',6,2,1,16),(457,'2004-06-20',104,511680,'2005-06-05',4,1,1,17),(458,'2004-06-20',71,587880,'2004-10-03',6,1,4,20),(459,'2004-06-21',107,590426,'2004-11-03',3,2,2,17),(460,'2004-06-22',77,322322,'2005-03-12',3,1,4,17),(461,'2004-06-22',90,412740,'2004-09-26',7,2,2,20),(462,'2004-06-22',204,924732,'2005-04-28',3,1,1,18),(463,'2004-06-23',214,1962380,'2005-06-01',7,2,2,16),(464,'2004-06-24',143,836836,'2005-06-15',7,1,2,17),(465,'2004-06-24',268,2628812,'2005-03-15',5,1,1,19),(466,'2004-06-24',44,242704,'2004-10-03',2,1,3,16),(467,'2004-06-24',126,520758,'2005-06-16',2,2,2,18),(468,'2004-06-24',215,870105,'2005-04-02',2,2,3,16),(469,'2004-06-24',65,546780,'2004-12-13',7,1,4,15),(470,'2004-06-25',191,875544,'2004-11-01',1,2,3,19),(471,'2004-06-25',155,801350,'2005-01-14',7,2,1,20),(472,'2004-06-25',297,1820016,'2005-01-08',4,2,3,22),(473,'2004-06-25',105,872760,'2005-03-26',1,1,1,20),(474,'2004-06-25',199,1622646,'2005-06-23',4,2,2,18),(475,'2004-06-25',136,568480,'2004-12-03',4,1,3,17),(476,'2004-06-26',88,851488,'2005-05-25',3,1,1,15),(477,'2004-06-28',86,855442,'2004-10-20',4,1,1,17),(478,'2004-06-28',189,913248,'2005-05-13',4,1,1,19),(479,'2004-06-28',232,1028224,'2005-05-26',3,2,2,19),(480,'2004-06-28',58,530816,'2004-10-07',4,2,1,17),(481,'2004-06-29',257,1166780,'2005-01-10',3,1,4,18),(482,'2004-06-29',243,1983123,'2005-06-16',5,2,3,18),(483,'2004-06-29',134,946710,'2005-01-04',3,2,1,20),(484,'2004-06-30',153,1506438,'2004-12-03',7,2,2,16),(485,'2004-06-30',122,1093608,'2005-02-27',6,1,3,17),(486,'2004-06-30',283,2199476,'2005-06-04',6,2,2,20),(487,'2004-06-30',261,2475063,'2005-01-21',7,2,1,18),(488,'2004-07-01',185,1306840,'2005-05-17',6,1,1,16),(489,'2004-07-01',60,253920,'2005-01-30',7,2,3,19),(490,'2004-07-02',234,1911312,'2005-04-08',1,1,4,16),(491,'2004-07-02',62,358670,'2005-06-04',6,1,2,22),(492,'2004-07-03',282,1298328,'2005-03-10',2,2,1,20),(493,'2004-07-03',299,1948583,'2004-12-21',1,1,1,17),(494,'2004-07-03',274,1729762,'2005-07-03',6,2,4,15),(495,'2004-07-03',268,2578696,'2005-06-28',3,2,4,18),(496,'2004-07-03',155,1166065,'2004-12-07',6,1,1,22),(497,'2004-07-03',209,1316073,'2005-04-02',3,2,2,18),(498,'2004-07-03',110,1004740,'2005-07-03',4,1,3,20),(499,'2004-07-04',61,531432,'2005-05-22',7,2,4,20),(500,'2004-07-04',240,2238000,'2005-05-06',5,1,1,18),(501,'2004-07-05',229,965006,'2005-02-02',7,2,1,15),(502,'2004-07-05',224,2087904,'2005-01-29',6,1,1,15),(503,'2004-07-05',72,647352,'2005-06-07',6,2,4,19),(504,'2004-07-05',186,1216254,'2005-04-09',3,2,1,19),(505,'2004-07-05',172,860172,'2005-05-16',5,2,3,19),(506,'2004-07-05',235,1207195,'2004-10-14',5,1,3,19),(507,'2004-07-05',159,1032546,'2004-11-07',5,1,3,19),(508,'2004-07-05',271,2297538,'2004-11-22',2,2,4,19),(509,'2004-07-06',80,428240,'2005-02-01',1,2,3,15),(510,'2004-07-06',227,1175860,'2005-07-05',5,1,4,16),(511,'2004-07-06',40,258560,'2005-03-22',5,2,1,17),(512,'2004-07-06',239,1782940,'2004-11-13',1,1,3,15),(513,'2004-07-06',191,1841622,'2005-01-21',7,1,4,18),(514,'2004-07-07',76,741228,'2004-12-28',7,2,3,19),(515,'2004-07-08',47,262777,'2004-12-22',3,1,4,15),(516,'2004-07-08',119,720902,'2005-06-23',3,1,4,22),(517,'2004-07-08',174,1313526,'2005-01-16',5,2,2,15),(518,'2004-07-08',108,638064,'2004-10-24',7,2,2,22),(519,'2004-07-09',123,682773,'2005-01-30',6,1,4,17),(520,'2004-07-09',42,279342,'2005-01-24',4,1,1,15),(521,'2004-07-09',105,740355,'2004-12-08',1,2,4,15),(522,'2004-07-09',223,1293400,'2005-03-03',7,2,1,20),(523,'2004-07-09',270,1429380,'2005-03-25',4,1,2,18),(524,'2004-07-10',159,1536576,'2005-06-24',6,1,4,19),(525,'2004-07-10',280,1249360,'2005-01-09',1,2,1,16),(526,'2004-07-11',162,1594404,'2005-03-07',1,2,2,16),(527,'2004-07-11',231,935781,'2004-11-13',5,1,4,15),(528,'2004-07-12',231,2273040,'2005-02-04',7,1,1,16),(529,'2004-07-12',206,1414602,'2005-06-14',5,1,1,17),(530,'2004-07-12',86,446856,'2005-06-12',2,2,1,16),(531,'2004-07-12',112,712768,'2005-06-14',5,1,4,19),(532,'2004-07-12',182,999726,'2005-02-20',2,1,1,22),(533,'2004-07-13',72,606024,'2005-04-12',1,2,3,16),(534,'2004-07-14',62,410316,'2004-12-27',3,2,2,18),(535,'2004-07-14',280,1730680,'2005-05-07',5,1,1,17),(536,'2004-07-14',197,1292123,'2005-06-30',7,2,2,22),(537,'2004-07-14',117,1031121,'2005-04-30',2,1,2,20),(538,'2004-07-15',279,2161134,'2005-03-09',5,1,2,16),(539,'2004-07-16',111,761793,'2005-07-11',1,1,4,16),(540,'2004-07-16',87,565587,'2005-01-25',1,1,3,19),(541,'2004-07-16',62,251596,'2005-06-20',7,1,2,22),(542,'2004-07-16',182,1514968,'2004-10-24',3,2,4,19),(543,'2004-07-16',101,564186,'2005-01-21',5,2,3,22),(544,'2004-07-17',79,694331,'2005-03-10',3,2,3,15),(545,'2004-07-18',82,419348,'2005-03-12',2,2,1,18),(546,'2004-07-20',65,628095,'2005-03-08',5,2,1,20),(547,'2004-07-20',200,1000000,'2004-12-13',7,1,2,19),(548,'2004-07-20',286,2330042,'2004-10-21',1,2,4,18),(549,'2004-07-20',237,1403988,'2005-06-27',2,2,2,20),(550,'2004-07-21',275,1711325,'2005-04-27',7,1,1,20),(551,'2004-07-21',237,2215002,'2004-10-31',6,1,2,17),(552,'2004-07-21',125,804625,'2005-06-26',2,2,4,16),(553,'2004-07-21',209,1568754,'2004-12-15',3,2,4,15),(554,'2004-07-21',141,867009,'2004-11-21',1,2,4,18),(555,'2004-07-22',138,1289748,'2004-12-25',6,2,2,20),(556,'2004-07-22',57,567492,'2005-02-08',4,2,1,18),(557,'2004-07-23',198,1916442,'2005-04-14',6,1,2,17),(558,'2004-07-24',246,1875012,'2005-03-08',6,1,2,22),(559,'2004-07-24',188,1590104,'2004-10-26',2,1,3,18),(560,'2004-07-25',285,1412175,'2004-12-01',5,1,3,16),(561,'2004-07-25',53,280741,'2005-07-01',1,1,1,18),(562,'2004-07-25',161,960526,'2005-06-21',6,1,2,17),(563,'2004-07-25',237,1272216,'2005-04-27',6,2,4,19),(564,'2004-07-25',112,513968,'2005-04-30',7,1,1,20),(565,'2004-07-25',147,917868,'2004-11-15',4,2,4,18),(566,'2004-07-26',266,1881950,'2005-01-15',2,1,2,18),(567,'2004-07-26',98,469910,'2005-01-08',2,2,4,22),(568,'2004-07-26',153,639999,'2005-05-11',2,2,1,20),(569,'2004-07-26',167,700398,'2005-03-07',2,1,3,18),(570,'2004-07-27',79,659808,'2005-01-23',4,1,1,15),(571,'2004-07-27',44,322036,'2004-12-20',5,1,3,17),(572,'2004-07-28',235,1897155,'2005-07-01',2,1,3,15),(573,'2004-07-28',243,1038825,'2004-12-14',1,2,3,22),(574,'2004-07-28',58,251430,'2005-05-30',2,1,1,17),(575,'2004-07-28',280,1877400,'2005-04-21',1,1,4,20),(576,'2004-07-29',54,435348,'2005-02-20',7,2,4,17),(577,'2004-07-29',154,889658,'2005-06-22',3,2,4,15),(578,'2004-07-29',221,1571973,'2004-12-25',3,2,2,17),(579,'2004-07-29',148,811780,'2005-04-17',5,2,2,19),(580,'2004-07-30',226,1634884,'2005-07-20',1,2,3,15),(581,'2004-07-30',230,1742020,'2004-11-16',7,2,3,17),(582,'2004-07-31',290,2584480,'2004-11-22',5,2,1,20),(583,'2004-07-31',297,1767744,'2005-03-23',2,2,3,19),(584,'2004-08-01',257,1077601,'2005-02-07',7,1,2,18),(585,'2004-08-01',161,1050203,'2005-02-04',1,1,2,15),(586,'2004-08-01',77,613921,'2005-03-23',3,1,1,22),(587,'2004-08-02',184,1286344,'2005-07-02',6,1,4,20),(588,'2004-08-02',56,469168,'2005-03-08',2,1,3,22),(589,'2004-08-02',138,1372686,'2005-06-17',3,2,3,20),(590,'2004-08-03',95,627570,'2005-03-16',4,2,3,19),(591,'2004-08-03',46,435712,'2005-03-31',4,1,2,15),(592,'2004-08-03',145,999630,'2005-05-01',1,1,2,17),(593,'2004-08-04',213,1234974,'2005-06-23',4,2,3,16),(594,'2004-08-04',171,1148436,'2005-06-29',5,1,3,15),(595,'2004-08-04',262,1343798,'2005-04-15',5,2,4,17),(596,'2004-08-04',62,358360,'2005-07-23',1,2,1,16),(597,'2004-08-05',71,323760,'2005-03-15',7,2,1,15),(598,'2004-08-06',94,735456,'2005-05-02',7,2,1,17),(599,'2004-08-08',76,738568,'2005-03-22',2,1,1,17),(600,'2004-08-08',289,1275646,'2005-01-29',3,1,4,22),(601,'2004-08-08',147,919632,'2005-06-23',7,1,2,18),(602,'2004-08-09',227,1218763,'2005-07-27',5,2,2,20),(603,'2004-08-09',174,1408182,'2005-05-23',7,1,4,22),(604,'2004-08-10',149,704323,'2005-08-03',2,1,1,18),(605,'2004-08-10',212,1817264,'2005-06-25',6,1,1,15),(606,'2004-08-10',45,360765,'2005-03-05',1,1,1,19),(607,'2004-08-10',49,418019,'2005-02-22',1,2,4,18),(608,'2004-08-11',210,1117620,'2005-05-12',4,2,1,22),(609,'2004-08-11',287,1790880,'2004-11-18',4,2,1,18),(610,'2004-08-11',127,1058545,'2005-01-23',2,2,4,18),(611,'2004-08-11',294,2658936,'2005-06-21',7,2,4,22),(612,'2004-08-11',92,879244,'2005-05-06',7,1,2,16),(613,'2004-08-11',225,1879200,'2004-11-19',5,2,4,17),(614,'2004-08-12',241,1085705,'2005-01-28',7,1,4,19),(615,'2004-08-12',283,1992320,'2005-04-07',2,2,1,22),(616,'2004-08-12',231,1237929,'2005-04-13',6,1,4,18),(617,'2004-08-13',172,1283980,'2005-01-27',6,2,1,22),(618,'2004-08-13',78,391560,'2005-01-20',3,1,1,18),(619,'2004-08-13',93,705963,'2005-03-30',4,1,4,22),(620,'2004-08-14',58,406290,'2005-07-04',4,1,4,17),(621,'2004-08-14',223,2171128,'2005-03-23',5,2,3,20),(622,'2004-08-14',123,1116348,'2005-06-29',6,2,4,15),(623,'2004-08-15',72,577656,'2005-07-30',2,2,3,16),(624,'2004-08-15',154,1122352,'2005-05-11',5,2,3,18),(625,'2004-08-15',222,2171826,'2005-01-12',5,1,2,20),(626,'2004-08-16',263,2061131,'2005-07-28',6,1,3,19),(627,'2004-08-16',86,494758,'2005-03-04',1,1,1,19),(628,'2004-08-16',212,1360828,'2005-04-24',7,1,3,18),(629,'2004-08-17',249,1427019,'2004-12-04',6,2,2,19),(630,'2004-08-17',170,1567060,'2005-02-19',1,1,2,16),(631,'2004-08-17',272,1972816,'2005-08-14',1,1,4,19),(632,'2004-08-17',201,1816437,'2005-05-10',6,2,2,20),(633,'2004-08-17',167,1191044,'2005-01-11',1,1,2,17),(634,'2004-08-18',283,2576432,'2005-05-13',6,1,3,15),(635,'2004-08-18',197,981651,'2005-01-17',2,1,2,18),(636,'2004-08-18',181,1161477,'2005-05-07',6,1,3,20),(637,'2004-08-18',95,938030,'2005-06-03',1,1,4,22),(638,'2004-08-18',116,915704,'2005-01-27',7,2,3,18),(639,'2004-08-19',277,2646181,'2005-07-04',6,1,2,15),(640,'2004-08-19',182,1243060,'2005-07-16',5,1,3,15),(641,'2004-08-19',249,2306238,'2005-03-02',3,2,2,16),(642,'2004-08-20',119,711382,'2005-08-01',5,2,2,15),(643,'2004-08-20',255,2338095,'2005-08-10',5,1,1,16),(644,'2004-08-20',164,1162104,'2005-05-10',5,1,3,20),(645,'2004-08-20',227,1917696,'2005-02-22',5,2,3,18),(646,'2004-08-20',168,1192800,'2005-07-14',1,1,1,22),(647,'2004-08-21',67,346256,'2005-05-18',6,2,4,18),(648,'2004-08-21',267,1153173,'2005-03-28',3,2,2,22),(649,'2004-08-21',46,386354,'2005-05-04',6,1,1,16),(650,'2004-08-22',80,777360,'2005-04-21',1,2,1,17),(651,'2004-08-22',207,1015956,'2005-06-17',6,2,2,20),(652,'2004-08-22',259,1080548,'2004-12-31',3,1,2,15),(653,'2004-08-22',147,730149,'2004-12-25',6,2,3,17),(654,'2004-08-22',207,1953873,'2005-06-10',3,1,2,15),(655,'2004-08-22',293,2787016,'2005-03-23',3,2,2,15),(656,'2004-08-23',252,1773072,'2005-04-01',3,2,3,22),(657,'2004-08-23',284,1589832,'2005-02-28',7,2,1,17),(658,'2004-08-23',286,1442870,'2005-08-09',1,2,3,17),(659,'2004-08-23',72,500400,'2005-01-22',7,1,4,20),(660,'2004-08-23',176,1003552,'2005-08-05',6,2,3,17),(661,'2004-08-23',278,1730550,'2004-12-09',2,2,2,16),(662,'2004-08-24',254,1963166,'2005-07-27',1,1,2,22),(663,'2004-08-24',47,463843,'2005-02-19',2,1,4,22),(664,'2004-08-24',252,2057832,'2005-03-14',2,1,2,22),(665,'2004-08-25',163,1520627,'2005-04-20',2,1,2,20),(666,'2004-08-26',271,1457980,'2005-05-09',4,2,1,20),(667,'2004-08-26',116,651920,'2005-05-09',3,2,4,22),(668,'2004-08-27',195,1513005,'2005-01-21',1,2,4,19),(669,'2004-08-27',290,1747830,'2005-01-14',1,2,3,22),(670,'2004-08-28',289,2188597,'2005-04-27',5,2,4,16),(671,'2004-08-28',235,1277930,'2005-04-07',4,1,4,22),(672,'2004-08-28',186,1225926,'2005-05-16',2,1,3,20),(673,'2004-08-29',67,479318,'2005-04-03',5,2,4,16),(674,'2004-08-29',152,1392168,'2005-08-04',1,2,2,20),(675,'2004-08-29',62,329716,'2005-05-10',3,1,4,22),(676,'2004-08-29',47,311563,'2004-12-27',7,2,2,17),(677,'2004-08-30',54,227178,'2005-01-24',5,1,3,22),(678,'2004-08-30',225,1239300,'2005-01-29',5,2,4,20),(679,'2004-08-30',113,1074969,'2005-04-16',4,2,3,22),(680,'2004-08-30',249,1029864,'2005-05-06',6,1,3,18),(681,'2004-08-30',284,1166104,'2005-04-08',5,1,3,17),(682,'2004-08-30',274,1577692,'2005-05-11',3,2,1,22),(683,'2004-08-30',121,1049433,'2005-06-07',6,1,1,16),(684,'2004-08-31',247,2285244,'2005-03-07',1,2,3,15),(685,'2004-08-31',97,662316,'2005-04-27',6,2,2,15),(686,'2004-08-31',57,330771,'2005-01-05',4,1,3,17),(687,'2004-09-01',240,1214880,'2005-04-09',6,1,1,17),(688,'2004-09-01',163,688838,'2004-12-13',4,2,1,17),(689,'2004-09-02',64,622144,'2005-07-05',1,2,2,19),(690,'2004-09-02',81,723492,'2005-07-10',1,1,3,17),(691,'2004-09-02',118,827062,'2005-03-22',7,1,2,15),(692,'2004-09-02',177,1022883,'2005-04-29',3,2,1,19),(693,'2004-09-03',269,1722407,'2004-12-21',4,2,4,19),(694,'2004-09-03',88,392832,'2005-01-28',6,1,1,16),(695,'2004-09-03',205,1524585,'2005-05-02',2,2,1,22),(696,'2004-09-04',256,1379328,'2005-03-27',4,1,3,22),(697,'2004-09-04',163,1570016,'2005-08-04',2,1,4,16),(698,'2004-09-05',187,789140,'2005-05-16',1,1,2,20),(699,'2004-09-05',73,542974,'2005-06-14',4,1,2,22),(700,'2004-09-06',299,1251315,'2005-01-20',2,1,2,20),(701,'2004-09-06',225,2023200,'2004-12-27',7,2,2,16),(702,'2004-09-07',295,2553225,'2005-01-14',6,1,2,18),(703,'2004-09-07',160,1341120,'2005-07-25',7,2,3,17),(704,'2004-09-08',278,2540364,'2005-04-12',6,1,4,16),(705,'2004-09-08',271,1165842,'2005-02-10',3,1,3,15),(706,'2004-09-08',258,1501560,'2005-01-05',6,1,2,16),(707,'2004-09-08',215,1713120,'2005-05-27',5,2,2,18),(708,'2004-09-08',158,1124012,'2005-05-03',5,2,3,19),(709,'2004-09-09',210,1181670,'2005-07-13',7,1,3,20),(710,'2004-09-09',274,1291636,'2005-05-24',1,2,1,16),(711,'2004-09-10',289,2114035,'2004-12-14',7,2,3,15),(712,'2004-09-10',244,2280668,'2005-07-16',1,1,1,19),(713,'2004-09-10',73,688463,'2005-08-08',7,2,4,20),(714,'2004-09-10',235,2135210,'2005-05-14',7,1,1,19),(715,'2004-09-10',43,329681,'2005-01-19',3,1,1,22),(716,'2004-09-10',206,1793848,'2005-09-03',3,1,4,16),(717,'2004-09-10',47,457498,'2005-02-23',2,1,3,19),(718,'2004-09-11',161,736092,'2005-02-26',4,1,2,17),(719,'2004-09-11',283,1565839,'2005-06-15',3,2,3,16),(720,'2004-09-11',226,2216608,'2005-07-09',7,2,3,20),(721,'2004-09-12',44,266596,'2005-04-23',5,2,3,18),(722,'2004-09-12',86,611546,'2005-02-10',5,1,2,15),(723,'2004-09-12',54,518508,'2005-02-16',7,1,2,22),(724,'2004-09-12',241,2085373,'2005-07-07',3,1,4,15),(725,'2004-09-13',180,901980,'2005-02-07',3,1,4,17),(726,'2004-09-13',112,1081360,'2005-05-03',1,2,2,22),(727,'2004-09-15',195,1168440,'2004-12-30',4,1,2,22),(728,'2004-09-16',139,585746,'2005-05-03',4,2,4,17),(729,'2004-09-16',197,1905187,'2005-09-15',7,1,1,17),(730,'2004-09-16',284,1830664,'2005-01-02',1,1,3,20),(731,'2004-09-16',109,555246,'2005-04-10',7,2,2,19),(732,'2004-09-16',117,652743,'2004-12-23',4,2,3,15),(733,'2004-09-17',164,1225244,'2005-08-07',3,1,2,15),(734,'2004-09-17',85,644470,'2005-06-22',6,2,1,22),(735,'2004-09-18',89,588023,'2005-06-26',3,1,4,20),(736,'2004-09-19',112,840560,'2005-06-29',5,2,4,17),(737,'2004-09-19',85,780980,'2005-07-20',4,1,1,20),(738,'2004-09-19',294,1201578,'2005-01-31',4,1,1,16),(739,'2004-09-20',250,1527750,'2005-02-10',6,2,4,18),(740,'2004-09-21',254,2328418,'2005-01-06',1,1,4,16),(741,'2004-09-21',126,1184274,'2005-07-28',1,2,3,22),(742,'2004-09-22',218,1330236,'2004-12-27',4,2,4,19),(743,'2004-09-22',56,542864,'2005-09-08',2,2,1,18),(744,'2004-09-22',99,538065,'2005-06-19',7,2,4,16),(745,'2004-09-22',83,445295,'2005-01-30',4,2,1,16),(746,'2004-09-22',136,761056,'2005-04-11',3,1,3,15),(747,'2004-09-22',178,1355470,'2004-12-24',4,1,4,17),(748,'2004-09-22',228,2145480,'2005-06-21',5,1,2,16),(749,'2004-09-23',114,679554,'2005-09-16',2,2,1,17),(750,'2004-09-23',294,1335936,'2005-07-14',1,1,2,22),(751,'2004-09-23',132,556116,'2005-09-11',1,2,2,19),(752,'2004-09-25',182,1509872,'2005-08-05',2,2,4,20),(753,'2004-09-25',67,399655,'2005-08-13',2,2,1,22),(754,'2004-09-25',251,1206557,'2005-05-20',6,1,3,19),(755,'2004-09-25',235,2202655,'2005-04-16',3,2,3,15),(756,'2004-09-26',50,308850,'2005-08-10',5,1,3,17),(757,'2004-09-26',42,306726,'2005-06-16',5,2,4,15),(758,'2004-09-26',272,1535168,'2005-07-26',6,2,4,22),(759,'2004-09-26',117,823680,'2005-01-19',6,1,3,19),(760,'2004-09-26',299,1695330,'2005-07-14',7,1,4,19),(761,'2004-09-26',50,411700,'2005-01-05',2,2,2,15),(762,'2004-09-26',48,371712,'2005-08-14',1,2,4,18),(763,'2004-09-27',291,2411808,'2005-02-28',6,1,2,17),(764,'2004-09-27',210,1122240,'2005-08-27',3,1,2,17),(765,'2004-09-28',291,2354481,'2005-01-26',2,1,2,18),(766,'2004-09-29',204,1044480,'2005-04-17',6,1,2,17),(767,'2004-09-29',95,510150,'2005-05-07',6,1,4,19),(768,'2004-09-29',231,1213212,'2005-06-24',6,2,2,15),(769,'2004-10-02',159,1162131,'2005-08-25',7,2,4,18),(770,'2004-10-04',185,1343840,'2005-04-17',3,2,1,17),(771,'2004-10-04',44,223564,'2005-09-26',5,2,2,15),(772,'2004-10-04',277,1363948,'2005-01-02',4,2,4,19),(773,'2004-10-04',59,484744,'2005-05-27',4,2,1,17),(774,'2004-10-05',244,2332152,'2005-06-05',2,1,3,17),(775,'2004-10-05',204,1606500,'2005-07-25',2,2,1,20),(776,'2004-10-05',76,411160,'2005-02-15',1,2,1,22),(777,'2004-10-05',68,611796,'2005-06-18',4,1,3,16),(778,'2004-10-06',228,1554732,'2005-08-17',2,1,4,20),(779,'2004-10-06',256,1877760,'2005-04-14',2,1,3,20),(780,'2004-10-06',185,1607280,'2005-03-28',2,2,3,22),(781,'2004-10-06',158,1217390,'2005-04-27',4,1,1,18),(782,'2004-10-06',74,299996,'2005-09-02',4,2,2,15),(783,'2004-10-06',219,1455693,'2005-01-28',3,1,2,19),(784,'2004-10-06',83,778706,'2005-09-11',1,1,3,15),(785,'2004-10-06',228,1685148,'2005-10-05',7,1,4,22),(786,'2004-10-06',224,913248,'2005-07-03',1,2,1,17),(787,'2004-10-06',279,2064879,'2005-05-07',7,2,4,19),(788,'2004-10-07',92,853852,'2005-09-25',7,2,2,18),(789,'2004-10-07',251,1781849,'2005-07-23',6,2,4,15),(790,'2004-10-07',108,647460,'2005-03-10',6,2,3,17),(791,'2004-10-08',113,869196,'2005-07-28',5,2,2,20),(792,'2004-10-08',292,1565120,'2005-10-02',6,2,3,19),(793,'2004-10-08',88,507320,'2005-09-06',6,2,1,17),(794,'2004-10-10',277,1522946,'2005-03-09',3,2,3,15),(795,'2004-10-10',74,338476,'2005-05-19',7,1,3,15),(796,'2004-10-10',110,950290,'2005-06-08',7,1,1,20),(797,'2004-10-11',255,1442280,'2005-05-04',3,2,4,19),(798,'2004-10-11',222,1478742,'2005-09-24',6,2,2,20),(799,'2004-10-11',278,2209822,'2005-02-27',4,1,3,19),(800,'2004-10-12',67,653250,'2005-02-19',2,1,3,22),(801,'2004-10-13',159,1323198,'2005-08-26',2,1,3,22),(802,'2004-10-13',114,1106028,'2005-02-27',4,2,1,18),(803,'2004-10-13',163,1115409,'2005-03-14',2,1,3,22),(804,'2004-10-13',114,580032,'2005-03-28',5,2,2,18),(805,'2004-10-14',243,1469178,'2005-02-18',6,1,4,20),(806,'2004-10-14',43,415552,'2005-01-16',3,2,2,18),(807,'2004-10-15',259,1891736,'2005-07-18',4,1,3,17),(808,'2004-10-15',119,630224,'2005-04-09',3,1,2,18),(809,'2004-10-15',222,1292484,'2005-10-01',7,2,3,20),(810,'2004-10-15',51,334305,'2005-09-25',5,2,4,20),(811,'2004-10-16',214,1805518,'2005-08-30',5,2,1,15),(812,'2004-10-16',236,2208252,'2005-04-21',3,2,3,22),(813,'2004-10-17',138,733470,'2005-04-04',7,2,2,18),(814,'2004-10-17',192,1627200,'2005-01-27',3,1,4,16),(815,'2004-10-17',182,1690416,'2005-09-04',5,2,3,19),(816,'2004-10-18',232,2180104,'2005-07-19',1,1,4,15),(817,'2004-10-18',158,878638,'2005-05-05',4,1,4,19),(818,'2004-10-18',49,244608,'2005-04-21',4,1,3,20),(819,'2004-10-19',102,562632,'2005-09-01',1,2,4,16),(820,'2004-10-19',206,1688170,'2005-07-17',6,1,3,20),(821,'2004-10-19',161,1392006,'2005-07-12',1,2,2,16),(822,'2004-10-20',259,1628333,'2005-08-09',5,2,3,22),(823,'2004-10-20',177,992793,'2005-03-20',1,2,1,18),(824,'2004-10-21',60,484560,'2005-08-24',6,1,2,19),(825,'2004-10-21',172,866880,'2005-09-01',2,2,3,16),(826,'2004-10-21',239,1709567,'2005-06-10',3,1,2,15),(827,'2004-10-22',149,1391809,'2005-08-06',5,2,3,18),(828,'2004-10-23',199,1278774,'2005-04-06',5,1,4,22),(829,'2004-10-23',152,1218888,'2005-03-04',2,2,1,18),(830,'2004-10-24',143,1409551,'2005-04-23',2,2,1,19),(831,'2004-10-24',115,880900,'2005-07-04',1,2,2,19),(832,'2004-10-24',87,574200,'2005-05-19',7,1,3,17),(833,'2004-10-24',212,1968632,'2005-10-23',3,1,1,17),(834,'2004-10-24',73,592103,'2005-03-21',7,2,4,18),(835,'2004-10-25',168,1276800,'2005-07-25',1,2,1,17),(836,'2004-10-25',274,2124596,'2005-02-21',4,2,3,16),(837,'2004-10-27',127,1021334,'2005-05-21',2,2,2,15),(838,'2004-10-27',62,583110,'2005-02-19',6,1,2,17),(839,'2004-10-27',109,1029178,'2005-07-13',2,2,1,15),(840,'2004-10-27',114,1040478,'2005-04-29',1,1,2,17),(841,'2004-10-27',120,1061160,'2005-04-13',6,2,2,15),(842,'2004-10-29',109,942196,'2005-08-31',4,2,4,17),(843,'2004-10-30',175,1712725,'2005-03-12',7,2,4,19),(844,'2004-10-30',121,593021,'2005-02-28',2,1,3,22),(845,'2004-10-31',280,1485680,'2005-10-23',5,2,3,18),(846,'2004-10-31',246,2214984,'2005-09-22',4,1,3,20),(847,'2004-10-31',121,731929,'2005-06-27',6,1,2,17),(848,'2004-10-31',223,1566129,'2005-04-06',3,1,3,20),(849,'2004-11-01',120,1003320,'2005-07-18',7,2,3,20),(850,'2004-11-01',159,1391091,'2005-06-16',6,1,2,20),(851,'2004-11-01',157,1032118,'2005-06-16',7,1,2,20),(852,'2004-11-02',237,1768020,'2005-04-27',7,1,2,17),(853,'2004-11-02',246,1708716,'2005-03-16',6,2,3,22),(854,'2004-11-02',299,2430272,'2005-03-26',6,1,1,17),(855,'2004-11-03',223,1650200,'2005-08-28',4,2,2,17),(856,'2004-11-03',247,995657,'2005-06-29',5,2,4,19),(857,'2004-11-03',238,2379048,'2005-09-08',5,2,2,15),(858,'2004-11-03',251,1821758,'2005-06-11',3,1,1,15),(859,'2004-11-03',65,397540,'2005-05-22',4,2,4,18),(860,'2004-11-03',288,2242656,'2005-02-11',6,2,1,19),(861,'2004-11-03',96,891456,'2005-07-28',6,1,2,22),(862,'2004-11-04',152,631560,'2005-10-28',2,1,4,20),(863,'2004-11-06',246,2328636,'2005-03-10',3,1,4,16),(864,'2004-11-06',108,553608,'2005-02-04',5,2,2,20),(865,'2004-11-06',110,523160,'2005-09-11',1,1,2,22),(866,'2004-11-07',136,1054544,'2005-09-18',1,2,2,16),(867,'2004-11-07',82,418692,'2005-09-10',4,2,3,18),(868,'2004-11-07',127,912114,'2005-09-20',4,2,3,20),(869,'2004-11-07',183,1082079,'2005-09-07',1,1,1,20),(870,'2004-11-08',245,1951180,'2005-04-06',5,2,3,22),(871,'2004-11-08',88,726352,'2005-06-13',7,1,3,16),(872,'2004-11-09',185,1390460,'2005-08-29',6,1,2,17),(873,'2004-11-09',295,2923155,'2005-05-06',5,1,1,22),(874,'2004-11-09',80,458560,'2005-02-22',6,2,3,15),(875,'2004-11-09',147,1259202,'2005-05-03',3,1,2,20),(876,'2004-11-09',114,968658,'2005-06-29',5,2,3,16),(877,'2004-11-09',128,549120,'2005-03-16',3,1,1,19),(878,'2004-11-10',145,1372135,'2005-04-18',5,1,4,16),(879,'2004-11-10',147,1070307,'2005-07-10',3,2,1,15),(880,'2004-11-11',272,1542784,'2005-06-24',1,1,1,16),(881,'2004-11-11',113,645569,'2005-06-10',7,1,1,18),(882,'2004-11-11',220,970420,'2005-08-28',2,2,3,15),(883,'2004-11-11',266,1370964,'2005-10-22',6,2,2,22),(884,'2004-11-11',125,590875,'2005-09-20',6,2,2,18),(885,'2004-11-11',151,719213,'2005-02-23',7,1,1,18),(886,'2004-11-12',133,1191281,'2005-06-28',6,2,2,15),(887,'2004-11-13',160,1356160,'2005-11-08',4,1,4,20),(888,'2004-11-13',95,412395,'2005-07-31',3,1,1,15),(889,'2004-11-13',236,1420012,'2005-10-31',3,1,1,15),(890,'2004-11-13',165,1598520,'2005-10-11',3,2,3,16),(891,'2004-11-13',255,2543625,'2005-08-29',7,2,2,19),(892,'2004-11-14',226,2025638,'2005-05-04',7,1,3,20),(893,'2004-11-14',228,1115604,'2005-09-21',7,2,3,15),(894,'2004-11-14',92,610696,'2005-05-04',1,1,1,16),(895,'2004-11-14',229,1341024,'2005-09-12',5,1,4,20),(896,'2004-11-14',226,1340632,'2005-09-24',6,1,3,15),(897,'2004-11-15',64,581568,'2005-02-15',4,1,1,22),(898,'2004-11-15',258,2449452,'2005-03-14',7,2,4,15),(899,'2004-11-16',58,315810,'2005-06-14',2,2,4,18),(900,'2004-11-16',136,1072768,'2005-04-02',7,1,4,15),(901,'2004-11-16',294,1653456,'2005-07-18',1,1,2,17),(902,'2004-11-17',294,2722146,'2005-11-05',3,1,4,18),(903,'2004-11-17',151,1029367,'2005-05-05',4,1,3,20),(904,'2004-11-17',62,455762,'2005-07-25',6,2,4,17),(905,'2004-11-18',116,479892,'2005-11-11',2,1,2,17),(906,'2004-11-18',68,500140,'2005-10-27',5,1,3,16),(907,'2004-11-18',59,491706,'2005-07-03',3,1,4,22),(908,'2004-11-18',134,933444,'2005-04-17',1,2,2,17),(909,'2004-11-18',127,1204595,'2005-04-15',5,2,3,18),(910,'2004-11-19',197,1506853,'2005-11-16',6,1,3,19),(911,'2004-11-20',135,1036665,'2005-11-08',2,1,4,22),(912,'2004-11-20',200,1967400,'2005-08-30',4,1,1,15),(913,'2004-11-20',250,1676500,'2005-08-30',4,1,1,20),(914,'2004-11-20',48,366480,'2005-09-19',6,2,2,20),(915,'2004-11-20',285,1869885,'2005-08-10',3,2,2,16),(916,'2004-11-21',155,1511095,'2005-08-20',6,1,1,20),(917,'2004-11-21',263,1719757,'2005-08-28',1,2,3,17),(918,'2004-11-22',197,1662089,'2005-06-29',5,1,1,19),(919,'2004-11-22',270,1311660,'2005-10-11',7,1,1,18),(920,'2004-11-23',137,1242042,'2005-08-08',5,2,4,20),(921,'2004-11-24',163,1273030,'2005-06-16',4,2,3,17),(922,'2004-11-24',217,1238202,'2005-05-11',3,2,1,20),(923,'2004-11-24',257,1440742,'2005-07-09',4,2,3,22),(924,'2004-11-25',283,2213909,'2005-05-10',1,1,2,18),(925,'2004-11-25',298,2039512,'2005-10-11',1,1,1,22),(926,'2004-11-25',298,2376550,'2005-10-19',4,1,4,20),(927,'2004-11-25',151,709700,'2005-03-16',4,1,4,16),(928,'2004-11-26',283,1615647,'2005-06-06',5,1,4,17),(929,'2004-11-27',73,410260,'2005-10-29',2,1,3,22),(930,'2004-11-27',161,1604687,'2005-03-05',2,2,3,16),(931,'2004-11-27',223,2053384,'2005-11-13',4,2,1,17),(932,'2004-11-29',121,754435,'2005-04-23',1,2,1,20),(933,'2004-11-29',150,795000,'2005-10-17',1,1,3,19),(934,'2004-11-29',228,2212740,'2005-10-10',7,1,2,19),(935,'2004-11-30',164,1373008,'2005-06-09',3,1,1,19),(936,'2004-12-01',116,573040,'2005-11-01',1,1,2,15),(937,'2004-12-01',276,1932552,'2005-10-20',5,1,2,17),(938,'2004-12-01',158,766774,'2005-03-24',2,2,4,19),(939,'2004-12-01',216,1962360,'2005-05-17',5,1,2,17),(940,'2004-12-02',249,1662822,'2005-07-11',5,2,4,16),(941,'2004-12-02',68,614244,'2005-05-11',5,2,4,19),(942,'2004-12-02',177,1485915,'2005-04-29',5,1,3,20),(943,'2004-12-03',268,1273000,'2005-06-16',6,2,3,15),(944,'2004-12-03',66,558030,'2005-12-01',6,1,2,16),(945,'2004-12-04',162,894888,'2005-03-26',6,2,3,15),(946,'2004-12-04',243,1447551,'2005-09-13',6,2,2,20),(947,'2004-12-04',103,474624,'2005-03-25',4,2,1,15),(948,'2004-12-05',237,1725597,'2005-07-07',6,1,2,22),(949,'2004-12-05',206,1241562,'2005-07-27',1,1,4,20),(950,'2004-12-05',233,2153852,'2005-03-11',6,2,2,20),(951,'2004-12-06',65,307255,'2005-10-11',3,2,4,16),(952,'2004-12-07',142,954808,'2005-06-18',5,2,4,16),(953,'2004-12-07',240,1510320,'2005-10-19',7,1,2,15),(954,'2004-12-08',68,330956,'2005-09-18',1,2,1,19),(955,'2004-12-09',200,1938400,'2005-08-25',4,2,2,17),(956,'2004-12-09',80,509840,'2005-05-21',6,2,3,17),(957,'2004-12-09',84,368760,'2005-07-30',7,1,3,17),(958,'2004-12-10',227,1071667,'2005-05-26',2,1,3,15),(959,'2004-12-10',291,1872876,'2005-05-16',1,2,3,22),(960,'2004-12-10',275,1732500,'2005-07-10',4,2,2,19),(961,'2004-12-10',96,535584,'2005-10-22',1,1,2,16),(962,'2004-12-10',174,1271592,'2005-07-13',3,1,4,18),(963,'2004-12-11',190,1593720,'2005-05-28',2,2,1,17),(964,'2004-12-11',185,1038590,'2005-07-15',4,2,2,16),(965,'2004-12-11',56,525616,'2005-08-15',5,2,2,20),(966,'2004-12-11',213,1994532,'2005-04-22',6,1,1,20),(967,'2004-12-12',175,722925,'2005-03-18',6,2,2,20),(968,'2004-12-12',96,769824,'2005-10-03',2,1,1,20),(969,'2004-12-14',272,2581552,'2005-10-22',6,2,1,17),(970,'2004-12-14',232,1193408,'2005-06-07',6,1,2,18),(971,'2004-12-14',200,1145600,'2005-09-22',6,2,1,15),(972,'2004-12-14',219,1059303,'2005-07-27',6,2,2,20),(973,'2004-12-15',126,600642,'2005-08-20',7,1,1,22),(974,'2004-12-15',131,920144,'2005-12-10',1,1,1,15),(975,'2004-12-16',77,409563,'2005-07-30',4,2,1,15),(976,'2004-12-16',232,1236560,'2005-11-20',2,1,4,18),(977,'2004-12-16',199,1494490,'2005-04-04',4,1,4,19),(978,'2004-12-17',115,659295,'2005-10-09',7,2,3,15),(979,'2004-12-18',97,672792,'2005-05-23',7,1,4,19),(980,'2004-12-18',122,589016,'2005-10-04',4,2,4,19),(981,'2004-12-18',278,2273762,'2005-11-30',2,2,2,16),(982,'2004-12-19',212,1588940,'2005-08-29',7,1,4,16),(983,'2004-12-19',250,1127750,'2005-04-04',3,1,4,15),(984,'2004-12-19',278,1678286,'2005-04-20',4,1,1,17),(985,'2004-12-20',270,2427300,'2005-09-06',6,1,4,18),(986,'2004-12-20',212,1753240,'2005-05-14',4,1,1,22),(987,'2004-12-21',258,1894752,'2005-08-21',5,2,1,16),(988,'2004-12-21',225,2000475,'2005-07-12',7,1,3,17),(989,'2004-12-21',81,528120,'2005-07-09',6,2,1,22),(990,'2004-12-21',182,1717898,'2005-04-24',5,2,4,17),(991,'2004-12-21',233,1870757,'2005-10-13',3,2,4,15),(992,'2004-12-22',281,2326118,'2005-07-22',6,1,2,16),(993,'2004-12-22',201,1911510,'2005-06-23',5,2,3,16),(994,'2004-12-22',187,1346961,'2005-12-20',2,2,2,19),(995,'2004-12-22',180,1414800,'2005-05-29',3,2,3,15),(996,'2004-12-23',88,690184,'2005-05-29',1,1,2,17),(997,'2004-12-23',66,448932,'2005-09-01',5,1,2,15),(998,'2004-12-23',219,2101743,'2005-07-30',2,2,2,22),(999,'2004-12-23',67,430743,'2005-06-06',5,2,2,19),(1000,'2004-12-24',300,2707200,'2005-10-15',1,2,1,15),(1001,'2004-12-25',250,1368750,'2005-06-07',2,2,4,17),(1002,'2004-12-25',292,2677056,'2005-07-22',6,1,4,15),(1003,'2004-12-25',87,638058,'2005-07-19',1,2,3,18),(1004,'2004-12-26',95,866780,'2005-04-15',6,2,1,18),(1005,'2004-12-26',159,1437360,'2005-06-12',3,1,2,19),(1006,'2004-12-26',215,1706240,'2005-04-25',4,2,1,22),(1007,'2004-12-27',86,822504,'2005-08-17',3,1,3,15),(1008,'2004-12-27',121,622787,'2005-05-02',7,2,1,17),(1009,'2004-12-27',222,1266732,'2005-06-23',6,1,3,15),(1010,'2004-12-27',211,945702,'2005-12-04',1,2,2,18),(1011,'2004-12-27',96,862848,'2005-12-23',6,1,4,16),(1012,'2004-12-30',173,1008071,'2005-07-21',3,2,3,15),(1013,'2004-12-31',191,1657880,'2005-09-06',3,2,4,17),(1014,'2004-12-31',146,1457226,'2005-11-05',7,2,4,16),(1015,'2004-12-31',168,1508472,'2005-12-03',2,1,4,18),(1016,'2005-01-01',142,1276864,'2005-10-24',1,1,4,18),(1017,'2005-01-01',217,2101862,'2005-10-23',1,2,2,16),(1018,'2005-01-01',269,1360064,'2005-08-17',2,1,4,15),(1019,'2005-01-02',47,369984,'2005-08-24',4,2,1,19),(1020,'2005-01-02',201,1176855,'2005-10-07',5,1,1,15),(1021,'2005-01-02',86,452962,'2005-10-24',4,1,2,18),(1022,'2005-01-03',237,1177653,'2005-11-10',6,1,3,15),(1023,'2005-01-03',105,889980,'2005-10-16',3,2,2,17),(1024,'2005-01-03',172,1615424,'2005-11-19',6,1,4,17),(1025,'2005-01-04',216,2022624,'2005-05-07',5,1,3,17),(1026,'2005-01-04',206,1231262,'2005-07-10',1,1,4,22),(1027,'2005-01-04',79,352972,'2005-11-06',7,1,2,17),(1028,'2005-01-05',81,610416,'2005-11-25',7,2,1,18),(1029,'2005-01-05',269,1089181,'2005-07-25',6,1,1,19),(1030,'2005-01-05',221,1194505,'2005-12-12',6,1,3,22),(1031,'2005-01-05',143,1106677,'2005-08-08',5,1,4,16),(1032,'2005-01-06',170,1262250,'2005-11-29',5,1,4,20),(1033,'2005-01-06',171,1236672,'2005-06-07',7,1,1,16),(1034,'2005-01-06',153,923355,'2005-07-07',5,1,2,17),(1035,'2005-01-07',252,2398788,'2005-11-19',5,2,4,19),(1036,'2005-01-07',180,1636560,'2005-08-31',2,2,1,17),(1037,'2005-01-08',271,2496723,'2005-12-12',5,2,1,22),(1038,'2005-01-08',59,325326,'2005-04-09',6,1,2,22),(1039,'2005-01-09',264,1441440,'2005-10-28',7,1,1,17),(1040,'2005-01-09',162,1315440,'2005-09-16',2,2,4,17),(1041,'2005-01-09',286,1732302,'2005-08-26',2,1,3,22),(1042,'2005-01-10',90,374310,'2005-12-07',4,2,3,17),(1043,'2005-01-11',186,1844004,'2005-06-19',4,1,3,15),(1044,'2005-01-11',217,1603196,'2005-12-11',6,1,3,19),(1045,'2005-01-11',260,2402920,'2005-10-09',1,1,2,15),(1046,'2005-01-11',240,1823280,'2005-09-04',4,1,2,20),(1047,'2005-01-11',157,949693,'2005-11-27',3,1,4,20),(1048,'2005-01-12',279,2362572,'2005-09-25',7,1,4,15),(1049,'2005-01-12',73,672987,'2005-04-21',3,2,4,16),(1050,'2005-01-12',120,703680,'2005-09-16',7,2,3,19),(1051,'2005-01-12',246,1940448,'2005-10-08',1,2,1,20),(1052,'2005-01-12',75,624600,'2005-12-12',7,2,2,15),(1053,'2005-01-13',42,224280,'2005-07-10',5,2,2,22),(1054,'2005-01-14',251,2138771,'2005-05-15',3,1,4,16),(1055,'2005-01-14',149,1250408,'2005-10-30',2,1,1,22),(1056,'2005-01-15',45,300105,'2005-06-02',4,1,2,17),(1057,'2005-01-15',90,599850,'2005-12-30',7,2,4,15),(1058,'2005-01-15',221,1919827,'2006-01-06',1,2,4,16),(1059,'2005-01-16',133,573230,'2005-09-20',3,2,2,18),(1060,'2005-01-17',80,500560,'2005-12-11',6,2,4,18),(1061,'2005-01-17',45,259515,'2005-12-17',5,2,4,22),(1062,'2005-01-18',68,652052,'2005-09-20',1,2,3,17),(1063,'2005-01-19',213,1886541,'2005-09-05',3,2,4,16),(1064,'2005-01-19',80,607200,'2005-11-20',6,1,2,22),(1065,'2005-01-19',200,1502800,'2005-10-14',5,1,1,18),(1066,'2005-01-20',287,2808008,'2005-06-24',4,2,2,19),(1067,'2005-01-20',108,892620,'2005-11-08',4,2,1,19),(1068,'2005-01-21',221,1471197,'2005-10-17',1,2,4,15),(1069,'2005-01-21',108,1065744,'2005-05-03',2,2,3,20),(1070,'2005-01-21',232,1162784,'2005-08-23',1,2,1,19),(1071,'2005-01-21',118,1134452,'2005-04-27',1,2,2,22),(1072,'2005-01-22',132,592152,'2005-04-23',6,1,2,20),(1073,'2005-01-22',246,2083866,'2005-07-25',3,1,3,16),(1074,'2005-01-22',293,2141830,'2005-09-19',5,1,1,22),(1075,'2005-01-23',290,2275050,'2005-09-20',1,1,4,20),(1076,'2005-01-23',72,298368,'2005-04-26',1,2,1,15),(1077,'2005-01-23',212,1911604,'2006-01-14',2,1,4,16),(1078,'2005-01-24',254,1850644,'2005-11-28',3,1,4,19),(1079,'2005-01-24',91,777686,'2005-10-19',3,2,2,18),(1080,'2005-01-24',287,2279354,'2005-12-15',2,1,1,17),(1081,'2005-01-24',180,1128420,'2005-10-13',6,1,4,15),(1082,'2005-01-25',173,1615128,'2005-05-06',3,2,3,15),(1083,'2005-01-25',210,1332030,'2006-01-02',3,1,3,16),(1084,'2005-01-25',287,1370138,'2005-05-03',1,1,2,19),(1085,'2005-01-25',47,424175,'2005-06-19',5,2,4,22),(1086,'2005-01-25',260,2546180,'2005-05-23',6,1,1,22),(1087,'2005-01-26',197,1199730,'2006-01-13',1,1,3,22),(1088,'2005-01-26',144,760176,'2005-10-20',5,1,3,22),(1089,'2005-01-27',168,1081248,'2005-06-01',5,2,4,15),(1090,'2005-01-28',253,1816793,'2005-10-22',2,1,4,15),(1091,'2005-01-28',110,943800,'2006-01-26',3,2,3,19),(1092,'2005-01-29',299,2130375,'2005-10-28',6,1,3,22),(1093,'2005-01-31',222,2209344,'2005-09-09',1,1,2,15),(1094,'2005-02-01',139,1187477,'2005-05-31',6,2,4,19),(1095,'2005-02-01',300,1772700,'2006-01-03',2,2,4,16),(1096,'2005-02-01',64,539392,'2005-08-03',2,2,2,20),(1097,'2005-02-01',156,771108,'2005-07-25',3,2,3,19),(1098,'2005-02-01',262,1960808,'2005-09-11',4,2,4,18),(1099,'2005-02-02',82,621314,'2005-09-07',5,1,2,19),(1100,'2005-02-02',243,1814238,'2006-01-29',6,1,3,17),(1101,'2005-02-02',73,468952,'2005-06-11',4,1,1,19),(1102,'2005-02-02',268,1950772,'2005-06-02',7,2,3,20),(1103,'2005-02-03',125,932250,'2005-08-03',2,2,1,22),(1104,'2005-02-03',114,786714,'2005-09-04',3,2,1,18),(1105,'2005-02-03',97,541648,'2005-06-11',1,1,3,19),(1106,'2005-02-04',141,1279434,'2005-09-26',3,2,2,18),(1107,'2005-02-05',105,650580,'2005-05-26',4,1,3,17),(1108,'2005-02-05',199,1009328,'2005-12-04',5,1,1,22),(1109,'2005-02-05',286,2064634,'2005-05-26',1,1,3,16),(1110,'2005-02-05',110,924990,'2005-09-25',2,2,1,16),(1111,'2005-02-06',87,372447,'2005-07-17',1,1,4,19),(1112,'2005-02-06',210,1602300,'2005-06-26',5,1,4,16),(1113,'2005-02-06',157,1323353,'2005-07-25',1,2,3,18),(1114,'2005-02-07',76,499244,'2005-07-04',5,2,2,19),(1115,'2005-02-08',179,963020,'2005-11-06',6,1,1,18),(1116,'2005-02-08',96,493632,'2006-01-13',2,2,1,18),(1117,'2005-02-08',154,1037498,'2005-09-20',7,1,2,22),(1118,'2005-02-09',293,2741308,'2005-10-20',1,1,1,18),(1119,'2005-02-10',286,1912482,'2005-11-26',2,1,4,15),(1120,'2005-02-10',180,1707660,'2005-07-28',2,2,2,20),(1121,'2005-02-10',176,1592624,'2005-05-20',6,2,1,19),(1122,'2005-02-11',228,1339044,'2005-12-14',6,2,2,17),(1123,'2005-02-11',157,879357,'2005-05-17',3,2,2,18),(1124,'2005-02-11',208,1215344,'2005-05-27',6,2,2,15),(1125,'2005-02-13',245,2287075,'2006-01-31',7,1,3,18),(1126,'2005-02-13',111,462315,'2006-01-13',6,2,3,16),(1127,'2005-02-14',75,359775,'2005-05-29',6,1,3,15),(1128,'2005-02-14',229,1859480,'2006-01-06',1,2,4,19),(1129,'2005-02-14',119,899640,'2005-12-12',3,1,2,15),(1130,'2005-02-15',58,444338,'2005-06-04',7,1,4,19),(1131,'2005-02-15',156,795912,'2006-01-06',1,2,4,15),(1132,'2005-02-15',92,900956,'2005-06-14',6,1,4,15),(1133,'2005-02-15',132,712404,'2005-08-03',3,2,1,22),(1134,'2005-02-15',122,879254,'2005-06-25',2,2,4,22),(1135,'2005-02-16',58,349102,'2005-10-22',7,1,3,17),(1136,'2005-02-16',67,297882,'2006-02-08',4,2,1,17),(1137,'2005-02-16',75,563475,'2005-12-25',6,2,1,16),(1138,'2005-02-16',257,1066550,'2005-09-23',7,2,4,22),(1139,'2005-02-16',96,742176,'2005-12-15',5,2,2,22),(1140,'2005-02-16',140,1318660,'2005-10-16',4,2,3,19),(1141,'2005-02-16',179,1601334,'2005-11-07',1,2,1,19),(1142,'2005-02-16',230,1033850,'2005-10-30',7,2,3,19),(1143,'2005-02-17',254,1394206,'2005-05-28',4,1,4,17),(1144,'2005-02-17',256,2176768,'2006-02-13',4,1,4,19),(1145,'2005-02-17',106,850226,'2005-09-02',6,1,3,16),(1146,'2005-02-17',198,1090782,'2006-02-01',3,2,4,18),(1147,'2005-02-18',153,1519137,'2005-06-20',5,1,1,18),(1148,'2005-02-18',233,984192,'2006-01-28',3,1,4,19),(1149,'2005-02-18',61,481656,'2005-09-18',3,1,1,17),(1150,'2005-02-18',105,909090,'2005-10-25',6,1,1,20),(1151,'2005-02-18',158,1308398,'2006-02-05',2,2,4,17),(1152,'2005-02-19',224,1966272,'2005-12-02',2,2,2,16),(1153,'2005-02-19',272,2021232,'2005-10-16',4,2,1,15),(1154,'2005-02-20',292,2865688,'2005-08-21',6,1,4,17),(1155,'2005-02-20',94,857374,'2005-12-11',4,2,3,18),(1156,'2005-02-20',251,1305200,'2005-12-18',5,2,3,17),(1157,'2005-02-20',254,1614170,'2006-01-18',2,2,2,22),(1158,'2005-02-20',298,2436448,'2005-08-13',3,2,4,17),(1159,'2005-02-20',214,1823708,'2005-09-16',5,2,3,18),(1160,'2005-02-21',276,2148384,'2005-10-12',5,2,4,15),(1161,'2005-02-22',197,1594715,'2006-01-15',4,2,1,18),(1162,'2005-02-22',111,698301,'2005-10-23',2,2,3,16),(1163,'2005-02-22',81,523989,'2005-10-13',5,1,3,20),(1164,'2005-02-22',174,750984,'2005-07-07',1,2,1,16),(1165,'2005-02-23',214,1665134,'2005-10-21',4,1,1,16),(1166,'2005-02-23',227,1820540,'2005-10-12',6,1,1,20),(1167,'2005-02-23',152,1076464,'2005-05-27',1,2,1,19),(1168,'2005-02-24',206,1136502,'2006-01-22',6,2,2,22),(1169,'2005-02-24',150,1051500,'2006-02-17',7,1,3,15),(1170,'2005-02-24',165,744480,'2005-08-06',2,1,3,16),(1171,'2005-02-24',120,647280,'2005-09-02',3,2,3,17),(1172,'2005-02-24',188,1697640,'2005-08-04',3,2,2,17),(1173,'2005-02-25',83,463306,'2005-09-04',2,2,1,20),(1174,'2005-02-26',72,322344,'2005-08-03',6,2,1,20),(1175,'2005-02-26',62,484592,'2005-10-09',2,1,2,18),(1176,'2005-02-26',133,1305129,'2005-12-22',7,2,4,15),(1177,'2005-02-27',77,711634,'2005-11-10',4,1,1,17),(1178,'2005-02-27',219,1468614,'2005-10-10',1,2,3,15),(1179,'2005-02-27',91,780598,'2005-11-07',7,2,4,19),(1180,'2005-02-28',70,354270,'2005-11-18',3,1,4,20),(1181,'2005-02-28',45,425790,'2006-01-16',7,1,4,19),(1182,'2005-03-01',177,1203246,'2006-02-20',4,2,2,19),(1183,'2005-03-01',45,360540,'2005-09-02',1,1,2,15),(1184,'2005-03-01',94,639952,'2005-09-26',3,1,1,19),(1185,'2005-03-02',236,1388388,'2006-02-04',6,2,4,15),(1186,'2005-03-03',151,756208,'2006-02-13',7,1,2,17),(1187,'2005-03-03',50,442300,'2005-06-30',5,1,2,22),(1188,'2005-03-03',93,375813,'2005-07-12',1,1,2,18),(1189,'2005-03-03',255,1471605,'2005-10-11',6,1,4,18),(1190,'2005-03-03',153,1401633,'2005-09-14',1,2,2,19),(1191,'2005-03-03',142,1256274,'2005-07-21',5,2,4,18),(1192,'2005-03-04',235,2055310,'2006-01-03',7,1,2,15),(1193,'2005-03-04',239,1320236,'2005-08-03',7,1,4,20),(1194,'2005-03-04',191,969707,'2005-12-05',7,1,3,17),(1195,'2005-03-04',92,743360,'2005-08-11',6,1,2,18),(1196,'2005-03-05',124,614048,'2005-07-13',4,2,2,17),(1197,'2005-03-06',57,233358,'2005-12-18',4,2,3,20),(1198,'2005-03-06',98,917378,'2005-12-06',6,2,4,20),(1199,'2005-03-06',42,235746,'2005-07-25',3,1,4,15),(1200,'2005-03-06',60,474600,'2005-10-01',2,2,4,22),(1201,'2005-03-07',54,298350,'2005-06-14',4,2,3,22),(1202,'2005-03-07',139,1100046,'2005-08-28',4,1,3,15),(1203,'2005-03-07',237,1013175,'2006-01-10',5,2,1,20),(1204,'2005-03-07',255,2151435,'2005-08-26',3,2,4,18),(1205,'2005-03-07',213,2105079,'2005-07-25',2,2,4,17),(1206,'2005-03-07',117,953316,'2005-12-27',4,2,4,19),(1207,'2005-03-07',250,1531000,'2006-02-09',3,2,3,17),(1208,'2005-03-08',236,1449512,'2006-02-05',4,1,2,20),(1209,'2005-03-08',91,395850,'2005-12-10',6,1,2,15),(1210,'2005-03-09',247,1504477,'2006-01-03',4,1,1,19),(1211,'2005-03-09',229,935694,'2005-10-18',2,2,1,19),(1212,'2005-03-10',143,1246960,'2005-09-28',7,2,4,18),(1213,'2005-03-10',154,1238006,'2005-09-04',7,2,3,18),(1214,'2005-03-10',145,655690,'2005-06-08',7,1,2,22),(1215,'2005-03-10',42,293370,'2005-08-20',6,1,1,16),(1216,'2005-03-10',281,2688046,'2005-10-24',6,1,1,15),(1217,'2005-03-11',184,1830800,'2006-01-25',7,2,4,18),(1218,'2005-03-11',241,1729416,'2005-09-18',6,2,2,17),(1219,'2005-03-11',251,2234653,'2005-08-01',4,2,4,19),(1220,'2005-03-12',90,438480,'2005-10-23',1,2,3,17),(1221,'2005-03-12',269,2032295,'2005-11-27',2,1,4,15),(1222,'2005-03-12',245,1377880,'2005-07-10',6,1,3,18),(1223,'2005-03-12',181,1805475,'2005-06-10',1,2,2,16),(1224,'2005-03-13',124,1070740,'2005-12-22',1,2,3,17),(1225,'2005-03-14',164,785068,'2006-01-22',1,2,2,15),(1226,'2005-03-14',291,1497195,'2005-08-17',6,2,1,19),(1227,'2005-03-14',164,1526840,'2005-10-20',5,1,2,22),(1228,'2005-03-14',188,996588,'2005-06-20',6,1,3,16),(1229,'2005-03-14',79,451643,'2006-01-15',4,1,3,16),(1230,'2005-03-15',268,2422720,'2005-11-27',4,2,2,17),(1231,'2005-03-16',130,1292980,'2005-11-11',4,2,4,18),(1232,'2005-03-16',138,949578,'2006-02-17',2,1,4,19),(1233,'2005-03-17',88,820776,'2005-08-20',1,2,1,16),(1234,'2005-03-17',116,848888,'2005-07-26',2,2,1,15),(1235,'2005-03-18',233,1673173,'2005-06-28',6,2,1,16),(1236,'2005-03-18',116,841232,'2006-01-18',3,2,4,20),(1237,'2005-03-19',55,376090,'2006-02-27',7,1,1,19),(1238,'2005-03-19',192,820608,'2005-07-28',7,2,2,20),(1239,'2005-03-19',149,839615,'2005-10-05',7,2,1,15),(1240,'2005-03-19',285,2562435,'2005-06-20',5,1,1,15),(1241,'2005-03-19',88,630608,'2005-12-17',2,1,3,16),(1242,'2005-03-20',100,484200,'2005-09-30',6,1,2,16),(1243,'2005-03-20',52,269516,'2005-08-21',5,1,2,17),(1244,'2005-03-20',274,1152718,'2005-07-31',3,1,4,19),(1245,'2005-03-20',276,1477428,'2005-11-23',1,2,2,16),(1246,'2005-03-21',68,367132,'2005-08-31',1,2,4,17),(1247,'2005-03-22',268,1557884,'2005-12-09',5,2,4,18),(1248,'2005-03-22',182,851032,'2006-01-02',6,1,3,15),(1249,'2005-03-22',99,500148,'2005-08-09',1,1,4,17),(1250,'2005-03-23',163,1362843,'2006-01-31',6,2,2,18),(1251,'2005-03-23',150,730350,'2005-06-28',2,1,4,19),(1252,'2005-03-23',126,867636,'2005-11-02',3,2,4,17),(1253,'2005-03-23',71,459725,'2006-01-26',5,1,4,18),(1254,'2005-03-24',127,757809,'2006-02-20',5,2,4,18),(1255,'2005-03-24',40,354360,'2005-10-16',7,2,2,17),(1256,'2005-03-24',168,1620192,'2005-10-09',6,2,2,17),(1257,'2005-03-25',117,1149525,'2006-02-27',1,2,2,17),(1258,'2005-03-25',241,1248862,'2005-08-22',7,1,3,16),(1259,'2005-03-25',180,1495260,'2005-11-03',5,2,3,17),(1260,'2005-03-26',91,485849,'2005-07-24',5,2,4,22),(1261,'2005-03-26',187,1194930,'2006-02-08',4,1,3,20),(1262,'2005-03-26',68,525096,'2005-08-27',5,1,4,16),(1263,'2005-03-27',196,849464,'2006-03-26',7,2,3,16),(1264,'2005-03-28',186,1843074,'2005-10-04',3,1,3,19),(1265,'2005-03-28',67,627321,'2005-07-12',4,1,4,18),(1266,'2005-03-28',57,363261,'2005-07-24',3,2,3,20),(1267,'2005-03-29',40,349720,'2006-02-14',1,2,1,18),(1268,'2005-03-30',167,1191044,'2006-03-30',5,1,2,15),(1269,'2005-03-30',138,1307688,'2006-02-11',6,2,4,19),(1270,'2005-03-30',88,531784,'2006-01-11',7,1,4,19),(1271,'2005-03-30',196,1730876,'2005-07-12',1,2,3,22),(1272,'2005-03-30',216,1500984,'2005-10-23',4,1,2,22),(1273,'2005-03-31',283,1599233,'2005-11-04',6,2,2,16),(1274,'2005-03-31',189,1821771,'2005-07-09',6,2,1,18),(1275,'2005-04-01',278,1754180,'2005-12-03',6,1,3,18),(1276,'2005-04-02',222,1617270,'2005-12-04',5,1,1,18),(1277,'2005-04-02',285,2232690,'2006-01-29',5,1,1,15),(1278,'2005-04-02',132,1040028,'2005-11-17',6,1,1,20),(1279,'2005-04-02',124,804884,'2005-07-24',4,2,1,19),(1280,'2005-04-03',285,1938000,'2005-09-26',5,1,1,16),(1281,'2005-04-04',176,1004608,'2006-01-06',6,2,2,15),(1282,'2005-04-04',102,520914,'2005-07-17',7,2,3,17),(1283,'2005-04-04',179,812660,'2005-10-31',2,1,2,20),(1284,'2005-04-05',75,400875,'2005-08-26',4,1,3,17),(1285,'2005-04-05',72,682344,'2005-08-26',6,1,2,22),(1286,'2005-04-05',297,2872287,'2005-09-16',1,1,2,19),(1287,'2005-04-05',194,1612334,'2005-09-21',4,2,4,19),(1288,'2005-04-05',244,2413648,'2006-01-06',7,1,3,20),(1289,'2005-04-05',259,1857807,'2005-11-07',7,1,3,15),(1290,'2005-04-05',175,1560125,'2005-07-21',7,1,1,17),(1291,'2005-04-06',131,1273320,'2005-11-30',5,2,3,22),(1292,'2005-04-06',170,1566720,'2005-09-02',5,1,1,15),(1293,'2005-04-06',230,1806650,'2005-11-30',5,2,3,20),(1294,'2005-04-07',102,480318,'2006-01-12',2,2,4,22),(1295,'2005-04-07',214,899228,'2005-12-24',3,1,2,16),(1296,'2005-04-07',89,716272,'2005-08-31',3,2,1,22),(1297,'2005-04-07',230,1751450,'2005-07-07',5,2,2,22),(1298,'2005-04-08',248,1179488,'2005-12-26',5,2,4,15),(1299,'2005-04-09',290,1702590,'2006-04-09',2,2,2,22),(1300,'2005-04-09',71,309702,'2005-08-09',4,2,4,17),(1301,'2005-04-10',299,2531334,'2005-12-18',4,2,3,15),(1302,'2005-04-11',288,2371392,'2005-11-17',7,2,2,20),(1303,'2005-04-11',130,657020,'2006-01-20',4,2,3,18),(1304,'2005-04-13',102,627300,'2006-03-28',5,2,3,18),(1305,'2005-04-14',91,778141,'2005-09-15',3,2,3,18),(1306,'2005-04-14',274,2229812,'2005-08-26',7,2,4,18),(1307,'2005-04-15',264,2589312,'2005-07-20',5,2,2,22),(1308,'2005-04-15',149,1004707,'2006-01-18',1,2,1,17),(1309,'2005-04-15',99,574200,'2005-09-16',1,1,1,19),(1310,'2005-04-15',267,1517628,'2006-02-14',7,1,1,19),(1311,'2005-04-15',185,1059680,'2005-07-14',7,1,2,18),(1312,'2005-04-16',180,1523880,'2005-11-11',3,2,2,22),(1313,'2005-04-16',165,921195,'2005-10-05',6,1,1,18),(1314,'2005-04-17',142,1205864,'2006-02-05',2,1,3,15),(1315,'2005-04-17',116,1035416,'2006-02-01',1,1,1,22),(1316,'2005-04-17',223,1795819,'2005-08-30',6,1,4,20),(1317,'2005-04-17',93,375999,'2006-01-12',3,2,3,20),(1318,'2005-04-17',275,1543850,'2005-12-21',7,1,3,20),(1319,'2005-04-18',281,1727588,'2006-04-07',7,1,1,16),(1320,'2005-04-18',164,841484,'2006-04-07',6,1,2,17),(1321,'2005-04-18',271,2478566,'2005-07-21',2,1,2,18),(1322,'2005-04-18',245,2396835,'2005-08-18',2,2,1,16),(1323,'2005-04-19',84,431760,'2006-04-09',6,1,1,20),(1324,'2005-04-19',48,454416,'2005-09-25',3,2,2,20),(1325,'2005-04-19',73,563122,'2005-10-25',6,1,4,18),(1326,'2005-04-19',152,651472,'2005-09-13',5,1,4,17),(1327,'2005-04-19',43,281521,'2005-10-27',5,2,4,20),(1328,'2005-04-20',273,2306031,'2005-09-25',1,1,4,15),(1329,'2005-04-20',182,1367366,'2005-07-21',3,2,2,20),(1330,'2005-04-20',263,2094795,'2006-02-12',7,1,1,20),(1331,'2005-04-21',176,1435632,'2006-03-10',6,2,3,15),(1332,'2005-04-21',281,1619122,'2005-09-26',1,1,3,17),(1333,'2005-04-21',42,287952,'2006-01-01',5,2,3,18),(1334,'2005-04-21',79,705628,'2006-02-25',4,1,1,22),(1335,'2005-04-22',229,954930,'2005-08-15',2,2,3,17),(1336,'2005-04-22',266,2583126,'2005-12-02',5,1,3,22),(1337,'2005-04-23',69,493971,'2005-09-05',2,1,2,22),(1338,'2005-04-24',40,163920,'2006-04-09',3,2,2,18),(1339,'2005-04-24',77,716793,'2006-02-25',3,1,3,22),(1340,'2005-04-24',172,1033548,'2006-01-01',3,2,3,17),(1341,'2005-04-25',132,1007688,'2005-12-26',2,2,2,22),(1342,'2005-04-25',194,1698664,'2006-03-20',1,2,4,19),(1343,'2005-04-25',269,2292149,'2006-01-22',4,1,4,20),(1344,'2005-04-25',285,1500240,'2005-08-20',1,2,3,16),(1345,'2005-04-25',51,370158,'2006-04-21',4,1,1,15),(1346,'2005-04-25',50,333650,'2005-12-16',2,1,4,17),(1347,'2005-04-26',115,950015,'2005-09-26',2,2,4,17),(1348,'2005-04-26',201,1850004,'2006-01-15',7,2,1,22),(1349,'2005-04-26',102,892704,'2006-01-22',7,2,4,20),(1350,'2005-04-26',98,425712,'2006-03-23',4,1,2,15),(1351,'2005-04-26',59,505040,'2005-09-08',6,2,3,16),(1352,'2005-04-27',189,1064637,'2005-11-29',6,2,2,18),(1353,'2005-04-27',269,1702501,'2005-12-10',5,1,4,16),(1354,'2005-04-28',242,2418064,'2005-10-24',5,2,4,19),(1355,'2005-04-28',158,886222,'2006-04-24',6,1,3,18),(1356,'2005-04-28',161,1421308,'2005-11-12',4,2,4,20),(1357,'2005-04-28',285,1827420,'2006-02-06',2,2,1,15),(1358,'2005-04-29',274,2474494,'2006-03-25',2,2,3,22),(1359,'2005-04-29',256,1059328,'2006-04-17',1,2,3,22),(1360,'2005-04-29',196,1201480,'2005-09-18',1,2,3,15),(1361,'2005-04-30',186,1179612,'2005-10-06',2,2,3,20),(1362,'2005-04-30',172,1441188,'2006-04-12',3,1,3,22),(1363,'2005-04-30',157,729579,'2006-01-01',7,2,2,18),(1364,'2005-05-01',82,783510,'2006-02-13',5,2,1,22),(1365,'2005-05-01',65,350155,'2005-11-14',7,2,2,19),(1366,'2005-05-01',104,850720,'2006-03-28',4,2,3,19),(1367,'2005-05-02',81,567486,'2006-01-26',4,1,2,20),(1368,'2005-05-02',45,183105,'2005-12-06',3,2,3,20),(1369,'2005-05-02',128,976384,'2006-04-19',1,1,1,15),(1370,'2005-05-02',240,1270800,'2006-04-25',3,1,1,16),(1371,'2005-05-03',77,406252,'2006-02-25',7,1,4,15),(1372,'2005-05-04',286,2633774,'2005-09-01',5,2,4,22),(1373,'2005-05-04',224,2211328,'2006-02-23',4,2,1,15),(1374,'2005-05-04',214,1287210,'2005-12-21',2,2,4,17),(1375,'2005-05-04',175,1363950,'2005-09-11',7,2,2,19),(1376,'2005-05-04',104,609128,'2005-12-27',7,2,1,17),(1377,'2005-05-05',128,832000,'2005-10-06',5,2,3,17),(1378,'2005-05-05',186,1543428,'2005-08-25',3,1,3,22),(1379,'2005-05-06',119,1013523,'2005-08-17',1,1,4,16),(1380,'2005-05-06',192,958464,'2005-08-13',5,2,2,15),(1381,'2005-05-06',94,902212,'2006-04-30',4,1,1,17),(1382,'2005-05-06',248,1352096,'2006-03-14',1,2,3,15),(1383,'2005-05-06',167,814793,'2006-02-27',5,2,2,17),(1384,'2005-05-07',101,634583,'2006-04-21',3,1,1,15),(1385,'2005-05-08',258,2066064,'2005-11-25',1,2,4,19),(1386,'2005-05-08',245,1244600,'2006-01-03',7,1,4,16),(1387,'2005-05-08',141,843180,'2005-12-25',3,1,1,20),(1388,'2005-05-08',270,2288520,'2005-11-02',7,2,2,15),(1389,'2005-05-08',203,1892772,'2006-03-26',1,2,2,20),(1390,'2005-05-09',111,924741,'2006-03-15',3,2,1,15),(1391,'2005-05-09',160,804640,'2006-04-03',5,1,2,16),(1392,'2005-05-09',235,1046925,'2005-12-05',4,1,2,19),(1393,'2005-05-09',44,305756,'2005-11-02',3,2,3,17),(1394,'2005-05-09',254,2011934,'2006-03-04',7,2,4,19),(1395,'2005-05-10',252,1923264,'2005-09-21',2,2,2,20),(1396,'2005-05-10',292,1177052,'2006-04-30',5,1,1,19),(1397,'2005-05-10',223,1623217,'2005-08-12',2,1,1,15),(1398,'2005-05-10',107,899014,'2006-04-09',3,1,4,16),(1399,'2005-05-11',166,804768,'2005-12-04',3,2,2,20),(1400,'2005-05-13',190,1670100,'2005-11-10',4,2,1,22),(1401,'2005-05-13',280,2349200,'2006-04-13',7,2,4,20),(1402,'2005-05-13',155,1133050,'2006-02-28',5,2,3,22),(1403,'2005-05-14',254,2417572,'2005-09-20',4,1,2,19),(1404,'2005-05-15',188,1453428,'2005-09-14',2,2,4,20),(1405,'2005-05-15',71,493166,'2005-12-08',1,2,2,18),(1406,'2005-05-15',163,1531222,'2005-10-28',1,2,4,18),(1407,'2005-05-16',233,1864000,'2005-12-06',3,2,3,17),(1408,'2005-05-16',185,1384355,'2005-11-15',1,2,4,20),(1409,'2005-05-16',206,1733696,'2005-09-16',5,2,1,19),(1410,'2005-05-18',80,662000,'2006-04-08',3,2,3,17),(1411,'2005-05-18',119,999481,'2005-09-08',6,1,3,20),(1412,'2005-05-18',233,2120067,'2006-02-24',5,1,2,22),(1413,'2005-05-18',159,742848,'2005-10-12',3,2,4,16),(1414,'2005-05-21',209,1206766,'2005-11-09',6,1,3,20),(1415,'2005-05-21',179,896969,'2005-09-14',4,1,4,18),(1416,'2005-05-21',97,834394,'2006-05-20',7,1,4,18),(1417,'2005-05-21',262,1137866,'2005-10-23',6,2,3,17),(1418,'2005-05-21',87,520521,'2005-09-15',6,1,3,18),(1419,'2005-05-21',244,1300276,'2006-03-21',5,1,4,19),(1420,'2005-05-21',169,1040871,'2005-09-02',3,2,3,17),(1421,'2005-05-22',196,1584856,'2005-09-02',5,2,4,17),(1422,'2005-05-22',282,1132230,'2006-03-20',1,1,2,22),(1423,'2005-05-23',280,1240400,'2005-11-04',1,1,3,20),(1424,'2005-05-23',185,1583785,'2005-09-17',2,1,4,16),(1425,'2005-05-23',63,516159,'2006-03-13',1,2,4,17),(1426,'2005-05-24',86,467410,'2005-09-15',7,1,3,22),(1427,'2005-05-24',223,2228439,'2005-09-17',1,1,2,20),(1428,'2005-05-24',195,1539135,'2005-10-02',4,1,3,18),(1429,'2005-05-25',200,1046800,'2006-03-03',2,1,1,22),(1430,'2005-05-25',63,416430,'2006-01-09',5,2,1,15),(1431,'2005-05-25',208,1792128,'2006-04-15',6,2,4,18),(1432,'2005-05-25',54,264438,'2005-08-23',4,2,4,20),(1433,'2005-05-26',273,1610973,'2006-03-21',5,1,3,18),(1434,'2005-05-27',134,572984,'2005-12-30',1,2,3,18),(1435,'2005-05-27',80,548000,'2005-11-30',7,1,2,17),(1436,'2005-05-27',175,1428350,'2005-11-08',5,2,1,16),(1437,'2005-05-27',261,1435239,'2006-03-22',5,2,4,19),(1438,'2005-05-28',108,1001376,'2006-02-10',1,2,1,22),(1439,'2005-05-28',233,1306664,'2005-10-30',5,2,2,15),(1440,'2005-05-28',255,1504755,'2005-10-31',1,2,2,22),(1441,'2005-05-29',249,2116251,'2006-01-14',5,1,3,17),(1442,'2005-05-29',160,1496320,'2006-05-08',5,2,4,22),(1443,'2005-05-29',73,672257,'2006-02-15',7,1,3,17),(1444,'2005-05-29',204,958392,'2006-01-21',6,1,1,17),(1445,'2005-05-29',137,585812,'2006-01-26',6,1,4,19),(1446,'2005-05-30',54,470988,'2006-01-02',1,2,3,22),(1447,'2005-05-31',96,567072,'2005-10-30',3,1,4,18),(1448,'2005-05-31',188,1579012,'2006-04-14',3,1,1,18),(1449,'2005-06-01',85,706690,'2006-01-03',6,1,2,18),(1450,'2005-06-01',69,499698,'2005-08-31',4,1,4,15),(1451,'2005-06-02',269,1779435,'2006-05-18',4,2,4,18),(1452,'2005-06-03',70,455000,'2005-10-22',5,2,2,22),(1453,'2005-06-04',258,1687836,'2006-03-25',4,1,1,22),(1454,'2005-06-04',193,1605374,'2006-01-13',6,1,3,18),(1455,'2005-06-04',182,1047774,'2006-01-31',7,2,3,15),(1456,'2005-06-05',223,2190752,'2006-04-24',3,2,3,18),(1457,'2005-06-05',93,496806,'2006-03-17',3,2,1,20),(1458,'2005-06-05',277,1691085,'2005-11-19',1,2,2,17),(1459,'2005-06-05',76,456532,'2005-09-19',5,2,2,17),(1460,'2005-06-06',228,1039452,'2006-01-11',3,1,2,19),(1461,'2005-06-06',129,563085,'2005-12-18',2,2,2,22),(1462,'2005-06-06',80,471440,'2005-09-28',6,2,1,16),(1463,'2005-06-07',177,1591584,'2005-10-30',1,1,3,16),(1464,'2005-06-07',179,1393157,'2005-11-26',7,2,2,20),(1465,'2005-06-08',61,525454,'2006-04-10',6,1,3,18),(1466,'2005-06-08',132,802428,'2006-02-15',4,2,4,16),(1467,'2005-06-09',299,2333097,'2005-09-15',7,2,1,15),(1468,'2005-06-09',131,1297686,'2006-05-01',3,1,3,18),(1469,'2005-06-09',54,419256,'2006-03-08',4,1,1,19),(1470,'2005-06-09',274,2690954,'2006-05-17',5,1,3,15),(1471,'2005-06-09',67,485013,'2005-11-27',7,1,3,15),(1472,'2005-06-10',141,1250952,'2006-02-26',1,1,1,18),(1473,'2005-06-10',213,1955340,'2006-04-23',6,2,4,15),(1474,'2005-06-11',269,2549313,'2006-02-20',7,1,3,17),(1475,'2005-06-11',53,216187,'2006-04-18',7,1,3,16),(1476,'2005-06-11',248,2172232,'2005-09-20',1,1,1,20),(1477,'2005-06-12',73,364270,'2006-02-02',1,1,2,16),(1478,'2005-06-12',229,1504301,'2006-04-08',7,1,3,20),(1479,'2005-06-13',51,417231,'2006-03-19',5,2,3,15),(1480,'2005-06-13',124,1053628,'2006-04-13',3,2,4,17),(1481,'2005-06-13',261,1344933,'2005-09-24',2,1,3,16),(1482,'2005-06-13',157,868367,'2006-06-03',4,1,4,19),(1483,'2005-06-13',64,368384,'2005-09-15',3,2,4,15),(1484,'2005-06-13',282,2677590,'2006-04-08',1,1,4,22),(1485,'2005-06-14',151,1484028,'2006-03-24',3,2,4,20),(1486,'2005-06-15',167,1121906,'2005-11-12',2,1,2,22),(1487,'2005-06-15',109,537915,'2006-05-16',7,2,1,16),(1488,'2005-06-15',106,704476,'2006-02-07',4,1,4,22),(1489,'2005-06-15',144,1323792,'2005-09-17',4,2,1,19),(1490,'2005-06-16',112,691712,'2006-04-10',1,2,4,18),(1491,'2005-06-16',138,1241034,'2006-06-05',3,1,2,20),(1492,'2005-06-16',165,1405305,'2006-02-01',6,1,3,20),(1493,'2005-06-16',250,1001750,'2005-11-23',5,1,3,15),(1494,'2005-06-17',201,1471320,'2006-03-11',4,1,3,22),(1495,'2005-06-17',199,1590010,'2006-04-13',7,2,2,15),(1496,'2005-06-18',278,2520904,'2006-05-12',4,2,1,20),(1497,'2005-06-18',175,880075,'2005-12-15',6,2,3,20),(1498,'2005-06-18',55,256630,'2005-10-23',7,1,2,18),(1499,'2005-06-19',175,1084300,'2005-10-10',5,1,4,15),(1500,'2005-06-20',125,595750,'2006-03-30',5,2,1,18),(1501,'2005-06-21',52,317044,'2006-04-16',4,2,1,17),(1502,'2005-06-21',120,1175160,'2005-11-28',5,2,2,17),(1503,'2005-06-21',157,977011,'2006-03-03',5,1,1,18),(1504,'2005-06-21',190,778430,'2005-11-14',5,2,2,17),(1505,'2005-06-22',47,220148,'2006-06-14',4,2,3,22),(1506,'2005-06-22',256,2512640,'2006-03-16',4,1,2,19),(1507,'2005-06-22',118,716260,'2006-04-04',1,2,3,20),(1508,'2005-06-22',274,2594780,'2006-02-23',7,2,2,20),(1509,'2005-06-22',244,2180628,'2006-02-05',6,2,2,19),(1510,'2005-06-22',163,763329,'2006-02-05',1,2,3,22),(1511,'2005-06-23',213,1587063,'2006-02-02',6,2,1,17),(1512,'2005-06-23',261,2419209,'2006-05-25',7,1,2,16),(1513,'2005-06-24',199,987040,'2006-01-11',6,2,1,17),(1514,'2005-06-24',110,781000,'2006-02-25',4,1,2,15),(1515,'2005-06-26',200,1689000,'2005-09-30',6,1,1,16),(1516,'2005-06-27',182,805714,'2006-03-20',5,2,1,17),(1517,'2005-06-28',139,1217501,'2005-11-20',4,1,2,22),(1518,'2005-06-28',151,1456999,'2005-10-01',2,1,2,22),(1519,'2005-06-28',74,659858,'2006-05-27',6,2,1,22),(1520,'2005-06-28',175,999950,'2005-10-30',2,2,1,20),(1521,'2005-06-29',53,399143,'2005-11-08',7,1,4,15),(1522,'2005-06-29',40,306120,'2005-11-24',4,2,4,16),(1523,'2005-06-29',158,1454232,'2006-01-24',2,2,1,15),(1524,'2005-06-29',134,880380,'2005-12-11',6,1,3,17),(1525,'2005-06-30',252,2283372,'2006-02-12',2,2,3,22),(1526,'2005-06-30',68,586908,'2006-05-28',3,2,2,16),(1527,'2005-06-30',50,400600,'2005-10-02',1,2,3,17),(1528,'2005-06-30',204,1132608,'2005-11-12',3,1,2,16),(1529,'2005-06-30',185,1257075,'2006-06-06',3,1,2,15),(1530,'2005-06-30',69,480240,'2006-06-07',6,1,3,22),(1531,'2005-07-01',251,2325766,'2005-10-20',2,2,1,22),(1532,'2005-07-01',260,1542580,'2006-05-03',6,1,2,19),(1533,'2005-07-01',71,540452,'2006-01-24',2,1,2,16),(1534,'2005-07-02',217,1742293,'2006-04-13',2,1,4,16),(1535,'2005-07-04',68,456756,'2005-11-20',4,2,3,17),(1536,'2005-07-04',43,361759,'2005-12-01',1,2,2,15),(1537,'2005-07-04',197,1035826,'2006-05-27',6,2,4,15),(1538,'2005-07-04',161,1405852,'2006-05-14',5,1,2,18),(1539,'2005-07-04',103,850368,'2005-10-30',3,2,3,15),(1540,'2005-07-05',227,2223919,'2005-11-19',4,1,3,17),(1541,'2005-07-06',124,1045816,'2006-03-12',2,2,1,19),(1542,'2005-07-06',243,2401083,'2006-04-08',5,2,3,17),(1543,'2005-07-06',53,381494,'2005-12-27',3,2,2,17),(1544,'2005-07-06',199,1573493,'2006-07-02',1,2,1,20),(1545,'2005-07-06',88,866008,'2006-06-23',3,2,1,22),(1546,'2005-07-07',135,1294110,'2006-03-08',6,1,2,16),(1547,'2005-07-07',214,1258534,'2006-01-27',6,2,4,22),(1548,'2005-07-08',45,330885,'2006-04-16',7,1,4,20),(1549,'2005-07-08',59,519259,'2005-10-30',3,1,3,16),(1550,'2005-07-09',176,804144,'2005-11-24',6,1,4,15),(1551,'2005-07-09',167,944385,'2006-02-15',4,1,2,18),(1552,'2005-07-10',108,436428,'2006-04-28',1,2,4,20),(1553,'2005-07-11',130,859040,'2005-11-06',6,1,4,22),(1554,'2005-07-11',63,618786,'2006-07-07',4,2,4,17),(1555,'2005-07-12',132,708840,'2005-11-03',4,1,4,20),(1556,'2005-07-12',183,1388238,'2006-06-13',6,1,3,19),(1557,'2005-07-12',159,1582845,'2006-04-15',2,2,4,17),(1558,'2005-07-13',163,830648,'2005-10-30',4,1,3,18),(1559,'2005-07-13',138,824688,'2006-05-16',6,1,2,18),(1560,'2005-07-14',177,1074921,'2005-10-25',7,1,2,20),(1561,'2005-07-15',291,1823406,'2006-05-02',7,1,4,22),(1562,'2005-07-15',74,583638,'2005-10-17',2,2,2,22),(1563,'2005-07-15',206,1881810,'2006-07-10',4,2,2,20),(1564,'2005-07-15',240,1983840,'2005-10-18',1,2,1,17),(1565,'2005-07-16',80,533840,'2006-05-29',6,2,3,20),(1566,'2005-07-16',140,706440,'2006-06-02',6,1,1,22),(1567,'2005-07-16',296,2057496,'2005-11-13',3,1,3,16),(1568,'2005-07-17',210,2005080,'2006-04-25',6,1,1,17),(1569,'2005-07-17',273,2202837,'2006-06-27',3,1,3,17),(1570,'2005-07-17',67,347931,'2006-04-28',1,1,4,20),(1571,'2005-07-18',127,583692,'2006-01-11',7,2,4,15),(1572,'2005-07-18',300,1716300,'2006-04-21',2,1,4,15),(1573,'2005-07-18',202,1271388,'2006-01-10',2,2,4,15),(1574,'2005-07-18',203,1699719,'2006-01-10',6,1,4,16),(1575,'2005-07-19',275,1620575,'2006-02-18',5,2,4,18),(1576,'2005-07-20',298,2207286,'2006-07-09',6,1,1,18),(1577,'2005-07-20',288,1186560,'2005-11-05',6,1,3,16),(1578,'2005-07-20',178,1723040,'2006-04-05',2,2,2,16),(1579,'2005-07-20',141,1207101,'2006-02-20',4,2,3,16),(1580,'2005-07-21',110,786830,'2005-11-18',6,2,3,16),(1581,'2005-07-21',233,2224917,'2005-10-27',4,1,3,16),(1582,'2005-07-21',297,2463021,'2006-03-13',1,1,1,15),(1583,'2005-07-22',300,1832100,'2006-05-02',4,1,2,15),(1584,'2005-07-22',191,916418,'2006-02-19',5,2,2,15),(1585,'2005-07-22',203,1026774,'2006-07-04',7,2,2,22),(1586,'2005-07-22',291,1447434,'2006-02-02',5,2,3,20),(1587,'2005-07-23',101,478639,'2006-01-07',1,2,1,16),(1588,'2005-07-23',245,2170945,'2006-05-14',2,1,2,20),(1589,'2005-07-23',287,1607487,'2005-11-01',7,2,1,15),(1590,'2005-07-23',142,682168,'2006-05-25',4,2,1,19),(1591,'2005-07-24',255,1627920,'2006-03-12',1,2,3,17),(1592,'2005-07-24',207,1107864,'2006-05-15',1,2,4,22),(1593,'2005-07-24',77,562947,'2005-10-25',7,1,3,22),(1594,'2005-07-25',80,568880,'2005-10-29',2,2,2,19),(1595,'2005-07-25',96,645408,'2006-05-27',1,2,1,19),(1596,'2005-07-25',264,2133120,'2006-01-26',4,1,4,20),(1597,'2005-07-26',256,1656064,'2006-02-02',1,2,1,18),(1598,'2005-07-26',167,1606206,'2005-12-11',5,1,2,15),(1599,'2005-07-26',245,1311730,'2006-01-06',4,1,2,15),(1600,'2005-07-27',114,764370,'2006-02-24',3,1,1,18),(1601,'2005-07-28',136,1309544,'2005-11-19',5,2,1,18),(1602,'2005-07-28',115,756355,'2006-02-16',2,1,3,20),(1603,'2005-07-28',165,687720,'2006-02-20',6,1,4,15),(1604,'2005-07-29',132,807048,'2005-10-31',4,2,3,17),(1605,'2005-07-30',260,1301560,'2005-12-29',7,1,4,19),(1606,'2005-07-31',211,1951328,'2006-01-03',6,1,4,16),(1607,'2005-07-31',106,437674,'2005-12-08',1,1,1,16),(1608,'2005-08-01',139,740731,'2006-03-14',3,2,4,22),(1609,'2005-08-01',95,563255,'2005-11-08',2,1,1,18),(1610,'2005-08-01',245,2292465,'2006-06-10',6,2,1,18),(1611,'2005-08-02',71,692037,'2006-06-02',4,1,3,15),(1612,'2005-08-03',275,2110900,'2006-07-24',3,2,1,16),(1613,'2005-08-03',84,690396,'2006-02-08',5,1,2,15),(1614,'2005-08-03',152,960032,'2006-04-11',4,1,3,15),(1615,'2005-08-03',64,399488,'2005-12-07',3,2,2,17),(1616,'2005-08-03',126,757260,'2006-07-23',3,1,1,17),(1617,'2005-08-03',86,685592,'2006-04-29',6,1,1,19),(1618,'2005-08-04',135,990360,'2005-12-03',2,1,3,18),(1619,'2005-08-04',222,1477410,'2006-05-06',7,1,2,15),(1620,'2005-08-04',56,375592,'2006-02-20',1,1,2,18),(1621,'2005-08-04',286,1658800,'2005-11-27',7,2,2,20),(1622,'2005-08-04',233,1782683,'2006-07-28',5,2,3,18),(1623,'2005-08-04',47,286747,'2006-06-10',5,1,4,15),(1624,'2005-08-04',59,281548,'2006-07-22',3,1,3,15),(1625,'2005-08-05',73,328646,'2006-02-01',3,1,1,18),(1626,'2005-08-05',188,1209216,'2006-03-14',2,2,4,16),(1627,'2005-08-06',245,1202705,'2005-12-10',1,2,4,22),(1628,'2005-08-06',297,2440449,'2006-08-03',1,2,2,20),(1629,'2005-08-06',99,942579,'2006-03-03',1,1,1,18),(1630,'2005-08-06',69,349623,'2006-05-06',4,1,3,16),(1631,'2005-08-07',300,1900200,'2005-12-09',2,1,4,17),(1632,'2005-08-07',48,404352,'2006-02-25',3,1,3,16),(1633,'2005-08-07',201,1522977,'2005-11-24',4,2,1,19),(1634,'2005-08-07',92,739864,'2006-01-28',5,2,2,19),(1635,'2005-08-08',250,1669250,'2006-01-04',6,1,4,20),(1636,'2005-08-08',224,1448384,'2005-12-20',4,2,2,15),(1637,'2005-08-08',112,829808,'2006-03-29',1,2,4,16),(1638,'2005-08-08',184,1156808,'2006-04-26',6,2,2,17),(1639,'2005-08-09',300,2155200,'2006-08-05',1,2,1,15),(1640,'2005-08-09',162,1297134,'2006-02-14',1,1,3,18),(1641,'2005-08-09',93,552513,'2006-01-29',3,1,1,19),(1642,'2005-08-10',276,2667816,'2005-12-16',5,2,1,22),(1643,'2005-08-10',130,1246050,'2005-11-27',6,1,3,19),(1644,'2005-08-10',269,2384954,'2006-02-12',2,2,4,20),(1645,'2005-08-10',133,958132,'2006-06-04',7,1,2,17),(1646,'2005-08-11',184,1147608,'2006-06-29',1,2,2,16),(1647,'2005-08-12',297,2888325,'2005-11-27',2,2,3,16),(1648,'2005-08-12',118,545986,'2006-02-27',7,2,3,20),(1649,'2005-08-14',119,906780,'2005-11-21',2,2,4,17),(1650,'2005-08-14',57,293037,'2005-11-27',7,1,3,20),(1651,'2005-08-14',77,592823,'2006-03-25',1,2,1,16),(1652,'2005-08-15',63,601398,'2006-03-01',7,1,2,22),(1653,'2005-08-15',159,761928,'2006-02-05',6,1,1,15),(1654,'2005-08-15',137,804327,'2005-12-17',3,1,1,17),(1655,'2005-08-15',82,375232,'2006-05-22',2,1,4,22),(1656,'2005-08-15',79,411669,'2006-08-04',3,1,1,18),(1657,'2005-08-16',89,358670,'2006-02-19',7,1,4,19),(1658,'2005-08-16',232,1643256,'2006-02-22',1,1,4,20),(1659,'2005-08-16',221,1069640,'2006-06-01',4,1,4,17),(1660,'2005-08-16',212,1926868,'2005-11-24',4,1,1,15),(1661,'2005-08-17',58,509356,'2006-05-20',3,2,4,18),(1662,'2005-08-17',167,1423007,'2006-04-08',6,2,1,19),(1663,'2005-08-18',224,986048,'2006-02-10',1,1,4,22),(1664,'2005-08-19',272,2233120,'2005-12-13',3,2,2,19),(1665,'2005-08-19',238,2275994,'2006-06-15',5,1,1,22),(1666,'2005-08-19',69,442635,'2006-06-15',3,1,1,18),(1667,'2005-08-22',209,843106,'2006-01-24',2,2,4,16),(1668,'2005-08-22',103,872204,'2005-11-26',3,1,1,18),(1669,'2005-08-23',203,1933372,'2006-01-31',3,1,2,17),(1670,'2005-08-23',263,1499889,'2006-08-08',2,2,3,17),(1671,'2005-08-24',236,1707224,'2006-02-05',5,2,3,16),(1672,'2005-08-25',227,1789214,'2005-12-02',3,2,2,19),(1673,'2005-08-26',223,1509710,'2006-01-11',5,2,1,17),(1674,'2005-08-26',242,2290046,'2006-01-24',7,2,2,16),(1675,'2005-08-26',216,2045304,'2006-04-09',6,1,3,15),(1676,'2005-08-27',239,2181353,'2006-06-15',3,2,3,16),(1677,'2005-08-27',300,2625600,'2006-01-08',5,2,1,18),(1678,'2005-08-27',48,474864,'2006-02-11',3,2,1,18),(1679,'2005-08-27',91,663845,'2006-04-07',3,2,4,17),(1680,'2005-08-27',70,615440,'2006-04-01',6,1,1,17),(1681,'2005-08-28',284,1459192,'2006-07-02',7,2,2,19),(1682,'2005-08-28',265,1441070,'2006-08-04',7,1,2,19),(1683,'2005-08-28',101,552773,'2005-11-28',4,2,3,17),(1684,'2005-08-28',224,1932448,'2006-02-03',5,1,2,15),(1685,'2005-08-28',254,1191260,'2006-07-27',6,1,4,20),(1686,'2005-08-28',97,765815,'2006-07-15',6,2,1,18),(1687,'2005-08-29',82,700854,'2006-04-22',1,1,2,18),(1688,'2005-08-29',252,1923516,'2006-05-23',6,1,1,16),(1689,'2005-08-29',108,581580,'2006-08-04',6,1,2,22),(1690,'2005-08-30',142,681884,'2006-06-12',1,2,2,22),(1691,'2005-08-30',139,785628,'2006-01-10',7,2,3,16),(1692,'2005-08-30',78,391950,'2006-03-14',2,2,1,17),(1693,'2005-08-30',233,2171327,'2006-01-09',4,2,1,18),(1694,'2005-08-31',275,1826825,'2006-05-14',2,2,2,15),(1695,'2005-08-31',248,1234048,'2006-02-28',7,1,2,20),(1696,'2005-08-31',158,1473982,'2006-08-29',5,2,4,15),(1697,'2005-09-01',116,1143412,'2006-07-03',5,2,2,22),(1698,'2005-09-02',213,1333593,'2006-04-06',5,1,4,19),(1699,'2005-09-03',202,1558430,'2006-01-26',5,1,4,16),(1700,'2005-09-03',163,1150128,'2006-03-18',1,2,4,15),(1701,'2005-09-03',245,1517285,'2006-05-07',6,2,4,17),(1702,'2005-09-04',198,840312,'2006-05-27',5,1,1,15),(1703,'2005-09-06',288,2171520,'2006-08-28',5,2,1,18),(1704,'2005-09-06',161,827057,'2006-05-05',5,2,4,17),(1705,'2005-09-06',170,1429020,'2005-12-14',2,1,3,17),(1706,'2005-09-06',261,2026404,'2006-02-05',5,1,3,22),(1707,'2005-09-07',99,938916,'2006-09-04',6,1,3,15),(1708,'2005-09-07',205,1762180,'2006-05-14',7,1,3,16),(1709,'2005-09-07',173,842683,'2006-01-30',1,1,4,16),(1710,'2005-09-07',272,2074000,'2006-08-14',2,2,4,15),(1711,'2005-09-08',299,1424436,'2006-01-17',2,2,4,22),(1712,'2005-09-08',115,907580,'2006-07-11',1,1,1,17),(1713,'2005-09-09',201,1333434,'2006-02-17',6,2,2,16),(1714,'2005-09-09',129,617652,'2006-09-03',4,2,4,20),(1715,'2005-09-09',100,526800,'2006-04-29',5,1,3,22),(1716,'2005-09-09',187,1031305,'2006-02-17',3,2,3,22),(1717,'2005-09-09',153,824517,'2006-05-31',1,1,3,20),(1718,'2005-09-09',218,1911424,'2006-07-22',2,2,4,22),(1719,'2005-09-10',121,747659,'2006-03-08',5,2,1,17),(1720,'2005-09-10',254,1668526,'2005-12-29',2,2,4,22),(1721,'2005-09-10',173,994750,'2006-09-02',3,1,1,20),(1722,'2005-09-10',250,2478000,'2006-04-27',6,1,3,20),(1723,'2005-09-10',142,1201462,'2006-08-06',3,1,1,16),(1724,'2005-09-10',270,1798470,'2006-03-02',1,2,3,17),(1725,'2005-09-11',145,943805,'2006-05-17',2,1,4,22),(1726,'2005-09-11',194,1931658,'2005-12-14',3,1,1,16),(1727,'2005-09-11',271,2028164,'2006-01-07',5,2,3,22),(1728,'2005-09-11',240,1602720,'2006-06-03',6,1,3,19),(1729,'2005-09-11',185,1230990,'2006-05-19',4,2,3,16),(1730,'2005-09-12',194,1490114,'2005-12-18',3,2,3,17),(1731,'2005-09-12',223,2143922,'2006-04-20',1,2,3,15),(1732,'2005-09-12',66,415866,'2006-07-19',3,2,4,16),(1733,'2005-09-13',140,864080,'2006-02-08',5,2,4,16),(1734,'2005-09-13',223,974956,'2006-07-23',3,1,4,22),(1735,'2005-09-14',258,1430352,'2006-01-14',1,1,2,18),(1736,'2005-09-14',176,1043856,'2006-05-25',5,1,3,20),(1737,'2005-09-14',94,707914,'2006-05-07',6,2,4,19),(1738,'2005-09-14',153,948600,'2006-03-30',7,1,3,19),(1739,'2005-09-16',91,838292,'2006-04-16',2,1,2,20),(1740,'2005-09-16',145,598705,'2005-12-17',2,2,3,19),(1741,'2005-09-16',79,441373,'2006-02-02',3,2,3,19),(1742,'2005-09-17',70,428190,'2006-02-20',1,2,2,20),(1743,'2005-09-17',292,2630336,'2006-01-08',7,2,2,20),(1744,'2005-09-17',51,425646,'2005-12-18',6,2,3,18),(1745,'2005-09-17',132,641520,'2006-04-04',7,2,3,22),(1746,'2005-09-19',193,1540140,'2006-08-08',1,1,4,16),(1747,'2005-09-20',240,2183760,'2006-01-27',6,1,2,19),(1748,'2005-09-21',111,656676,'2006-02-05',6,1,4,19),(1749,'2005-09-21',123,873546,'2006-02-02',6,1,3,18),(1750,'2005-09-21',117,474084,'2006-07-21',2,2,2,18),(1751,'2005-09-21',258,1758786,'2006-02-24',1,1,2,18),(1752,'2005-09-21',116,803300,'2006-09-13',6,2,3,22),(1753,'2005-09-21',185,1129980,'2006-04-10',7,1,3,20),(1754,'2005-09-21',55,433235,'2006-03-23',6,2,1,22),(1755,'2005-09-22',182,1305304,'2006-06-06',7,2,4,18),(1756,'2005-09-24',85,613275,'2006-02-12',3,1,1,20),(1757,'2005-09-24',204,878424,'2006-07-23',4,1,3,18),(1758,'2005-09-24',47,403401,'2006-01-24',1,1,1,15),(1759,'2005-09-25',232,2133472,'2006-05-18',7,2,3,22),(1760,'2005-09-25',98,683844,'2006-01-21',2,1,4,15),(1761,'2005-09-26',214,1689316,'2006-01-17',6,2,1,16),(1762,'2005-09-26',191,1514057,'2006-09-20',7,2,2,15),(1763,'2005-09-27',78,678132,'2006-04-23',2,1,2,15),(1764,'2005-09-27',187,911064,'2006-02-24',6,1,4,15),(1765,'2005-09-29',121,490897,'2006-09-27',5,1,4,18),(1766,'2005-09-29',231,2299374,'2006-05-15',3,2,4,17),(1767,'2005-09-29',82,764240,'2006-01-15',1,2,1,22),(1768,'2005-09-30',79,409378,'2006-08-15',4,1,4,19),(1769,'2005-10-01',134,549668,'2006-08-10',3,2,3,15),(1770,'2005-10-01',164,878712,'2006-01-21',6,2,4,20),(1771,'2005-10-01',285,1779825,'2006-02-28',2,1,3,16),(1772,'2005-10-01',148,644688,'2006-05-22',5,1,1,15),(1773,'2005-10-01',132,850476,'2006-05-20',7,2,4,18),(1774,'2005-10-01',193,1033515,'2005-12-30',7,2,1,17),(1775,'2005-10-01',53,446313,'2006-08-16',2,2,2,17),(1776,'2005-10-01',229,2215117,'2006-08-01',1,2,3,18),(1777,'2005-10-02',279,1512738,'2006-07-08',2,2,2,19),(1778,'2005-10-02',204,1929228,'2006-05-14',2,1,4,20),(1779,'2005-10-02',68,613496,'2006-01-18',4,1,4,19),(1780,'2005-10-02',180,979560,'2006-06-09',7,2,4,17),(1781,'2005-10-02',55,264385,'2006-07-27',7,2,4,20),(1782,'2005-10-02',258,1146552,'2006-07-26',7,1,4,16),(1783,'2005-10-03',300,1506300,'2006-04-24',6,2,1,16),(1784,'2005-10-03',85,809115,'2006-05-25',1,1,2,22),(1785,'2005-10-03',61,257725,'2006-02-27',3,2,3,15),(1786,'2005-10-03',82,359406,'2006-09-28',7,2,1,17),(1787,'2005-10-03',299,2669472,'2006-06-10',1,2,3,19),(1788,'2005-10-03',85,658835,'2006-07-14',1,2,2,16),(1789,'2005-10-04',85,749275,'2006-01-05',3,1,2,19),(1790,'2005-10-04',238,2184364,'2006-08-11',2,2,2,19),(1791,'2005-10-04',228,1747392,'2006-05-24',3,1,2,17),(1792,'2005-10-05',106,804540,'2006-10-02',2,2,4,18),(1793,'2005-10-05',274,1753052,'2006-02-28',7,1,4,18),(1794,'2005-10-05',118,970314,'2006-02-15',2,1,2,19),(1795,'2005-10-05',224,1420160,'2006-05-03',3,2,4,22),(1796,'2005-10-06',208,1811680,'2006-05-31',7,1,2,17),(1797,'2005-10-06',132,882420,'2006-10-06',4,1,1,17),(1798,'2005-10-06',211,1522998,'2006-06-02',2,1,4,15),(1799,'2005-10-06',289,2249576,'2006-06-18',3,1,1,19),(1800,'2005-10-06',160,1319520,'2006-08-02',5,2,1,19),(1801,'2005-10-06',127,1204722,'2006-07-29',6,2,3,18),(1802,'2005-10-07',158,909606,'2006-06-19',3,2,4,16),(1803,'2005-10-07',253,2378453,'2006-09-10',7,2,1,18),(1804,'2005-10-07',116,857936,'2006-01-23',4,2,4,18),(1805,'2005-10-07',242,1963104,'2006-07-19',4,2,4,15),(1806,'2005-10-08',264,1133352,'2006-02-02',5,2,3,17),(1807,'2005-10-09',211,1244056,'2006-09-01',2,1,2,17),(1808,'2005-10-09',129,735945,'2006-06-08',2,2,1,22),(1809,'2005-10-11',151,1382707,'2006-05-07',2,1,2,18),(1810,'2005-10-11',64,480384,'2006-05-15',5,2,4,16),(1811,'2005-10-12',215,1473180,'2006-05-12',3,2,1,22),(1812,'2005-10-12',124,945624,'2006-05-22',3,2,4,20),(1813,'2005-10-12',246,2010312,'2006-02-21',2,1,2,17),(1814,'2005-10-12',56,346192,'2006-04-18',2,1,4,15),(1815,'2005-10-12',72,686232,'2006-09-12',2,1,2,15),(1816,'2005-10-12',120,1050000,'2006-02-05',5,2,3,17),(1817,'2005-10-13',76,368676,'2006-09-29',5,2,2,19),(1818,'2005-10-13',255,2063460,'2006-05-25',2,2,1,19),(1819,'2005-10-13',245,1605730,'2006-06-20',7,2,1,16),(1820,'2005-10-14',122,497272,'2006-08-16',5,2,1,19),(1821,'2005-10-14',207,1556226,'2006-06-21',7,1,2,17),(1822,'2005-10-15',84,437640,'2006-02-09',7,2,2,20),(1823,'2005-10-15',271,2334123,'2006-08-02',1,1,4,15),(1824,'2005-10-15',257,2136184,'2006-04-18',2,1,1,15),(1825,'2005-10-15',262,2390750,'2006-03-11',6,2,2,17),(1826,'2005-10-16',228,994536,'2006-03-27',4,2,4,17),(1827,'2005-10-16',145,1169860,'2006-05-06',3,2,2,15),(1828,'2005-10-16',214,1687604,'2006-01-22',2,2,4,15),(1829,'2005-10-17',159,724563,'2006-08-27',5,1,1,16),(1830,'2005-10-17',202,1867692,'2006-03-06',3,2,1,19),(1831,'2005-10-17',156,991224,'2006-05-30',3,2,3,15),(1832,'2005-10-18',211,1284568,'2006-08-26',6,1,1,17),(1833,'2005-10-18',71,388583,'2006-01-18',6,1,1,20),(1834,'2005-10-18',157,1182053,'2006-04-09',7,1,2,18),(1835,'2005-10-19',70,511840,'2006-03-20',3,2,3,17),(1836,'2005-10-20',133,745864,'2006-06-01',1,1,4,16),(1837,'2005-10-20',46,237176,'2006-08-08',1,1,1,19),(1838,'2005-10-20',214,1642664,'2006-08-29',4,1,3,17),(1839,'2005-10-21',258,2475510,'2006-06-28',7,1,2,19),(1840,'2005-10-22',276,1544496,'2006-05-12',4,1,4,19),(1841,'2005-10-22',49,452417,'2006-06-19',2,1,3,16),(1842,'2005-10-22',254,2299208,'2006-09-05',5,2,1,22),(1843,'2005-10-22',98,955500,'2006-07-10',5,1,3,18),(1844,'2005-10-23',107,658157,'2006-03-16',1,1,3,17),(1845,'2005-10-25',158,938836,'2006-09-05',4,1,3,17),(1846,'2005-10-26',205,1597360,'2006-10-15',2,1,1,15),(1847,'2005-10-27',182,1499134,'2006-09-07',3,1,3,18),(1848,'2005-10-27',266,1327606,'2006-05-02',3,2,2,16),(1849,'2005-10-28',160,781120,'2006-04-10',7,2,2,19),(1850,'2005-10-28',218,991900,'2006-05-28',1,1,4,15),(1851,'2005-10-28',162,957582,'2006-03-24',1,2,3,15),(1852,'2005-10-28',164,1421060,'2006-10-28',6,1,2,17),(1853,'2005-10-28',224,1422624,'2006-03-12',5,1,4,20),(1854,'2005-10-28',249,1878954,'2006-10-28',4,2,4,18),(1855,'2005-10-29',160,1263040,'2006-02-08',7,2,2,20),(1856,'2005-10-29',284,2467960,'2006-04-25',7,2,2,17),(1857,'2005-10-30',254,2394204,'2006-08-19',2,2,1,19),(1858,'2005-10-30',103,536733,'2006-10-28',1,1,1,16),(1859,'2005-10-31',216,1883088,'2006-10-18',7,1,2,20),(1860,'2005-11-01',213,2083779,'2006-04-23',3,1,2,20),(1861,'2005-11-02',228,1944840,'2006-10-10',4,2,1,17),(1862,'2005-11-02',249,2221329,'2006-05-12',1,2,4,18),(1863,'2005-11-02',82,417872,'2006-03-23',4,2,3,17),(1864,'2005-11-02',67,304113,'2006-06-29',3,1,2,16),(1865,'2005-11-03',71,299407,'2006-04-05',7,2,1,18),(1866,'2005-11-03',70,540890,'2006-06-12',4,2,1,17),(1867,'2005-11-03',111,514596,'2006-05-27',1,2,3,22),(1868,'2005-11-04',69,667299,'2006-10-25',4,2,2,16),(1869,'2005-11-04',259,1074332,'2006-02-09',6,2,2,20),(1870,'2005-11-04',191,1895293,'2006-07-21',4,2,2,18),(1871,'2005-11-05',119,523481,'2006-10-29',3,2,2,20),(1872,'2005-11-05',233,1644747,'2006-05-05',5,1,2,15),(1873,'2005-11-05',122,1162172,'2006-02-26',1,1,3,19),(1874,'2005-11-07',128,706560,'2006-04-16',6,2,1,17),(1875,'2005-11-07',93,589155,'2006-04-22',3,2,1,15),(1876,'2005-11-08',191,1370998,'2006-09-07',2,1,1,22),(1877,'2005-11-08',171,1093887,'2006-04-09',3,2,3,20),(1878,'2005-11-08',170,974610,'2006-08-18',2,2,2,17),(1879,'2005-11-08',59,265913,'2006-05-13',6,2,3,20),(1880,'2005-11-08',153,912798,'2006-05-31',3,1,2,18),(1881,'2005-11-09',157,1174203,'2006-04-09',6,1,3,22),(1882,'2005-11-09',186,1713990,'2006-08-28',4,1,1,17),(1883,'2005-11-09',156,1508988,'2006-09-18',1,1,2,17),(1884,'2005-11-10',246,2216214,'2006-04-17',2,1,4,17),(1885,'2005-11-12',225,1300500,'2006-07-24',4,2,3,16),(1886,'2005-11-12',273,2333058,'2006-03-05',3,1,2,20),(1887,'2005-11-13',156,692484,'2006-02-19',1,2,4,17),(1888,'2005-11-13',68,392972,'2006-07-27',4,2,3,16),(1889,'2005-11-13',74,341584,'2006-04-16',6,1,1,20),(1890,'2005-11-13',251,2070750,'2006-09-03',3,2,3,15),(1891,'2005-11-13',89,499735,'2006-08-19',2,1,4,18),(1892,'2005-11-13',154,1380764,'2006-05-04',5,2,3,16),(1893,'2005-11-13',70,526680,'2006-02-17',3,1,4,16),(1894,'2005-11-14',46,426880,'2006-05-16',1,2,2,22),(1895,'2005-11-14',280,1720320,'2006-04-05',4,2,1,16),(1896,'2005-11-14',191,804683,'2006-02-14',3,2,1,19),(1897,'2005-11-15',62,421290,'2006-05-21',3,1,4,18),(1898,'2005-11-16',163,1179957,'2006-06-06',4,1,1,16),(1899,'2005-11-16',114,878940,'2006-10-18',5,1,4,20),(1900,'2005-11-16',277,1116587,'2006-10-01',2,2,3,19),(1901,'2005-11-17',161,917378,'2006-05-04',6,1,3,20),(1902,'2005-11-17',65,431275,'2006-08-16',7,1,1,15),(1903,'2005-11-19',145,1213505,'2006-11-05',1,2,4,16),(1904,'2005-11-19',220,1601600,'2006-05-05',3,2,3,15),(1905,'2005-11-19',87,756900,'2006-05-26',2,1,1,19),(1906,'2005-11-20',90,416430,'2006-11-01',2,1,3,22),(1907,'2005-11-20',106,501380,'2006-10-16',4,2,3,18),(1908,'2005-11-21',51,472668,'2006-04-04',1,2,1,22),(1909,'2005-11-21',119,508606,'2006-08-17',1,1,3,15),(1910,'2005-11-21',185,1179190,'2006-03-14',4,1,3,22),(1911,'2005-11-21',113,1059827,'2006-10-21',7,1,4,22),(1912,'2005-11-22',95,783370,'2006-09-04',5,2,2,18),(1913,'2005-11-22',287,1926344,'2006-06-18',5,1,3,20),(1914,'2005-11-22',161,914641,'2006-04-11',2,1,1,15),(1915,'2005-11-22',177,1736901,'2006-10-24',5,1,1,15),(1916,'2005-11-22',263,2323868,'2006-05-25',3,2,1,19),(1917,'2005-11-23',58,426010,'2006-03-09',2,2,3,15),(1918,'2005-11-23',45,301815,'2006-10-19',1,2,2,19),(1919,'2005-11-23',44,363968,'2006-09-02',3,1,3,15),(1920,'2005-11-23',243,2347137,'2006-07-19',4,2,2,17),(1921,'2005-11-24',87,655893,'2006-03-09',3,2,2,15),(1922,'2005-11-24',223,1360523,'2006-03-02',7,2,3,20),(1923,'2005-11-24',287,1276289,'2006-04-19',4,1,3,16),(1924,'2005-11-25',295,2613405,'2006-11-23',1,1,3,20),(1925,'2005-11-25',276,1817736,'2006-09-14',5,1,4,17),(1926,'2005-11-25',103,557127,'2006-05-08',4,1,2,19),(1927,'2005-11-26',46,187680,'2006-11-13',1,1,2,16),(1928,'2005-11-26',179,1674903,'2006-04-30',6,1,3,16),(1929,'2005-11-26',96,854496,'2006-03-28',6,1,2,19),(1930,'2005-11-26',276,1539252,'2006-09-20',5,1,3,22),(1931,'2005-11-27',288,1228320,'2006-09-23',7,1,3,18),(1932,'2005-11-27',88,795696,'2006-05-24',2,2,2,19),(1933,'2005-11-27',180,1688040,'2006-07-07',5,1,4,16),(1934,'2005-11-28',105,1021230,'2006-09-17',5,1,3,19),(1935,'2005-11-28',80,405280,'2006-03-29',5,1,3,17),(1936,'2005-11-28',249,1780350,'2006-03-14',6,2,4,15),(1937,'2005-11-28',188,1265992,'2006-10-21',4,2,2,17),(1938,'2005-11-29',154,783860,'2006-05-10',2,2,3,15),(1939,'2005-11-29',137,693631,'2006-07-21',5,1,2,17),(1940,'2005-11-30',102,941154,'2006-08-11',5,2,2,22),(1941,'2005-11-30',172,1701080,'2006-10-06',7,2,1,17),(1942,'2005-11-30',113,747947,'2006-06-09',3,1,2,15),(1943,'2005-12-01',289,1406563,'2006-08-10',3,2,1,19),(1944,'2005-12-01',210,1527120,'2006-06-17',2,1,2,20),(1945,'2005-12-03',264,1545720,'2006-06-09',2,2,1,17),(1946,'2005-12-03',264,2147112,'2006-05-10',6,1,4,17),(1947,'2005-12-03',176,1189936,'2006-08-12',6,1,1,20),(1948,'2005-12-04',176,1685904,'2006-07-29',7,1,4,19),(1949,'2005-12-05',85,693515,'2006-03-31',6,2,4,22),(1950,'2005-12-05',67,324213,'2006-04-10',5,2,4,22),(1951,'2005-12-05',162,753786,'2006-09-26',5,1,2,16),(1952,'2005-12-06',162,1341684,'2006-11-09',7,1,1,17),(1953,'2005-12-06',250,2103000,'2006-09-13',1,1,2,15),(1954,'2005-12-06',264,1346136,'2006-10-25',5,2,1,15),(1955,'2005-12-07',150,753900,'2006-03-30',7,2,4,22),(1956,'2005-12-07',202,1028382,'2006-05-07',5,2,2,22),(1957,'2005-12-08',293,2868470,'2006-03-18',3,1,4,19),(1958,'2005-12-09',296,1536832,'2006-08-22',1,1,1,22),(1959,'2005-12-09',203,1002211,'2006-10-04',7,2,3,18),(1960,'2005-12-09',287,2446962,'2006-11-10',5,2,3,22),(1961,'2005-12-09',171,807120,'2006-11-21',4,2,4,16),(1962,'2005-12-11',238,2203166,'2006-05-01',4,2,4,17),(1963,'2005-12-12',117,536679,'2006-07-19',3,1,3,17),(1964,'2005-12-13',116,804344,'2006-04-29',6,2,2,17),(1965,'2005-12-13',57,293949,'2006-11-06',1,1,1,15),(1966,'2005-12-13',66,270996,'2006-07-04',2,2,4,22),(1967,'2005-12-14',216,2046384,'2006-07-03',7,2,1,18),(1968,'2005-12-15',218,1732446,'2006-10-05',2,2,1,15),(1969,'2005-12-16',259,1842785,'2006-07-19',6,2,4,19),(1970,'2005-12-16',106,856692,'2006-06-12',7,2,4,17),(1971,'2005-12-16',135,857925,'2006-06-25',3,1,2,15),(1972,'2005-12-17',154,814968,'2006-11-26',7,1,3,17),(1973,'2005-12-17',67,490507,'2006-04-01',1,2,2,15),(1974,'2005-12-17',57,387828,'2006-03-25',1,1,2,22),(1975,'2005-12-17',147,907137,'2006-06-19',4,1,4,18),(1976,'2005-12-17',165,1393095,'2006-12-15',2,2,4,18),(1977,'2005-12-18',207,1395387,'2006-05-18',2,1,3,20),(1978,'2005-12-19',162,696762,'2006-07-06',7,2,3,17),(1979,'2005-12-20',238,2136288,'2006-09-01',5,1,4,20),(1980,'2005-12-20',281,2671748,'2006-12-18',2,2,1,16),(1981,'2005-12-20',49,425565,'2006-05-06',2,1,2,22),(1982,'2005-12-21',248,1036392,'2006-12-03',6,2,4,18),(1983,'2005-12-21',243,2390634,'2006-06-26',4,1,4,19),(1984,'2005-12-21',110,701250,'2006-11-11',3,2,3,16),(1985,'2005-12-21',289,2789428,'2006-04-29',6,2,3,19),(1986,'2005-12-21',190,940500,'2006-12-11',3,1,4,19),(1987,'2005-12-21',139,875978,'2006-05-04',1,1,2,22),(1988,'2005-12-22',210,1770930,'2006-04-20',5,1,2,18),(1989,'2005-12-22',276,2548584,'2006-10-13',7,2,4,18),(1990,'2005-12-22',203,2021880,'2006-04-29',4,1,3,22),(1991,'2005-12-22',274,2456958,'2006-10-03',3,2,3,19),(1992,'2005-12-22',116,984144,'2006-06-04',5,2,1,15),(1993,'2005-12-23',299,2110342,'2006-04-13',2,2,2,19),(1994,'2005-12-23',86,651192,'2006-04-23',7,2,2,16),(1995,'2005-12-23',267,2263626,'2006-07-04',2,1,4,15),(1996,'2005-12-23',178,1642584,'2006-12-18',5,2,3,16),(1997,'2005-12-23',206,1058840,'2006-04-02',7,2,3,19),(1998,'2005-12-24',264,2303928,'2006-04-17',2,2,3,16),(1999,'2005-12-24',243,1693710,'2006-05-23',6,2,3,19),(2000,'2005-12-25',96,456672,'2006-07-01',3,2,3,17),(2001,'2005-12-25',265,1348055,'2006-07-19',4,2,4,19),(2002,'2005-12-25',283,1653852,'2006-08-28',7,2,4,19),(2003,'2005-12-26',300,1432500,'2006-06-21',6,1,3,19),(2004,'2005-12-26',56,296856,'2006-06-06',3,1,4,20),(2005,'2005-12-26',142,629628,'2006-04-20',5,1,1,16),(2006,'2005-12-27',272,1774528,'2006-06-21',1,2,2,17),(2007,'2005-12-27',54,402462,'2006-10-06',3,1,4,16),(2008,'2005-12-27',221,1401361,'2006-03-30',7,1,4,20),(2009,'2005-12-27',137,927627,'2006-12-05',1,1,3,18),(2010,'2005-12-27',158,1040746,'2006-09-25',6,2,4,22),(2011,'2005-12-28',259,1555813,'2006-09-17',3,2,1,19),(2012,'2005-12-30',94,924866,'2006-12-23',6,2,3,18),(2013,'2005-12-30',137,740211,'2006-12-12',7,1,1,18),(2014,'2005-12-30',227,2029607,'2006-10-20',3,1,2,18),(2015,'2005-12-30',262,1407726,'2006-11-01',1,2,2,17),(2016,'2005-12-31',284,2815292,'2006-12-07',7,1,2,18),(2017,'2005-12-31',202,1329968,'2006-10-22',1,1,4,16),(2018,'2006-01-01',75,545925,'2006-09-08',5,2,4,17),(2019,'2006-01-01',204,1347420,'2006-07-13',1,1,3,17),(2020,'2006-01-01',80,322960,'2006-12-28',6,1,1,20),(2021,'2006-01-01',150,873000,'2006-12-17',3,1,1,15),(2022,'2006-01-02',129,588756,'2006-09-05',5,2,3,19),(2023,'2006-01-02',141,763233,'2006-12-26',2,2,2,20),(2024,'2006-01-02',271,2471249,'2006-04-04',7,1,2,18),(2025,'2006-01-02',277,1499678,'2006-11-03',2,1,1,17),(2026,'2006-01-03',216,1109808,'2006-06-24',3,1,4,15),(2027,'2006-01-03',41,368959,'2006-08-29',5,2,2,15),(2028,'2006-01-03',122,680760,'2006-05-01',2,2,4,18),(2029,'2006-01-03',179,1176209,'2006-06-29',2,1,4,20),(2030,'2006-01-03',229,2219468,'2006-07-12',7,1,4,19),(2031,'2006-01-03',233,1450425,'2006-07-16',1,2,1,17),(2032,'2006-01-03',116,616192,'2006-05-21',5,2,2,19),(2033,'2006-01-03',155,1247750,'2006-09-11',7,1,2,15),(2034,'2006-01-05',163,761047,'2006-10-16',7,1,2,22),(2035,'2006-01-05',289,1809140,'2006-09-12',5,2,1,22),(2036,'2006-01-05',90,446940,'2006-06-26',1,2,4,22),(2037,'2006-01-06',110,700700,'2006-04-20',2,2,4,17),(2038,'2006-01-06',283,2107784,'2006-04-19',2,1,4,20),(2039,'2006-01-06',199,1139076,'2006-06-21',1,2,4,16),(2040,'2006-01-07',207,2014110,'2006-11-01',3,1,1,22),(2041,'2006-01-07',120,823200,'2006-09-02',5,2,3,17),(2042,'2006-01-08',80,539280,'2006-08-01',4,2,4,19),(2043,'2006-01-08',280,2346400,'2006-05-07',7,1,2,15),(2044,'2006-01-08',107,567742,'2006-09-19',4,1,1,18),(2045,'2006-01-09',194,1792560,'2006-05-05',6,1,3,16),(2046,'2006-01-09',256,2331648,'2006-11-26',5,1,2,15),(2047,'2006-01-09',249,2053005,'2006-07-24',6,1,4,22),(2048,'2006-01-10',170,1102280,'2006-08-05',2,2,3,18),(2049,'2006-01-10',275,1856525,'2006-09-04',7,2,4,15),(2050,'2006-01-10',180,1741320,'2006-06-08',7,1,4,15),(2051,'2006-01-11',130,1275560,'2006-11-13',1,2,3,15),(2052,'2006-01-11',68,386036,'2006-10-14',5,1,2,17),(2053,'2006-01-11',185,1730675,'2006-10-07',3,2,2,17),(2054,'2006-01-11',247,1568697,'2006-05-14',3,2,3,15),(2055,'2006-01-11',271,1196465,'2006-08-05',5,1,4,15),(2056,'2006-01-12',289,2462280,'2007-01-05',6,1,2,20),(2057,'2006-01-12',54,419256,'2006-11-30',5,1,4,17),(2058,'2006-01-13',122,1184376,'2006-10-03',5,1,3,17),(2059,'2006-01-13',98,738430,'2006-12-28',3,1,4,17),(2060,'2006-01-13',207,1437408,'2006-08-21',3,2,4,15),(2061,'2006-01-13',261,1615851,'2006-12-25',4,2,1,17),(2062,'2006-01-13',54,466722,'2006-05-21',2,1,1,22),(2063,'2006-01-13',274,1450556,'2006-09-03',4,2,4,16),(2064,'2006-01-14',144,1331856,'2006-12-19',5,1,4,22),(2065,'2006-01-14',148,873200,'2006-09-26',7,2,3,18),(2066,'2006-01-14',165,1461570,'2006-10-17',2,1,2,18),(2067,'2006-01-14',129,562827,'2006-11-16',3,1,1,18),(2068,'2006-01-14',255,2494410,'2006-11-22',2,1,1,19),(2069,'2006-01-15',199,1685132,'2006-11-07',3,1,4,15),(2070,'2006-01-15',245,2399040,'2006-05-31',4,2,4,15),(2071,'2006-01-15',272,2487712,'2006-04-25',3,1,1,19),(2072,'2006-01-15',93,808170,'2006-07-03',7,2,4,19),(2073,'2006-01-15',239,2030783,'2006-12-16',7,2,2,18),(2074,'2006-01-16',80,363280,'2006-12-19',5,2,4,18),(2075,'2006-01-16',209,1355365,'2006-07-01',2,2,1,17),(2076,'2006-01-17',267,1074675,'2006-10-20',6,2,4,17),(2077,'2006-01-17',246,2398008,'2006-05-22',5,1,1,18),(2078,'2006-01-17',123,609342,'2006-05-10',3,1,4,17),(2079,'2006-01-17',221,1411969,'2006-07-26',5,1,4,22),(2080,'2006-01-18',234,2049606,'2006-04-21',4,2,2,15),(2081,'2006-01-18',66,500610,'2006-05-15',2,2,2,15),(2082,'2006-01-19',114,938562,'2006-06-16',6,1,3,18),(2083,'2006-01-19',267,2245203,'2006-07-28',6,2,2,20),(2084,'2006-01-19',188,1422220,'2006-07-20',1,1,2,19),(2085,'2006-01-19',296,2387832,'2006-06-28',5,2,2,16),(2086,'2006-01-20',256,1428480,'2006-06-26',2,1,2,20),(2087,'2006-01-20',265,2119735,'2006-10-15',1,1,4,19),(2088,'2006-01-21',101,674276,'2006-10-30',5,2,1,17),(2089,'2006-01-21',41,255061,'2006-12-15',4,1,3,16),(2090,'2006-01-21',178,1104846,'2006-06-08',4,1,1,22),(2091,'2006-01-23',171,1298403,'2006-08-31',4,2,1,16),(2092,'2006-01-23',85,472685,'2006-09-01',4,2,2,17),(2093,'2006-01-23',293,1182841,'2006-06-15',5,1,3,16),(2094,'2006-01-23',154,1427118,'2006-10-03',7,1,2,15),(2095,'2006-01-23',40,272880,'2006-09-01',2,2,1,16),(2096,'2006-01-23',137,831316,'2006-11-11',2,1,1,19),(2097,'2006-01-23',190,1469460,'2007-01-10',2,1,3,17),(2098,'2006-01-24',123,1133199,'2006-09-23',3,1,2,15),(2099,'2006-01-24',144,1247760,'2006-08-03',2,2,1,19),(2100,'2006-01-24',80,727680,'2006-07-12',7,2,1,15),(2101,'2006-01-24',220,1522840,'2006-05-02',6,2,3,20),(2102,'2006-01-24',197,1489911,'2006-04-24',2,2,3,20),(2103,'2006-01-25',229,1447509,'2006-04-29',7,1,3,20),(2104,'2006-01-25',223,1970874,'2006-06-08',3,2,4,19),(2105,'2006-01-25',237,1438827,'2006-05-12',3,1,1,19),(2106,'2006-01-25',212,1440540,'2006-10-10',1,1,3,16),(2107,'2006-01-25',84,816228,'2006-12-22',5,2,1,22),(2108,'2006-01-26',139,1197485,'2007-01-24',3,2,3,17),(2109,'2006-01-26',91,528892,'2006-12-14',7,2,1,15),(2110,'2006-01-26',273,1528254,'2006-06-15',4,1,4,16),(2111,'2006-01-26',261,2233899,'2006-10-29',3,2,1,22),(2112,'2006-01-26',81,709560,'2006-06-28',1,2,3,19),(2113,'2006-01-26',258,2111472,'2006-05-31',3,2,1,20),(2114,'2006-01-27',136,656744,'2006-05-15',3,1,1,19),(2115,'2006-01-28',254,1713992,'2006-07-08',7,1,3,22),(2116,'2006-01-28',294,1355046,'2006-10-02',1,1,3,15),(2117,'2006-01-29',95,748790,'2007-01-08',4,1,1,17),(2118,'2006-01-29',246,1285842,'2006-08-09',5,2,1,18),(2119,'2006-01-29',98,509600,'2006-11-10',4,1,2,20),(2120,'2006-01-30',75,378900,'2006-12-16',3,1,2,18),(2121,'2006-01-30',169,810186,'2006-12-05',5,1,3,18),(2122,'2006-01-30',123,757434,'2006-08-23',3,1,2,17),(2123,'2006-01-31',56,550816,'2006-12-03',2,2,4,19),(2124,'2006-02-01',89,475171,'2006-10-12',1,2,1,22),(2125,'2006-02-01',95,650750,'2006-09-24',7,2,4,20),(2126,'2006-02-01',252,2381400,'2006-06-13',6,2,4,17),(2127,'2006-02-01',157,1409546,'2007-01-05',6,2,1,19),(2128,'2006-02-02',264,2181432,'2006-12-25',1,2,1,22),(2129,'2006-02-02',234,1286766,'2006-10-12',7,1,4,16),(2130,'2006-02-02',168,928368,'2006-12-25',6,2,1,15),(2131,'2006-02-02',288,1820448,'2006-11-13',3,1,3,18),(2132,'2006-02-03',210,1482810,'2006-11-23',4,1,3,18),(2133,'2006-02-03',40,190280,'2006-11-22',7,2,4,17),(2134,'2006-02-03',235,2290545,'2006-08-22',1,2,1,22),(2135,'2006-02-04',283,1709037,'2006-07-14',5,1,3,18),(2136,'2006-02-04',68,669664,'2006-05-29',6,2,3,16),(2137,'2006-02-04',216,1204200,'2007-01-17',2,2,3,15),(2138,'2006-02-04',108,1041120,'2006-05-07',1,2,2,15),(2139,'2006-02-05',129,1140876,'2006-07-02',5,1,1,15),(2140,'2006-02-05',194,1315126,'2006-09-11',6,1,1,17),(2141,'2006-02-06',65,272545,'2006-06-23',5,1,1,19),(2142,'2006-02-06',88,808192,'2007-01-17',4,1,3,15),(2143,'2006-02-06',124,536672,'2007-01-30',1,1,3,16),(2144,'2006-02-07',218,1677728,'2006-05-19',6,1,3,16),(2145,'2006-02-07',46,224342,'2006-06-14',3,2,3,16),(2146,'2006-02-07',95,570760,'2006-07-01',6,2,3,15),(2147,'2006-02-07',104,682240,'2006-08-30',7,2,4,22),(2148,'2006-02-07',206,1747292,'2006-06-11',3,1,3,16),(2149,'2006-02-08',142,693244,'2006-09-19',3,1,4,20),(2150,'2006-02-08',211,1155436,'2006-12-27',5,1,4,20),(2151,'2006-02-09',43,303365,'2006-12-24',2,2,1,20),(2152,'2006-02-09',293,1298869,'2006-07-11',6,2,4,22),(2153,'2006-02-09',227,2001232,'2006-12-06',1,2,4,19),(2154,'2006-02-09',200,1539800,'2006-12-25',3,2,2,18),(2155,'2006-02-09',252,1949220,'2006-10-20',5,1,2,17),(2156,'2006-02-09',259,1627556,'2006-05-30',5,1,3,19),(2157,'2006-02-10',254,1522222,'2007-02-05',7,2,3,20),(2158,'2006-02-11',96,652896,'2006-11-07',7,2,3,20),(2159,'2006-02-11',233,1157544,'2006-06-10',3,2,4,18),(2160,'2006-02-12',118,734786,'2006-07-19',6,1,3,15),(2161,'2006-02-12',210,1511160,'2006-10-21',1,2,1,19),(2162,'2006-02-12',184,864248,'2006-07-18',6,1,4,16),(2163,'2006-02-12',141,1401822,'2006-05-29',6,1,1,17),(2164,'2006-02-12',62,506540,'2006-10-08',3,2,3,16),(2165,'2006-02-13',83,444299,'2007-01-18',7,2,4,22),(2166,'2006-02-14',131,1163542,'2007-01-18',1,1,2,15),(2167,'2006-02-15',149,1436211,'2007-02-01',4,2,4,19),(2168,'2006-02-15',84,481992,'2006-07-28',6,1,3,18),(2169,'2006-02-15',227,2069786,'2006-10-16',4,2,3,20),(2170,'2006-02-15',132,973764,'2006-05-19',1,1,3,22),(2171,'2006-02-16',114,636918,'2007-01-10',5,1,4,20),(2172,'2006-02-16',201,1733022,'2006-09-08',5,1,1,17),(2173,'2006-02-16',279,2331324,'2006-08-02',3,2,3,20),(2174,'2006-02-16',188,1541976,'2006-07-19',4,2,1,22),(2175,'2006-02-16',117,561132,'2006-10-08',7,1,1,19),(2176,'2006-02-16',276,1302720,'2006-11-09',4,1,3,20),(2177,'2006-02-17',78,366132,'2006-11-20',4,1,4,19),(2178,'2006-02-17',271,2108109,'2006-12-24',5,2,2,17),(2179,'2006-02-17',127,928243,'2006-05-25',3,2,2,19),(2180,'2006-02-17',101,673670,'2006-07-05',6,1,3,15),(2181,'2006-02-17',153,1140156,'2006-06-30',4,2,1,19),(2182,'2006-02-18',126,1031058,'2006-09-13',5,2,3,16),(2183,'2006-02-18',55,262185,'2007-02-02',2,2,3,15),(2184,'2006-02-18',107,839522,'2006-08-11',4,1,3,16),(2185,'2006-02-18',88,770968,'2006-10-27',2,1,2,16),(2186,'2006-02-20',228,1815336,'2006-06-10',1,1,4,15),(2187,'2006-02-20',71,342078,'2006-12-28',5,1,3,20),(2188,'2006-02-20',245,1660120,'2006-11-26',3,2,2,15),(2189,'2006-02-20',271,1647409,'2007-01-12',2,2,2,17),(2190,'2006-02-20',217,1912638,'2006-10-22',6,2,3,17),(2191,'2006-02-20',88,544896,'2006-12-08',7,1,3,22),(2192,'2006-02-21',249,1307250,'2006-11-20',7,2,1,16),(2193,'2006-02-21',260,2470000,'2006-05-27',1,1,4,22),(2194,'2006-02-21',154,1109262,'2006-06-06',2,1,3,15),(2195,'2006-02-22',168,850752,'2006-07-12',7,2,1,18),(2196,'2006-02-22',64,319616,'2006-07-06',3,1,4,16),(2197,'2006-02-22',160,800160,'2006-10-12',3,2,1,22),(2198,'2006-02-22',110,704770,'2007-01-17',2,2,4,17),(2199,'2006-02-22',193,982563,'2006-05-26',5,2,3,18),(2200,'2006-02-23',272,1586032,'2007-01-23',7,2,2,22),(2201,'2006-02-24',257,1598283,'2007-02-03',5,1,4,17),(2202,'2006-02-24',135,764505,'2006-06-10',1,2,4,19),(2203,'2006-02-24',78,443976,'2006-07-17',7,1,3,15),(2204,'2006-02-27',81,788697,'2006-08-18',5,1,3,22),(2205,'2006-02-27',166,685082,'2007-02-02',5,2,1,17),(2206,'2006-02-28',121,1002122,'2006-07-13',7,2,2,22),(2207,'2006-02-28',281,2577332,'2006-07-03',7,2,4,16),(2208,'2006-02-28',100,888900,'2006-08-02',5,2,3,16),(2209,'2006-03-01',296,1761200,'2007-02-13',3,2,3,20),(2210,'2006-03-01',240,1706400,'2006-08-29',2,1,1,15),(2211,'2006-03-01',146,1095146,'2006-10-21',2,2,1,16),(2212,'2006-03-01',287,1351196,'2006-06-18',2,2,4,19),(2213,'2006-03-02',97,493924,'2007-01-21',4,1,2,17),(2214,'2006-03-02',249,1882440,'2006-12-16',5,2,2,16),(2215,'2006-03-02',141,659316,'2006-10-14',4,1,1,19),(2216,'2006-03-03',125,657500,'2007-03-02',7,1,2,22),(2217,'2006-03-03',130,703950,'2006-10-28',2,2,3,15),(2218,'2006-03-03',243,1918728,'2006-07-26',7,1,4,16),(2219,'2006-03-03',74,697746,'2007-01-11',3,1,1,15),(2220,'2006-03-04',48,348720,'2006-11-26',4,1,1,15),(2221,'2006-03-04',269,1908286,'2007-01-29',1,1,2,17),(2222,'2006-03-04',201,1929198,'2006-08-16',5,2,2,18),(2223,'2006-03-04',99,927927,'2006-09-04',6,1,2,20),(2224,'2006-03-05',293,1996209,'2006-07-26',1,2,4,17),(2225,'2006-03-05',243,1552041,'2006-12-03',4,2,3,20),(2226,'2006-03-05',177,980934,'2006-09-11',3,1,2,19),(2227,'2006-03-06',131,732028,'2006-07-04',7,2,2,18),(2228,'2006-03-06',176,1463264,'2006-12-21',4,2,3,20),(2229,'2006-03-06',126,1177722,'2007-02-14',2,1,1,20),(2230,'2006-03-06',143,1205347,'2006-12-22',2,1,2,16),(2231,'2006-03-07',223,1510825,'2006-06-19',5,1,2,20),(2232,'2006-03-07',227,2257515,'2007-02-06',1,2,4,22),(2233,'2006-03-07',162,1202850,'2006-11-30',4,1,2,18),(2234,'2006-03-08',177,1191033,'2006-06-27',3,1,4,16),(2235,'2006-03-08',62,500836,'2007-02-16',4,2,4,20),(2236,'2006-03-08',138,1343844,'2007-01-01',6,2,3,16),(2237,'2006-03-08',248,1460224,'2007-01-26',5,2,3,19),(2238,'2006-03-08',217,1659833,'2007-03-01',7,1,1,19),(2239,'2006-03-09',272,1705712,'2006-06-19',3,1,3,20),(2240,'2006-03-09',52,503828,'2006-09-26',7,2,2,15),(2241,'2006-03-11',258,1930614,'2006-07-07',4,1,2,17),(2242,'2006-03-11',84,708792,'2007-02-26',5,2,3,22),(2243,'2006-03-11',45,446940,'2006-07-17',6,1,4,16),(2244,'2006-03-12',150,1159650,'2006-09-22',7,1,2,19),(2245,'2006-03-13',182,1489124,'2007-02-22',1,1,4,20),(2246,'2006-03-13',240,2175360,'2006-09-07',5,1,2,15),(2247,'2006-03-13',214,1331936,'2006-12-04',5,1,3,22),(2248,'2006-03-13',143,616044,'2007-01-19',7,2,4,17),(2249,'2006-03-14',229,1243699,'2007-02-11',4,2,2,16),(2250,'2006-03-14',63,343602,'2006-10-16',5,1,4,16),(2251,'2006-03-15',283,1219730,'2006-07-26',7,1,2,22),(2252,'2006-03-15',48,400512,'2006-07-22',1,2,1,15),(2253,'2006-03-16',258,1646556,'2006-11-30',6,2,3,19),(2254,'2006-03-16',87,603780,'2007-03-07',3,1,3,15),(2255,'2006-03-16',178,1171418,'2006-12-05',3,1,1,16),(2256,'2006-03-17',121,764115,'2006-11-19',5,1,4,20),(2257,'2006-03-17',196,1611708,'2007-01-08',6,1,2,17),(2258,'2006-03-18',60,358620,'2006-11-26',1,1,4,17),(2259,'2006-03-19',286,1413698,'2007-03-15',3,1,2,18),(2260,'2006-03-19',83,743265,'2007-01-03',3,1,4,20),(2261,'2006-03-20',93,435333,'2006-10-19',5,1,1,20),(2262,'2006-03-20',199,1685729,'2006-12-27',6,2,3,19),(2263,'2006-03-20',220,1550780,'2006-10-21',7,1,3,20),(2264,'2006-03-20',274,1456858,'2006-07-28',5,1,1,16),(2265,'2006-03-21',149,948832,'2007-01-14',2,1,3,20),(2266,'2006-03-21',290,2797050,'2006-10-02',3,2,2,17),(2267,'2006-03-21',151,776442,'2006-08-21',2,2,4,22),(2268,'2006-03-21',97,885998,'2007-01-31',1,1,2,18),(2269,'2006-03-23',185,867465,'2007-02-05',5,2,3,20),(2270,'2006-03-23',202,823150,'2007-01-31',3,2,2,19),(2271,'2006-03-23',225,1501650,'2006-06-22',2,1,2,15),(2272,'2006-03-24',191,926350,'2006-09-22',2,1,3,16),(2273,'2006-03-25',150,1396200,'2006-07-31',6,1,3,19),(2274,'2006-03-26',114,978120,'2007-01-19',1,1,1,17),(2275,'2006-03-26',114,461130,'2006-12-26',4,2,3,20),(2276,'2006-03-26',235,2145315,'2007-02-09',7,1,4,22),(2277,'2006-03-26',263,2034042,'2006-09-08',3,2,2,19),(2278,'2006-03-26',294,2427558,'2007-01-30',3,1,3,20),(2279,'2006-03-28',66,328482,'2006-12-14',3,2,3,16),(2280,'2006-03-28',290,1442460,'2007-01-28',1,1,3,22),(2281,'2006-03-28',254,1558036,'2007-03-15',4,1,4,17),(2282,'2006-03-29',76,385396,'2007-02-17',7,2,3,16),(2283,'2006-03-29',42,238014,'2006-09-04',3,1,2,19),(2284,'2006-03-29',70,433370,'2006-09-20',2,1,2,15),(2285,'2006-03-30',203,875336,'2006-08-28',6,2,2,19),(2286,'2006-03-30',108,780516,'2006-10-07',2,2,1,22),(2287,'2006-03-30',230,1690730,'2006-11-15',4,2,3,19),(2288,'2006-03-30',134,780148,'2006-08-23',5,2,2,19),(2289,'2006-03-31',111,882783,'2006-09-07',5,2,4,19),(2290,'2006-03-31',97,950891,'2007-03-13',6,2,1,16),(2291,'2006-03-31',283,1227937,'2006-12-31',6,2,2,17),(2292,'2006-03-31',295,1490930,'2007-03-14',4,2,4,19),(2293,'2006-04-01',102,828138,'2006-11-12',2,2,3,15),(2294,'2006-04-01',112,485520,'2006-12-08',4,2,3,15),(2295,'2006-04-01',155,1425690,'2006-11-08',2,2,4,16),(2296,'2006-04-01',118,746940,'2006-11-25',7,1,3,18),(2297,'2006-04-01',164,771292,'2006-09-22',7,1,1,15),(2298,'2006-04-01',118,733134,'2007-01-21',3,2,3,19),(2299,'2006-04-02',41,403727,'2006-12-26',5,1,2,15),(2300,'2006-04-02',128,1213312,'2006-11-02',3,2,3,22),(2301,'2006-04-02',190,1760920,'2006-10-22',7,1,3,22),(2302,'2006-04-03',123,978588,'2006-08-09',4,1,3,20),(2303,'2006-04-03',79,595660,'2006-09-03',5,1,2,19),(2304,'2006-04-04',185,779220,'2006-10-26',2,2,4,17),(2305,'2006-04-04',180,1071720,'2007-03-31',7,1,4,19),(2306,'2006-04-04',150,1267950,'2006-09-15',6,2,1,20),(2307,'2006-04-05',154,1405404,'2006-09-08',2,1,3,18),(2308,'2006-04-05',261,2598516,'2006-08-29',2,1,1,22),(2309,'2006-04-05',298,2236490,'2007-01-07',1,2,3,17),(2310,'2006-04-06',82,593352,'2006-11-25',4,2,2,19),(2311,'2006-04-06',80,770800,'2006-11-02',4,1,2,22),(2312,'2006-04-07',261,1189377,'2006-09-19',1,1,2,19),(2313,'2006-04-07',82,418610,'2007-03-03',4,1,2,19),(2314,'2006-04-07',234,1475136,'2006-09-18',4,1,4,16),(2315,'2006-04-07',84,412272,'2006-11-08',2,1,1,18),(2316,'2006-04-07',181,1789185,'2007-01-27',1,2,2,22),(2317,'2006-04-08',151,737635,'2007-03-12',1,2,3,18),(2318,'2006-04-08',179,809080,'2006-09-01',4,2,3,17),(2319,'2006-04-09',47,313537,'2007-01-05',6,2,1,16),(2320,'2006-04-09',113,704894,'2007-01-27',3,1,3,16),(2321,'2006-04-09',58,407044,'2006-08-29',7,1,3,15),(2322,'2006-04-09',45,402885,'2007-03-28',7,1,4,22),(2323,'2006-04-09',141,1058628,'2007-01-29',2,2,3,15),(2324,'2006-04-10',182,1400308,'2007-01-07',6,2,2,16),(2325,'2006-04-10',89,711199,'2006-08-21',1,1,4,15),(2326,'2006-04-10',89,729444,'2006-12-27',7,2,2,17),(2327,'2006-04-11',161,1240827,'2007-03-05',5,2,3,16),(2328,'2006-04-11',130,1276600,'2007-01-04',2,1,4,16),(2329,'2006-04-12',188,1772840,'2006-12-08',2,2,3,19),(2330,'2006-04-12',124,1026596,'2007-03-28',1,1,3,16),(2331,'2006-04-12',224,1901536,'2007-03-23',1,2,1,22),(2332,'2006-04-12',180,984780,'2006-09-01',5,2,1,22),(2333,'2006-04-13',135,973890,'2007-01-09',5,2,1,16),(2334,'2006-04-13',288,1781568,'2006-09-24',5,2,4,17),(2335,'2006-04-14',265,1944570,'2006-09-27',3,2,2,17),(2336,'2006-04-14',189,1192401,'2007-03-20',5,1,4,15),(2337,'2006-04-14',193,1826938,'2006-09-12',2,2,4,18),(2338,'2006-04-15',154,960960,'2007-03-23',5,1,2,17),(2339,'2006-04-16',211,958151,'2007-02-01',2,2,1,15),(2340,'2006-04-16',196,1670116,'2006-09-19',7,2,3,19),(2341,'2006-04-17',220,1282820,'2006-11-25',6,2,2,15),(2342,'2006-04-17',244,1386164,'2007-03-27',4,2,1,17),(2343,'2006-04-18',166,971100,'2007-03-02',6,1,1,22),(2344,'2006-04-20',120,1085160,'2006-08-14',3,1,2,16),(2345,'2006-04-20',89,673552,'2007-01-21',3,1,4,22),(2346,'2006-04-21',143,1258972,'2006-12-03',5,2,1,16),(2347,'2006-04-21',205,886215,'2006-12-05',3,2,2,22),(2348,'2006-04-21',121,652190,'2006-12-09',4,1,1,20),(2349,'2006-04-22',107,668322,'2007-04-13',7,2,2,17),(2350,'2006-04-22',62,433008,'2006-10-20',3,2,1,20),(2351,'2006-04-22',94,559206,'2006-09-23',1,1,1,18),(2352,'2006-04-22',252,1690164,'2006-11-16',2,2,3,18),(2353,'2006-04-22',160,745600,'2007-01-06',3,2,4,20),(2354,'2006-04-22',48,224304,'2007-02-11',4,1,1,22),(2355,'2006-04-22',289,1504823,'2006-10-31',7,2,4,18),(2356,'2006-04-23',199,1777866,'2006-12-23',1,2,2,19),(2357,'2006-04-23',75,622200,'2006-11-26',5,1,2,19),(2358,'2006-04-23',287,1567020,'2006-08-17',4,2,2,15),(2359,'2006-04-25',193,1363352,'2007-04-02',4,1,2,22),(2360,'2006-04-25',212,1203524,'2007-04-14',6,1,3,16),(2361,'2006-04-26',218,2136182,'2007-01-14',2,2,4,15),(2362,'2006-04-26',187,1359677,'2007-02-12',5,1,3,19),(2363,'2006-04-27',286,2398682,'2006-08-06',1,1,3,18),(2364,'2006-04-28',70,533680,'2007-01-09',1,1,2,20),(2365,'2006-04-28',279,1794807,'2006-11-18',2,1,3,15),(2366,'2006-04-28',270,1716390,'2006-11-22',1,1,3,22),(2367,'2006-04-29',243,2047761,'2006-10-12',2,2,3,17),(2368,'2006-04-29',134,1024698,'2006-11-09',7,2,1,22),(2369,'2006-04-29',69,464577,'2006-09-20',6,1,1,20),(2370,'2006-04-29',132,580800,'2007-03-13',6,1,1,18),(2371,'2006-04-29',270,2364390,'2007-04-02',4,2,1,15),(2372,'2006-04-30',220,1548800,'2006-10-04',2,1,2,16),(2373,'2006-04-30',200,1996000,'2006-08-05',6,2,4,18),(2374,'2006-05-01',239,1264310,'2007-02-15',6,2,1,17),(2375,'2006-05-01',138,686826,'2007-04-30',2,2,2,20),(2376,'2006-05-01',296,2813776,'2006-10-22',7,1,3,15),(2377,'2006-05-01',123,984369,'2007-03-23',1,1,2,18),(2378,'2006-05-02',292,1538256,'2007-05-01',2,2,4,22),(2379,'2006-05-02',233,1220454,'2007-04-18',6,2,4,18),(2380,'2006-05-02',238,1953742,'2006-12-19',6,1,3,16),(2381,'2006-05-02',205,1921260,'2006-12-17',1,2,2,22),(2382,'2006-05-03',148,749472,'2006-10-26',7,2,4,17),(2383,'2006-05-03',250,1002500,'2007-01-16',5,1,2,20),(2384,'2006-05-03',91,680043,'2007-02-03',7,2,2,16),(2385,'2006-05-03',188,1769644,'2007-02-23',5,1,4,15),(2386,'2006-05-03',144,1211184,'2007-02-27',6,1,1,22),(2387,'2006-05-04',294,1784580,'2007-01-28',7,2,2,19),(2388,'2006-05-05',106,594130,'2006-12-03',1,2,1,17),(2389,'2006-05-05',250,2281250,'2007-03-08',2,1,2,19),(2390,'2006-05-05',290,1853390,'2007-05-01',7,2,1,16),(2391,'2006-05-08',257,1591344,'2007-01-19',7,1,4,15),(2392,'2006-05-08',92,783380,'2007-05-07',3,2,1,22),(2393,'2006-05-09',283,2072692,'2006-10-02',6,1,3,22),(2394,'2006-05-09',171,708795,'2007-04-07',5,2,2,19),(2395,'2006-05-10',300,2585100,'2006-10-15',6,1,3,22),(2396,'2006-05-11',170,1602930,'2006-11-05',2,2,4,19),(2397,'2006-05-12',236,2001280,'2007-03-04',1,1,4,22),(2398,'2006-05-12',92,506184,'2006-12-29',1,1,3,15),(2399,'2006-05-12',106,729280,'2007-03-22',6,2,3,17),(2400,'2006-05-12',104,831896,'2007-02-22',4,1,1,17),(2401,'2006-05-13',216,2144448,'2007-01-26',2,2,2,19),(2402,'2006-05-13',86,360942,'2006-11-17',4,1,1,17),(2403,'2006-05-13',275,1819950,'2006-11-11',3,1,1,15),(2404,'2006-05-13',221,1356498,'2006-10-10',3,2,2,22),(2405,'2006-05-14',210,1371720,'2007-03-26',1,1,4,15),(2406,'2006-05-14',197,1840571,'2006-10-10',4,1,3,18),(2407,'2006-05-14',139,560170,'2006-08-27',2,2,4,20),(2408,'2006-05-14',199,817094,'2006-10-12',6,1,3,17),(2409,'2006-05-14',195,1790490,'2006-12-16',4,1,1,16),(2410,'2006-05-15',67,615663,'2007-03-24',1,2,3,19),(2411,'2006-05-15',201,1163388,'2007-01-24',5,2,3,19),(2412,'2006-05-16',277,1802993,'2007-03-01',2,1,2,15),(2413,'2006-05-16',123,499380,'2006-08-17',4,1,3,19),(2414,'2006-05-16',257,2203004,'2006-11-15',3,1,1,18),(2415,'2006-05-16',295,2200405,'2007-03-24',3,2,2,20),(2416,'2006-05-16',179,832529,'2006-09-29',4,2,2,20),(2417,'2006-05-17',184,1113016,'2007-01-15',2,2,2,17),(2418,'2006-05-18',167,853370,'2006-09-22',5,1,2,15),(2419,'2006-05-18',176,1214576,'2006-10-08',3,1,1,15),(2420,'2006-05-18',149,1099024,'2006-10-01',6,1,1,15),(2421,'2006-05-19',49,248283,'2007-04-14',5,1,3,18),(2422,'2006-05-19',280,2370200,'2007-02-04',5,2,3,16),(2423,'2006-05-20',156,1294176,'2006-10-05',3,1,2,22),(2424,'2006-05-20',225,1752975,'2006-09-22',3,1,4,22),(2425,'2006-05-20',285,2603190,'2006-11-15',4,2,4,20),(2426,'2006-05-20',247,2320565,'2007-05-01',4,2,2,18),(2427,'2006-05-21',213,928041,'2006-12-10',1,2,4,19),(2428,'2006-05-21',277,2268076,'2007-01-25',5,1,1,22),(2429,'2006-05-21',273,2682225,NULL,7,2,2,22),(2430,'2006-05-21',245,2037420,'2007-04-04',7,2,2,17),(2431,'2006-05-22',271,2303500,'2007-01-22',4,2,1,15),(2432,'2006-05-22',232,1699168,'2006-08-27',2,1,4,17),(2433,'2006-05-22',203,1315846,'2007-02-27',6,2,2,17),(2434,'2006-05-23',202,1112010,'2007-01-29',7,1,3,15),(2435,'2006-05-24',125,822625,'2007-01-31',1,1,1,22),(2436,'2006-05-25',61,380274,NULL,4,2,2,19),(2437,'2006-05-25',195,1927770,'2007-01-10',7,1,3,22),(2438,'2006-05-26',129,818505,'2006-08-30',6,2,1,16),(2439,'2006-05-26',43,379905,'2006-12-26',6,1,4,20),(2440,'2006-05-26',278,2336590,'2006-12-26',5,1,2,19),(2441,'2006-05-27',207,1381104,'2007-04-30',6,1,4,19),(2442,'2006-05-27',80,786320,'2007-01-05',2,1,1,19),(2443,'2006-05-27',233,1682260,NULL,6,1,2,22),(2444,'2006-05-28',106,795318,'2006-09-11',3,1,3,16),(2445,'2006-05-28',194,1466058,'2007-01-29',1,1,1,22),(2446,'2006-05-28',253,1162788,'2007-01-22',6,1,2,17),(2447,'2006-05-28',106,922200,'2007-03-16',6,2,2,18),(2448,'2006-05-29',40,328720,'2007-03-20',2,1,3,16),(2449,'2006-05-29',228,2203620,'2007-03-29',4,2,4,18),(2450,'2006-05-29',202,1524898,'2006-12-28',1,2,2,15),(2451,'2006-05-30',65,458640,'2006-11-26',3,2,4,18),(2452,'2006-05-30',83,825518,'2007-04-29',4,2,1,22),(2453,'2006-05-30',181,1438226,'2006-12-27',2,2,3,15),(2454,'2006-05-31',86,419250,'2006-11-26',7,1,1,17),(2455,'2006-05-31',190,1410370,'2006-11-01',7,2,3,17),(2456,'2006-05-31',156,916500,'2006-09-11',7,2,4,17),(2457,'2006-06-01',234,1305720,'2006-08-31',6,2,1,16),(2458,'2006-06-01',167,685368,'2007-01-13',7,1,3,16),(2459,'2006-06-01',270,1097010,'2007-04-02',7,2,1,18),(2460,'2006-06-02',209,2017268,'2007-01-26',7,1,4,19),(2461,'2006-06-02',189,1342278,'2006-12-16',1,1,2,18),(2462,'2006-06-02',246,1044762,'2007-03-22',6,2,1,20),(2463,'2006-06-03',110,1026300,'2007-02-08',6,2,2,17),(2464,'2006-06-03',262,1843694,'2006-12-29',4,2,3,16),(2465,'2006-06-03',122,1107028,'2006-11-19',5,2,1,17);
/*!40000 ALTER TABLE `operaciones` ENABLE KEYS */;
UNLOCK TABLES;

--
-- Table structure for table `provincias`
--

DROP TABLE IF EXISTS `provincias`;
/*!40101 SET @saved_cs_client     = @@character_set_client */;
/*!40101 SET character_set_client = utf8 */;
CREATE TABLE `provincias` (
  `id_provincia` int(10) unsigned NOT NULL AUTO_INCREMENT,
  `descripcion` varchar(45) NOT NULL,
  PRIMARY KEY (`id_provincia`)
) ENGINE=InnoDB AUTO_INCREMENT=9 DEFAULT CHARSET=latin1;
/*!40101 SET character_set_client = @saved_cs_client */;

--
-- Dumping data for table `provincias`
--

LOCK TABLES `provincias` WRITE;
/*!40000 ALTER TABLE `provincias` DISABLE KEYS */;
INSERT INTO `provincias` VALUES (1,'Córdoba'),(2,'Chaco'),(3,'Entre Ríos'),(4,'Santa Fe'),(8,'Corrientes');
/*!40000 ALTER TABLE `provincias` ENABLE KEYS */;
UNLOCK TABLES;

--
-- Table structure for table `tipo_operacion`
--

DROP TABLE IF EXISTS `tipo_operacion`;
/*!40101 SET @saved_cs_client     = @@character_set_client */;
/*!40101 SET character_set_client = utf8 */;
CREATE TABLE `tipo_operacion` (
  `id_tipo_operacion` int(10) unsigned NOT NULL AUTO_INCREMENT,
  `descripcion` varchar(45) NOT NULL,
  PRIMARY KEY (`id_tipo_operacion`)
) ENGINE=InnoDB AUTO_INCREMENT=5 DEFAULT CHARSET=latin1;
/*!40101 SET character_set_client = @saved_cs_client */;

--
-- Dumping data for table `tipo_operacion`
--

LOCK TABLES `tipo_operacion` WRITE;
/*!40000 ALTER TABLE `tipo_operacion` DISABLE KEYS */;
INSERT INTO `tipo_operacion` VALUES (1,'Alquiler'),(2,'Venta'),(4,'Permuta');
/*!40000 ALTER TABLE `tipo_operacion` ENABLE KEYS */;
UNLOCK TABLES;

--
-- Table structure for table `tipo_propiedad`
--

DROP TABLE IF EXISTS `tipo_propiedad`;
/*!40101 SET @saved_cs_client     = @@character_set_client */;
/*!40101 SET character_set_client = utf8 */;
CREATE TABLE `tipo_propiedad` (
  `id_tipo_propiedad` int(10) unsigned NOT NULL AUTO_INCREMENT,
  `descripcion` varchar(45) NOT NULL,
  PRIMARY KEY (`id_tipo_propiedad`)
) ENGINE=InnoDB AUTO_INCREMENT=8 DEFAULT CHARSET=latin1;
/*!40101 SET character_set_client = @saved_cs_client */;

--
-- Dumping data for table `tipo_propiedad`
--

LOCK TABLES `tipo_propiedad` WRITE;
/*!40000 ALTER TABLE `tipo_propiedad` DISABLE KEYS */;
INSERT INTO `tipo_propiedad` VALUES (1,'Cochera'),(2,'Local'),(3,'Oficina'),(4,'Terreno'),(5,'Industrial'),(6,'Casa'),(7,'Departamento');
/*!40000 ALTER TABLE `tipo_propiedad` ENABLE KEYS */;
UNLOCK TABLES;

--
-- Table structure for table `vendedores`
--

DROP TABLE IF EXISTS `vendedores`;
/*!40101 SET @saved_cs_client     = @@character_set_client */;
/*!40101 SET character_set_client = utf8 */;
CREATE TABLE `vendedores` (
  `id_vendedor` int(10) unsigned NOT NULL AUTO_INCREMENT,
  `nombre` varchar(100) NOT NULL,
  `apellido` varchar(100) NOT NULL,
  PRIMARY KEY (`id_vendedor`)
) ENGINE=InnoDB AUTO_INCREMENT=24 DEFAULT CHARSET=latin1;
/*!40101 SET character_set_client = @saved_cs_client */;

--
-- Dumping data for table `vendedores`
--

LOCK TABLES `vendedores` WRITE;
/*!40000 ALTER TABLE `vendedores` DISABLE KEYS */;
INSERT INTO `vendedores` VALUES (15,'Carmen','López'),(16,'Pedro','Páramo'),(17,'Joaquín','Iriarte'),(18,'Jesús','Méndez'),(19,'María','Liberotti'),(20,'Luisa','Huilque'),(22,'Diego','Zapata'),(23,'Libertad','Pinelli');
/*!40000 ALTER TABLE `vendedores` ENABLE KEYS */;
UNLOCK TABLES;
/*!40103 SET TIME_ZONE=@OLD_TIME_ZONE */;

/*!40101 SET SQL_MODE=@OLD_SQL_MODE */;
/*!40014 SET FOREIGN_KEY_CHECKS=@OLD_FOREIGN_KEY_CHECKS */;
/*!40014 SET UNIQUE_CHECKS=@OLD_UNIQUE_CHECKS */;
/*!40101 SET CHARACTER_SET_CLIENT=@OLD_CHARACTER_SET_CLIENT */;
/*!40101 SET CHARACTER_SET_RESULTS=@OLD_CHARACTER_SET_RESULTS */;
/*!40101 SET COLLATION_CONNECTION=@OLD_COLLATION_CONNECTION */;
/*!40111 SET SQL_NOTES=@OLD_SQL_NOTES */;

-- Dump completed on 2019-04-20 17:33:25
